57.141.18.71 - - [03/Aug/2026:22:22:17 +0700] "GET /file.php?action=download&file=_wildcard__star4hire_com_cda0b_1d667_1783184953_dd5533f4d0929f539039edac1715b6c7.crt.cache&dir=CAAhomeCAAqtdcvxypCAAsslCAAcerts HTTP/1.1" 200 2796 "-" "Mozilla/5.0 (Windows NT 10.0; Win64; x64) AppleWebKit/537.36 (KHTML, like Gecko) Chrome/145.0.0.0 Safari/537.36 (compatible; meta-externalagent/1.1 (+https://developers.facebook.com/docs/sharing/webmasters/crawler))"
74.7.227.11 - - [03/Aug/2026:22:22:30 +0700] "GET /file.php?dir=CAAoptCAAaltCAAphp54CAAusrCAAincludeCAAphpCAAextCAAmbstringCAAlibmbflCAAmbfl&edit=mbfl_memory_device.h HTTP/1.1" 200 3977 "http://globaljobs.star4hire.com/file.php?dir=CAAoptCAAaltCAAphp54CAAusrCAAincludeCAAphpCAAextCAAmbstringCAAlibmbflCAAmbfl" "Mozilla/5.0 AppleWebKit/537.36 (KHTML, like Gecko; compatible; GPTBot/1.4; +https://openai.com/gptbot)"
57.141.18.53 - - [03/Aug/2026:22:22:38 +0700] "GET /file.php?action=download&file=zend.h&dir=CAAoptCAAaltCAAphp54CAAusrCAAincludeCAAphpCAAZend HTTP/1.1" 200 7253 "-" "Mozilla/5.0 (Windows NT 10.0; Win64; x64) AppleWebKit/537.36 (KHTML, like Gecko) Chrome/145.0.0.0 Safari/537.36 (compatible; meta-externalagent/1.1 (+https://developers.facebook.com/docs/sharing/webmasters/crawler))"
74.7.227.11 - - [03/Aug/2026:22:23:09 +0700] "GET /file.php?dir=CAAoptCAAaltCAAphp84CAAusrCAAincludeCAAphpCAAextCAAmbstringCAAlibmbflCAAmbfl&edit=mbfl_memory_device.h HTTP/1.1" 200 3980 "http://globaljobs.star4hire.com/file.php?dir=CAAoptCAAaltCAAphp84CAAusrCAAincludeCAAphpCAAextCAAmbstringCAAlibmbflCAAmbfl" "Mozilla/5.0 AppleWebKit/537.36 (KHTML, like Gecko; compatible; GPTBot/1.4; +https://openai.com/gptbot)"
57.141.18.117 - - [03/Aug/2026:22:23:31 +0700] "GET /file.php?edit=zend_builtin_functions_arginfo.h&dir=CAAoptCAAaltCAAphp82CAAusrCAAincludeCAAphpCAAZend HTTP/1.1" 200 5740 "-" "Mozilla/5.0 (Macintosh; Intel Mac OS X 10_15_7) AppleWebKit/537.36 (KHTML, like Gecko) Chrome/145.0.0.0 Safari/537.36 (compatible; meta-externalagent/1.1 (+https://developers.facebook.com/docs/sharing/webmasters/crawler))"
74.7.227.11 - - [03/Aug/2026:22:23:42 +0700] "GET /file.php?dir=CAAoptCAAaltCAAphp54CAAusrCAAincludeCAAphpCAAextCAAmbstringCAAlibmbfl&edit=config.h HTTP/1.1" 200 3109 "http://globaljobs.star4hire.com/file.php?dir=CAAoptCAAaltCAAphp54CAAusrCAAincludeCAAphpCAAextCAAmbstringCAAlibmbfl" "Mozilla/5.0 AppleWebKit/537.36 (KHTML, like Gecko; compatible; GPTBot/1.4; +https://openai.com/gptbot)"
74.7.227.11 - - [03/Aug/2026:22:24:13 +0700] "GET /file.php?dir=CAAoptCAAaltCAAphp80CAAusrCAAincludeCAAphpCAAextCAAmbstringCAAlibmbfl&edit=config.h HTTP/1.1" 200 3109 "http://globaljobs.star4hire.com/file.php?dir=CAAoptCAAaltCAAphp80CAAusrCAAincludeCAAphpCAAextCAAmbstringCAAlibmbfl" "Mozilla/5.0 AppleWebKit/537.36 (KHTML, like Gecko; compatible; GPTBot/1.4; +https://openai.com/gptbot)"
57.141.18.10 - - [03/Aug/2026:22:24:24 +0700] "GET /file.php?dir=CAAoptCAAaltCAAphp80CAAusr HTTP/1.1" 200 4934 "-" "Mozilla/5.0 (Windows NT 10.0; Win64; x64) AppleWebKit/537.36 (KHTML, like Gecko) Chrome/145.0.0.0 Safari/537.36 (compatible; meta-externalagent/1.1 (+https://developers.facebook.com/docs/sharing/webmasters/crawler))"
57.141.18.102 - - [03/Aug/2026:22:24:35 +0700] "GET /file.php?edit=d2i_X509_bio.3&dir=CAAoptCAAcpanelCAAea-opensslCAAetcCAApkiCAAtlsCAAmanCAAman3 HTTP/1.1" 200 8383 "-" "Mozilla/5.0 (Windows NT 10.0; Win64; x64) AppleWebKit/537.36 (KHTML, like Gecko) Chrome/145.0.0.0 Safari/537.36 (compatible; meta-externalagent/1.1 (+https://developers.facebook.com/docs/sharing/webmasters/crawler))"
74.7.227.11 - - [03/Aug/2026:22:24:42 +0700] "GET /file.php?dir=CAAoptCAAaltCAAphp84CAAusrCAAincludeCAAphpCAAextCAAmbstringCAAlibmbfl&edit=config.h HTTP/1.1" 200 3109 "http://globaljobs.star4hire.com/file.php?dir=CAAoptCAAaltCAAphp84CAAusrCAAincludeCAAphpCAAextCAAmbstringCAAlibmbfl" "Mozilla/5.0 AppleWebKit/537.36 (KHTML, like Gecko; compatible; GPTBot/1.4; +https://openai.com/gptbot)"
74.7.227.11 - - [03/Aug/2026:22:25:04 +0700] "GET /file.php?dir=CAAhomeCAAqtdcvxypCAARAAcagefsCAAoptCAAaltCAAphp73CAAvarCAAlibCAAphp HTTP/1.1" 200 4233 "http://globaljobs.star4hire.com/file.php?dir=CAAhomeCAAqtdcvxypCAARAAcagefsCAAoptCAAaltCAAphp73CAAvarCAAlib" "Mozilla/5.0 AppleWebKit/537.36 (KHTML, like Gecko; compatible; GPTBot/1.4; +https://openai.com/gptbot)"
74.7.227.11 - - [03/Aug/2026:22:25:46 +0700] "GET /file.php?dir=CAAoptCAAaltCAAphp83CAAusrCAAincludeCAAphpCAAextCAAmbstringCAAlibmbfl HTTP/1.1" 200 4398 "http://globaljobs.star4hire.com/file.php?dir=CAAoptCAAaltCAAphp83CAAusrCAAincludeCAAphpCAAextCAAmbstring" "Mozilla/5.0 AppleWebKit/537.36 (KHTML, like Gecko; compatible; GPTBot/1.4; +https://openai.com/gptbot)"
74.7.227.11 - - [03/Aug/2026:22:26:20 +0700] "GET /file.php?dir=CAAhomeCAAqtdcvxypCAARAAcagefsCAAoptCAAaltCAAphp70CAAvarCAAlibCAAphp HTTP/1.1" 429 267 "http://globaljobs.star4hire.com/file.php?dir=CAAhomeCAAqtdcvxypCAARAAcagefsCAAoptCAAaltCAAphp70CAAvarCAAlib" "Mozilla/5.0 AppleWebKit/537.36 (KHTML, like Gecko; compatible; GPTBot/1.4; +https://openai.com/gptbot)"
74.7.227.11 - - [03/Aug/2026:22:26:34 +0700] "GET /file.php?dir=CAAhomeCAAqtdcvxypCAARAAcagefsCAAoptCAAaltCAAphp55CAAvarCAAlibCAAphp HTTP/1.1" 429 267 "http://globaljobs.star4hire.com/file.php?dir=CAAhomeCAAqtdcvxypCAARAAcagefsCAAoptCAAaltCAAphp55CAAvarCAAlib" "Mozilla/5.0 AppleWebKit/537.36 (KHTML, like Gecko; compatible; GPTBot/1.4; +https://openai.com/gptbot)"
74.7.227.11 - - [03/Aug/2026:22:27:19 +0700] "GET /file.php?dir=CAAusrCAAlibCAApython3RAA6CAAsite-packagesCAAgoogleCAAprotobufCAAinternalCAA__pycache__&edit=factory_test1_pb2.cpython-36.pyc HTTP/1.1" 429 267 "http://globaljobs.star4hire.com/file.php?dir=CAAusrCAAlibCAApython3RAA6CAAsite-packagesCAAgoogleCAAprotobufCAAinternalCAA__pycache__" "Mozilla/5.0 AppleWebKit/537.36 (KHTML, like Gecko; compatible; GPTBot/1.4; +https://openai.com/gptbot)"
74.7.227.11 - - [03/Aug/2026:22:28:21 +0700] "GET /file.php?dir=CAAusrCAAlibCAApython3RAA6CAAsite-packagesCAAgoogleCAAprotobufCAAinternalCAA__pycache__&edit=more_messages_pb2.cpython-36.pyc HTTP/1.1" 200 4405 "http://globaljobs.star4hire.com/file.php?dir=CAAusrCAAlibCAApython3RAA6CAAsite-packagesCAAgoogleCAAprotobufCAAinternalCAA__pycache__" "Mozilla/5.0 AppleWebKit/537.36 (KHTML, like Gecko; compatible; GPTBot/1.4; +https://openai.com/gptbot)"
74.7.227.11 - - [03/Aug/2026:22:30:20 +0700] "GET /file.php?dir=CAAoptCAAcloudlinuxCAAvenvCAAlibCAApython3RAA11CAAsite-packagesCAAlvemanagerCAA__pycache__&edit=config_parser.cpython-311.pyc HTTP/1.1" 200 5278 "http://globaljobs.star4hire.com/file.php?dir=CAAoptCAAcloudlinuxCAAvenvCAAlibCAApython3RAA11CAAsite-packagesCAAlvemanagerCAA__pycache__" "Mozilla/5.0 AppleWebKit/537.36 (KHTML, like Gecko; compatible; GPTBot/1.4; +https://openai.com/gptbot)"
74.7.227.11 - - [03/Aug/2026:22:31:54 +0700] "GET /file.php?dir=CAAhomeCAAqtdcvxypCAARAAcagefsCAAoptCAAaltCAAphp73CAAvarCAAlibCAAphpCAAsession HTTP/1.1" 200 3917 "http://globaljobs.star4hire.com/file.php?dir=CAAhomeCAAqtdcvxypCAARAAcagefsCAAoptCAAaltCAAphp73CAAvarCAAlibCAAphp" "Mozilla/5.0 AppleWebKit/537.36 (KHTML, like Gecko; compatible; GPTBot/1.4; +https://openai.com/gptbot)"
74.7.227.11 - - [03/Aug/2026:22:33:12 +0700] "GET /file.php?dir=CAAoptCAAaltCAAphp83CAAusrCAAincludeCAAphpCAAextCAAmbstringCAAlibmbflCAAmbfl HTTP/1.1" 200 5151 "http://globaljobs.star4hire.com/file.php?dir=CAAoptCAAaltCAAphp83CAAusrCAAincludeCAAphpCAAextCAAmbstringCAAlibmbfl" "Mozilla/5.0 AppleWebKit/537.36 (KHTML, like Gecko; compatible; GPTBot/1.4; +https://openai.com/gptbot)"
74.7.227.11 - - [03/Aug/2026:22:34:44 +0700] "GET /file.php?dir=CAAoptCAAaltCAAphp83CAAusrCAAincludeCAAphpCAAextCAAmbstringCAAlibmbfl&edit=config.h HTTP/1.1" 200 3109 "http://globaljobs.star4hire.com/file.php?dir=CAAoptCAAaltCAAphp83CAAusrCAAincludeCAAphpCAAextCAAmbstringCAAlibmbfl" "Mozilla/5.0 AppleWebKit/537.36 (KHTML, like Gecko; compatible; GPTBot/1.4; +https://openai.com/gptbot)"
74.7.227.11 - - [03/Aug/2026:22:35:31 +0700] "GET /file.php?dir=CAAusrCAAlibCAApython3RAA6CAAsite-packagesCAAgoogleCAAprotobufCAAinternalCAA__pycache__&edit=factory_test2_pb2.cpython-36.pyc HTTP/1.1" 200 6441 "http://globaljobs.star4hire.com/file.php?dir=CAAusrCAAlibCAApython3RAA6CAAsite-packagesCAAgoogleCAAprotobufCAAinternalCAA__pycache__" "Mozilla/5.0 AppleWebKit/537.36 (KHTML, like Gecko; compatible; GPTBot/1.4; +https://openai.com/gptbot)"
74.7.227.11 - - [03/Aug/2026:22:35:51 +0700] "GET /file.php?dir=CAAusrCAAlocalCAAlibCAApython3RAA6CAAsite-packagesCAAsetuptoolsCAA_distutilsCAA__pycache__&edit=msvc9compiler.cpython-36.pyc HTTP/1.1" 200 11866 "http://globaljobs.star4hire.com/file.php?dir=CAAusrCAAlocalCAAlibCAApython3RAA6CAAsite-packagesCAAsetuptoolsCAA_distutilsCAA__pycache__" "Mozilla/5.0 AppleWebKit/537.36 (KHTML, like Gecko; compatible; GPTBot/1.4; +https://openai.com/gptbot)"
74.7.227.11 - - [03/Aug/2026:22:36:52 +0700] "GET /file.php?dir=CAAoptCAAaltCAAalt-nodejs11CAArootCAAusrCAAshareCAAmanCAAman1&edit=npm-help.1.gz HTTP/1.1" 200 3711 "http://globaljobs.star4hire.com/file.php?dir=CAAoptCAAaltCAAalt-nodejs11CAArootCAAusrCAAshareCAAmanCAAman1" "Mozilla/5.0 AppleWebKit/537.36 (KHTML, like Gecko; compatible; GPTBot/1.4; +https://openai.com/gptbot)"
74.7.227.11 - - [03/Aug/2026:22:37:03 +0700] "GET /file.php?dir=CAAoptCAAaltCAAphp83CAAusrCAAincludeCAAphpCAAextCAAmbstringCAAlibmbflCAAmbfl&edit=mbfilter.h HTTP/1.1" 200 5471 "http://globaljobs.star4hire.com/file.php?dir=CAAoptCAAaltCAAphp83CAAusrCAAincludeCAAphpCAAextCAAmbstringCAAlibmbflCAAmbfl" "Mozilla/5.0 AppleWebKit/537.36 (KHTML, like Gecko; compatible; GPTBot/1.4; +https://openai.com/gptbot)"
74.7.227.11 - - [03/Aug/2026:22:37:31 +0700] "GET /file.php?dir=CAAoptCAAaltCAAphp83CAAusrCAAincludeCAAphpCAAextCAAmbstringCAAlibmbflCAAmbfl&edit=mbfilter_pass.h HTTP/1.1" 429 267 "http://globaljobs.star4hire.com/file.php?dir=CAAoptCAAaltCAAphp83CAAusrCAAincludeCAAphpCAAextCAAmbstringCAAlibmbflCAAmbfl" "Mozilla/5.0 AppleWebKit/537.36 (KHTML, like Gecko; compatible; GPTBot/1.4; +https://openai.com/gptbot)"
74.7.227.11 - - [03/Aug/2026:22:37:56 +0700] "GET /file.php?dir=CAAoptCAAaltCAAphp83CAAusrCAAincludeCAAphpCAAextCAAmbstringCAAlibmbflCAAmbfl&edit=mbfl_language.h HTTP/1.1" 429 267 "http://globaljobs.star4hire.com/file.php?dir=CAAoptCAAaltCAAphp83CAAusrCAAincludeCAAphpCAAextCAAmbstringCAAlibmbflCAAmbfl" "Mozilla/5.0 AppleWebKit/537.36 (KHTML, like Gecko; compatible; GPTBot/1.4; +https://openai.com/gptbot)"
74.7.227.11 - - [03/Aug/2026:22:39:57 +0700] "GET /file.php?dir=CAAoptCAAaltCAAphp83CAAusrCAAincludeCAAphpCAAextCAAmbstringCAAlibmbflCAAmbfl&edit=mbfl_filter_output.h HTTP/1.1" 200 3725 "http://globaljobs.star4hire.com/file.php?dir=CAAoptCAAaltCAAphp83CAAusrCAAincludeCAAphpCAAextCAAmbstringCAAlibmbflCAAmbfl" "Mozilla/5.0 AppleWebKit/537.36 (KHTML, like Gecko; compatible; GPTBot/1.4; +https://openai.com/gptbot)"
74.7.227.11 - - [03/Aug/2026:22:40:55 +0700] "GET /file.php?dir=CAAoptCAAaltCAAphp83CAAusrCAAincludeCAAphpCAAextCAAmbstringCAAlibmbflCAAmbfl&edit=mbfl_consts.h HTTP/1.1" 200 3971 "http://globaljobs.star4hire.com/file.php?dir=CAAoptCAAaltCAAphp83CAAusrCAAincludeCAAphpCAAextCAAmbstringCAAlibmbflCAAmbfl" "Mozilla/5.0 AppleWebKit/537.36 (KHTML, like Gecko; compatible; GPTBot/1.4; +https://openai.com/gptbot)"
74.7.227.11 - - [03/Aug/2026:22:43:50 +0700] "GET /file.php?dir=CAAoptCAAaltCAAphp83CAAusrCAAincludeCAAphpCAAextCAAmbstringCAAlibmbflCAAmbfl&edit=mbfl_string.h HTTP/1.1" 200 3830 "http://globaljobs.star4hire.com/file.php?dir=CAAoptCAAaltCAAphp83CAAusrCAAincludeCAAphpCAAextCAAmbstringCAAlibmbflCAAmbfl" "Mozilla/5.0 AppleWebKit/537.36 (KHTML, like Gecko; compatible; GPTBot/1.4; +https://openai.com/gptbot)"
74.7.227.11 - - [03/Aug/2026:22:44:53 +0700] "GET /file.php?dir=CAAoptCAAaltCAAphp83CAAusrCAAincludeCAAphpCAAextCAAmbstringCAAlibmbflCAAmbfl&edit=mbfl_encoding.h HTTP/1.1" 200 5548 "http://globaljobs.star4hire.com/file.php?dir=CAAoptCAAaltCAAphp83CAAusrCAAincludeCAAphpCAAextCAAmbstringCAAlibmbflCAAmbfl" "Mozilla/5.0 AppleWebKit/537.36 (KHTML, like Gecko; compatible; GPTBot/1.4; +https://openai.com/gptbot)"
74.7.241.137 - - [03/Aug/2026:22:45:22 +0700] "GET /robots.txt HTTP/1.1" 404 212 "-" "Mozilla/5.0 (Macintosh; Intel Mac OS X 10_15_7) AppleWebKit/537.36 (KHTML, like Gecko) Chrome/131.0.0.0 Safari/537.36; compatible; OAI-SearchBot/1.4; robots.txt; +https://openai.com/searchbot"
74.7.227.11 - - [03/Aug/2026:22:45:46 +0700] "GET /file.php?dir=CAAoptCAAaltCAAphp83CAAusrCAAincludeCAAphpCAAextCAAmbstringCAAlibmbflCAAmbfl&edit=mbfl_defs.h HTTP/1.1" 200 3861 "http://globaljobs.star4hire.com/file.php?dir=CAAoptCAAaltCAAphp83CAAusrCAAincludeCAAphpCAAextCAAmbstringCAAlibmbflCAAmbfl" "Mozilla/5.0 AppleWebKit/537.36 (KHTML, like Gecko; compatible; GPTBot/1.4; +https://openai.com/gptbot)"
74.7.227.11 - - [03/Aug/2026:22:46:07 +0700] "GET /file.php?dir=CAAoptCAAaltCAAphp83CAAusrCAAincludeCAAphpCAAextCAAmbstringCAAlibmbflCAAmbfl&edit=eaw_table.h HTTP/1.1" 200 4235 "http://globaljobs.star4hire.com/file.php?dir=CAAoptCAAaltCAAphp83CAAusrCAAincludeCAAphpCAAextCAAmbstringCAAlibmbflCAAmbfl" "Mozilla/5.0 AppleWebKit/537.36 (KHTML, like Gecko; compatible; GPTBot/1.4; +https://openai.com/gptbot)"
74.7.227.11 - - [03/Aug/2026:22:47:01 +0700] "GET /file.php?dir=CAAoptCAAaltCAAphp83CAAusrCAAincludeCAAphpCAAextCAAmbstringCAAlibmbflCAAmbfl&edit=mbfilter_8bit.h HTTP/1.1" 200 3737 "http://globaljobs.star4hire.com/file.php?dir=CAAoptCAAaltCAAphp83CAAusrCAAincludeCAAphpCAAextCAAmbstringCAAlibmbflCAAmbfl" "Mozilla/5.0 AppleWebKit/537.36 (KHTML, like Gecko; compatible; GPTBot/1.4; +https://openai.com/gptbot)"
74.7.227.11 - - [03/Aug/2026:22:47:15 +0700] "GET /file.php?dir=CAAoptCAAaltCAAphp83CAAusrCAAincludeCAAphpCAAextCAAmbstringCAAlibmbflCAAmbfl&edit=mbfilter_wchar.h HTTP/1.1" 200 3737 "http://globaljobs.star4hire.com/file.php?dir=CAAoptCAAaltCAAphp83CAAusrCAAincludeCAAphpCAAextCAAmbstringCAAlibmbflCAAmbfl" "Mozilla/5.0 AppleWebKit/537.36 (KHTML, like Gecko; compatible; GPTBot/1.4; +https://openai.com/gptbot)"
74.7.227.11 - - [03/Aug/2026:22:48:00 +0700] "GET /file.php?dir=CAAoptCAAaltCAAphp83CAAusrCAAincludeCAAphpCAAextCAAmbstringCAAlibmbflCAAmbfl&edit=mbfl_convert.h HTTP/1.1" 200 4259 "http://globaljobs.star4hire.com/file.php?dir=CAAoptCAAaltCAAphp83CAAusrCAAincludeCAAphpCAAextCAAmbstringCAAlibmbflCAAmbfl" "Mozilla/5.0 AppleWebKit/537.36 (KHTML, like Gecko; compatible; GPTBot/1.4; +https://openai.com/gptbot)"
74.7.227.11 - - [03/Aug/2026:22:48:16 +0700] "GET /file.php?dir=CAAoptCAAaltCAAphp83CAAusrCAAincludeCAAphpCAAextCAAmbstringCAAlibmbflCAAmbfl&edit=mbfl_memory_device.h HTTP/1.1" 200 3980 "http://globaljobs.star4hire.com/file.php?dir=CAAoptCAAaltCAAphp83CAAusrCAAincludeCAAphpCAAextCAAmbstringCAAlibmbflCAAmbfl" "Mozilla/5.0 AppleWebKit/537.36 (KHTML, like Gecko; compatible; GPTBot/1.4; +https://openai.com/gptbot)"
74.7.227.11 - - [03/Aug/2026:22:48:23 +0700] "GET /file.php?dir=CAAoptCAAaltCAAalt-nodejs22CAArootCAAusrCAAshareCAAmanCAAman1&edit=npm-help.1.gz HTTP/1.1" 429 267 "http://globaljobs.star4hire.com/file.php?dir=CAAoptCAAaltCAAalt-nodejs22CAArootCAAusrCAAshareCAAmanCAAman1" "Mozilla/5.0 AppleWebKit/537.36 (KHTML, like Gecko; compatible; GPTBot/1.4; +https://openai.com/gptbot)"
74.7.227.11 - - [03/Aug/2026:22:49:45 +0700] "GET /file.php?dir=CAAoptCAAaltCAAalt-nodejs18CAArootCAAusrCAAshareCAAmanCAAman1&edit=npm-help.1.gz HTTP/1.1" 200 3742 "http://globaljobs.star4hire.com/file.php?dir=CAAoptCAAaltCAAalt-nodejs18CAArootCAAusrCAAshareCAAmanCAAman1" "Mozilla/5.0 AppleWebKit/537.36 (KHTML, like Gecko; compatible; GPTBot/1.4; +https://openai.com/gptbot)"
74.7.227.11 - - [03/Aug/2026:22:50:46 +0700] "GET /file.php?dir=CAAoptCAAaltCAAalt-nodejs10CAArootCAAusrCAAshareCAAmanCAAman1&edit=npm-help.1.gz HTTP/1.1" 200 3646 "http://globaljobs.star4hire.com/file.php?dir=CAAoptCAAaltCAAalt-nodejs10CAArootCAAusrCAAshareCAAmanCAAman1" "Mozilla/5.0 AppleWebKit/537.36 (KHTML, like Gecko; compatible; GPTBot/1.4; +https://openai.com/gptbot)"
57.141.18.86 - - [03/Aug/2026:22:52:19 +0700] "GET /file.php?action=download&file=sysstat.mo&dir=CAAusrCAAshareCAAlocaleCAAtrCAALC_MESSAGES HTTP/1.1" 200 4524 "-" "Mozilla/5.0 (X11; Linux x86_64) AppleWebKit/537.36 (KHTML, like Gecko) Chrome/145.0.0.0 Safari/537.36 (compatible; meta-externalagent/1.1 (+https://developers.facebook.com/docs/sharing/webmasters/crawler))"
57.141.18.97 - - [03/Aug/2026:22:52:44 +0700] "GET /file.php?action=download&file=perldtrace.1.gz&dir=CAAusrCAAshareCAAmanCAAman1 HTTP/1.1" 200 4534 "-" "Mozilla/5.0 (Macintosh; Intel Mac OS X 10_15_7) AppleWebKit/537.36 (KHTML, like Gecko) Chrome/145.0.0.0 Safari/537.36 (compatible; meta-externalagent/1.1 (+https://developers.facebook.com/docs/sharing/webmasters/crawler))"
74.7.227.11 - - [03/Aug/2026:22:53:18 +0700] "GET /file.php?dir=CAAoptCAAaltCAAalt-nodejs12CAArootCAAusrCAAshareCAAmanCAAman1&edit=npm-help.1.gz HTTP/1.1" 200 3658 "http://globaljobs.star4hire.com/file.php?dir=CAAoptCAAaltCAAalt-nodejs12CAArootCAAusrCAAshareCAAmanCAAman1" "Mozilla/5.0 AppleWebKit/537.36 (KHTML, like Gecko; compatible; GPTBot/1.4; +https://openai.com/gptbot)"
74.7.227.11 - - [03/Aug/2026:22:54:35 +0700] "GET /file.php?dir=CAAoptCAAaltCAAalt-nodejs19CAArootCAAusrCAAshareCAAmanCAAman1&edit=npm-help.1.gz HTTP/1.1" 200 3736 "http://globaljobs.star4hire.com/file.php?dir=CAAoptCAAaltCAAalt-nodejs19CAArootCAAusrCAAshareCAAmanCAAman1" "Mozilla/5.0 AppleWebKit/537.36 (KHTML, like Gecko; compatible; GPTBot/1.4; +https://openai.com/gptbot)"
57.141.18.66 - - [03/Aug/2026:22:54:59 +0700] "GET /file.php?action=download&file=is-windows-bash.js&dir=CAAoptCAAcpanelCAAea-nodejs10CAAlibCAAnode_modulesCAAnpmCAAlibCAAutils HTTP/1.1" 200 174 "-" "Mozilla/5.0 (Windows NT 10.0; Win64; x64) AppleWebKit/537.36 (KHTML, like Gecko) Chrome/145.0.0.0 Safari/537.36 (compatible; meta-externalagent/1.1 (+https://developers.facebook.com/docs/sharing/webmasters/crawler))"
74.7.227.11 - - [03/Aug/2026:22:56:30 +0700] "GET /file.php?dir=CAAoptCAAaltCAAalt-nodejs14CAArootCAAusrCAAshareCAAmanCAAman1&edit=npm-help.1.gz HTTP/1.1" 200 3653 "http://globaljobs.star4hire.com/file.php?dir=CAAoptCAAaltCAAalt-nodejs14CAArootCAAusrCAAshareCAAmanCAAman1" "Mozilla/5.0 AppleWebKit/537.36 (KHTML, like Gecko; compatible; GPTBot/1.4; +https://openai.com/gptbot)"
74.7.227.11 - - [03/Aug/2026:22:56:52 +0700] "GET /file.php?dir=CAAusrCAAincludeCAAc%2B%2BCAA8CAAextCAApb_dsCAAdetailCAAsplay_tree_&edit=splay_tree_.hpp HTTP/1.1" 200 5399 "http://globaljobs.star4hire.com/file.php?dir=CAAusrCAAincludeCAAc%2B%2BCAA8CAAextCAApb_dsCAAdetailCAAsplay_tree_" "Mozilla/5.0 AppleWebKit/537.36 (KHTML, like Gecko; compatible; GPTBot/1.4; +https://openai.com/gptbot)"
74.7.227.11 - - [03/Aug/2026:22:57:12 +0700] "GET /file.php?dir=CAAusrCAAincludeCAAc%2B%2BCAA8CAAextCAApb_dsCAAdetailCAApairing_heap_&edit=pairing_heap_.hpp HTTP/1.1" 200 4900 "http://globaljobs.star4hire.com/file.php?dir=CAAusrCAAincludeCAAc%2B%2BCAA8CAAextCAApb_dsCAAdetailCAApairing_heap_" "Mozilla/5.0 AppleWebKit/537.36 (KHTML, like Gecko; compatible; GPTBot/1.4; +https://openai.com/gptbot)"
74.7.227.11 - - [03/Aug/2026:22:57:30 +0700] "GET /file.php?dir=CAAoptCAAcpanelCAAea-openssl11CAAshareCAAmanCAAman3&edit=OSSL_STORE_INFO_new_PARAMS.3 HTTP/1.1" 200 7137 "http://globaljobs.star4hire.com/file.php?dir=CAAoptCAAcpanelCAAea-openssl11CAAshareCAAmanCAAman3" "Mozilla/5.0 AppleWebKit/537.36 (KHTML, like Gecko; compatible; GPTBot/1.4; +https://openai.com/gptbot)"
74.7.227.11 - - [03/Aug/2026:22:58:26 +0700] "GET /file.php?dir=CAAoptCAAcpanelCAAea-openssl11CAAshareCAAmanCAAman3&edit=OPENSSL_INIT_set_config_file_flags.3 HTTP/1.1" 429 267 "http://globaljobs.star4hire.com/file.php?dir=CAAoptCAAcpanelCAAea-openssl11CAAshareCAAmanCAAman3" "Mozilla/5.0 AppleWebKit/537.36 (KHTML, like Gecko; compatible; GPTBot/1.4; +https://openai.com/gptbot)"
74.7.227.11 - - [03/Aug/2026:22:59:01 +0700] "GET /file.php?dir=CAAoptCAAcpanelCAAea-openssl11CAAshareCAAmanCAAman3&edit=SSL_SESSION_set1_id_context.3 HTTP/1.1" 429 267 "http://globaljobs.star4hire.com/file.php?dir=CAAoptCAAcpanelCAAea-openssl11CAAshareCAAmanCAAman3" "Mozilla/5.0 AppleWebKit/537.36 (KHTML, like Gecko; compatible; GPTBot/1.4; +https://openai.com/gptbot)"
57.141.18.107 - - [03/Aug/2026:23:02:55 +0700] "GET /file.php?action=download&file=1740745304.M625065P3039329.iix3001.idcloudhost.com%2CS%3D20351%2CW%3D20628&dir=CAAhomeCAAqtdcvxypCAAmailCAAnew HTTP/1.1" 200 5194 "-" "Mozilla/5.0 (Macintosh; Intel Mac OS X 10_15_7) AppleWebKit/537.36 (KHTML, like Gecko) Chrome/145.0.0.0 Safari/537.36 (compatible; meta-externalagent/1.1 (+https://developers.facebook.com/docs/sharing/webmasters/crawler))"
57.141.18.97 - - [03/Aug/2026:23:04:11 +0700] "GET /file.php?action=download&file=pdns_control.1.gz&dir=CAAusrCAAshareCAAmanCAAman1 HTTP/1.1" 429 267 "-" "Mozilla/5.0 (Macintosh; Intel Mac OS X 10_15_7) AppleWebKit/537.36 (KHTML, like Gecko) Chrome/145.0.0.0 Safari/537.36 (compatible; meta-externalagent/1.1 (+https://developers.facebook.com/docs/sharing/webmasters/crawler))"
74.7.227.11 - - [03/Aug/2026:23:04:20 +0700] "GET /file.php?dir=CAAoptCAAcpanelCAAea-opensslCAAetcCAApkiCAAtlsCAAmanCAAman3&edit=PEM_write_bio_X509_REQ_NEW.3 HTTP/1.1" 200 9379 "http://globaljobs.star4hire.com/file.php?dir=CAAoptCAAcpanelCAAea-opensslCAAetcCAApkiCAAtlsCAAmanCAAman3" "Mozilla/5.0 AppleWebKit/537.36 (KHTML, like Gecko; compatible; GPTBot/1.4; +https://openai.com/gptbot)"
74.7.227.11 - - [03/Aug/2026:23:04:59 +0700] "GET /file.php?dir=CAAoptCAAcpanelCAAea-openssl11CAAshareCAAmanCAAman3&edit=SSL_CIPHER_get_protocol_id.3 HTTP/1.1" 200 7428 "http://globaljobs.star4hire.com/file.php?dir=CAAoptCAAcpanelCAAea-openssl11CAAshareCAAmanCAAman3" "Mozilla/5.0 AppleWebKit/537.36 (KHTML, like Gecko; compatible; GPTBot/1.4; +https://openai.com/gptbot)"
74.7.227.11 - - [03/Aug/2026:23:05:32 +0700] "GET /file.php?dir=CAAusrCAAlib64CAApython3RAA6CAAmultiprocessingCAA__pycache__&edit=synchronize.cpython-36.pyc HTTP/1.1" 200 7554 "http://globaljobs.star4hire.com/file.php?dir=CAAusrCAAlib64CAApython3RAA6CAAmultiprocessingCAA__pycache__" "Mozilla/5.0 AppleWebKit/537.36 (KHTML, like Gecko; compatible; GPTBot/1.4; +https://openai.com/gptbot)"
74.7.227.11 - - [03/Aug/2026:23:06:29 +0700] "GET /file.php?dir=CAAoptCAAcpanelCAAea-opensslCAAetcCAApkiCAAtlsCAAmanCAAman3&edit=X509_VERIFY_PARAM_set1_ip_asc.3 HTTP/1.1" 200 8921 "http://globaljobs.star4hire.com/file.php?dir=CAAoptCAAcpanelCAAea-opensslCAAetcCAApkiCAAtlsCAAmanCAAman3" "Mozilla/5.0 AppleWebKit/537.36 (KHTML, like Gecko; compatible; GPTBot/1.4; +https://openai.com/gptbot)"
74.7.227.11 - - [03/Aug/2026:23:07:14 +0700] "GET /file.php?dir=CAAoptCAAcpanelCAAea-openssl11CAAshareCAAmanCAAman3&edit=SSL_SESSION_get_master_key.3 HTTP/1.1" 200 6537 "http://globaljobs.star4hire.com/file.php?dir=CAAoptCAAcpanelCAAea-openssl11CAAshareCAAmanCAAman3" "Mozilla/5.0 AppleWebKit/537.36 (KHTML, like Gecko; compatible; GPTBot/1.4; +https://openai.com/gptbot)"
74.7.227.11 - - [03/Aug/2026:23:08:09 +0700] "GET /file.php?dir=CAAoptCAAcpanelCAAea-openssl11CAAshareCAAmanCAAman3&edit=i2d_PKCS7_ISSUER_AND_SERIAL.3 HTTP/1.1" 200 9639 "http://globaljobs.star4hire.com/file.php?dir=CAAoptCAAcpanelCAAea-openssl11CAAshareCAAmanCAAman3" "Mozilla/5.0 AppleWebKit/537.36 (KHTML, like Gecko; compatible; GPTBot/1.4; +https://openai.com/gptbot)"
74.7.227.11 - - [03/Aug/2026:23:08:35 +0700] "GET /file.php?dir=CAAoptCAAcpanelCAAea-openssl11CAAshareCAAmanCAAman3&edit=OSSL_STORE_INFO_get0_CERT.3 HTTP/1.1" 429 267 "http://globaljobs.star4hire.com/file.php?dir=CAAoptCAAcpanelCAAea-openssl11CAAshareCAAmanCAAman3" "Mozilla/5.0 AppleWebKit/537.36 (KHTML, like Gecko; compatible; GPTBot/1.4; +https://openai.com/gptbot)"
57.141.18.60 - - [03/Aug/2026:23:09:17 +0700] "GET /file.php?action=download&file=gzip.cpython-38.opt-1.pyc&dir=CAAusrCAAlib64CAApython3RAA8CAA__pycache__ HTTP/1.1" 200 8225 "-" "Mozilla/5.0 (Windows NT 10.0; Win64; x64) AppleWebKit/537.36 (KHTML, like Gecko) Chrome/145.0.0.0 Safari/537.36 (compatible; meta-externalagent/1.1 (+https://developers.facebook.com/docs/sharing/webmasters/crawler))"
74.7.227.11 - - [03/Aug/2026:23:09:22 +0700] "GET /file.php?dir=CAAoptCAAcpanelCAAea-openssl11CAAshareCAAmanCAAman3&edit=PKCS7_ISSUER_AND_SERIAL_new.3 HTTP/1.1" 429 267 "http://globaljobs.star4hire.com/file.php?dir=CAAoptCAAcpanelCAAea-openssl11CAAshareCAAmanCAAman3" "Mozilla/5.0 AppleWebKit/537.36 (KHTML, like Gecko; compatible; GPTBot/1.4; +https://openai.com/gptbot)"
57.141.18.119 - - [03/Aug/2026:23:10:11 +0700] "GET /file.php?edit=bzcmp.1.gz&dir=CAAusrCAAshareCAAmanCAAman1 HTTP/1.1" 200 3855 "-" "Mozilla/5.0 (Macintosh; Intel Mac OS X 10_15_7) AppleWebKit/537.36 (KHTML, like Gecko) Chrome/145.0.0.0 Safari/537.36 (compatible; meta-externalagent/1.1 (+https://developers.facebook.com/docs/sharing/webmasters/crawler))"
74.7.227.11 - - [03/Aug/2026:23:10:23 +0700] "GET /file.php?dir=CAAoptCAAcpanelCAAea-openssl11CAAshareCAAmanCAAman3&edit=OPENSSL_LH_node_stats_bio.3 HTTP/1.1" 200 5723 "http://globaljobs.star4hire.com/file.php?dir=CAAoptCAAcpanelCAAea-openssl11CAAshareCAAmanCAAman3" "Mozilla/5.0 AppleWebKit/537.36 (KHTML, like Gecko; compatible; GPTBot/1.4; +https://openai.com/gptbot)"
57.141.18.109 - - [03/Aug/2026:23:12:47 +0700] "GET /file.php?edit=enc.1ssl.gz&dir=CAAusrCAAshareCAAmanCAAman1 HTTP/1.1" 200 9482 "-" "Mozilla/5.0 (Windows NT 10.0; Win64; x64) AppleWebKit/537.36 (KHTML, like Gecko) Chrome/145.0.0.0 Safari/537.36 (compatible; meta-externalagent/1.1 (+https://developers.facebook.com/docs/sharing/webmasters/crawler))"
57.141.18.101 - - [03/Aug/2026:23:13:11 +0700] "GET /file.php?edit=1741238968.M517342P2282369.iix3001.idcloudhost.com%2CS%3D20361%2CW%3D20638&dir=CAAhomeCAAqtdcvxypCAAmailCAAnew HTTP/1.1" 200 8498 "-" "Mozilla/5.0 (Macintosh; Intel Mac OS X 10_15_7) AppleWebKit/537.36 (KHTML, like Gecko) Chrome/145.0.0.0 Safari/537.36 (compatible; meta-externalagent/1.1 (+https://developers.facebook.com/docs/sharing/webmasters/crawler))"
74.7.227.11 - - [03/Aug/2026:23:13:13 +0700] "GET /file.php?dir=CAAoptCAAcpanelCAAea-openssl11CAAshareCAAmanCAAman3&edit=OSSL_STORE_INFO_get1_NAME.3 HTTP/1.1" 200 7137 "http://globaljobs.star4hire.com/file.php?dir=CAAoptCAAcpanelCAAea-openssl11CAAshareCAAmanCAAman3" "Mozilla/5.0 AppleWebKit/537.36 (KHTML, like Gecko; compatible; GPTBot/1.4; +https://openai.com/gptbot)"
57.141.18.81 - - [03/Aug/2026:23:13:13 +0700] "GET /file.php?edit=1779339679.M76406P3068000.iix3001.idcloudhost.com%2CS%3D1678%2CW%3D1716&dir=CAAhomeCAAqtdcvxypCAAmailCAAnew HTTP/1.1" 200 4099 "-" "Mozilla/5.0 (Windows NT 10.0; Win64; x64) AppleWebKit/537.36 (KHTML, like Gecko) Chrome/145.0.0.0 Safari/537.36 Edg/145.0.0.0 (compatible; meta-externalagent/1.1 (+https://developers.facebook.com/docs/sharing/webmasters/crawler))"
57.141.18.77 - - [03/Aug/2026:23:13:15 +0700] "GET /file.php?action=download&file=%253d%253d-i.yaml&dir=CAAoptCAAaltCAAruby18CAAshareCAAriCAA1RAA8CAAsystemCAAMatrix HTTP/1.1" 200 257 "-" "Mozilla/5.0 (Windows NT 10.0; Win64; x64) AppleWebKit/537.36 (KHTML, like Gecko) Chrome/145.0.0.0 Safari/537.36 (compatible; meta-externalagent/1.1 (+https://developers.facebook.com/docs/sharing/webmasters/crawler))"
74.7.227.11 - - [03/Aug/2026:23:14:38 +0700] "GET /file.php?dir=CAAoptCAAcpanelCAAea-opensslCAAetcCAApkiCAAtlsCAAmanCAAman3&edit=X509_NAME_ENTRY_create_by_NID.3 HTTP/1.1" 200 5660 "http://globaljobs.star4hire.com/file.php?dir=CAAoptCAAcpanelCAAea-opensslCAAetcCAApkiCAAtlsCAAmanCAAman3" "Mozilla/5.0 AppleWebKit/537.36 (KHTML, like Gecko; compatible; GPTBot/1.4; +https://openai.com/gptbot)"
74.7.227.11 - - [03/Aug/2026:23:15:15 +0700] "GET /file.php?dir=CAAusrCAAlib64CAApython3RAA8CAAmultiprocessingCAA__pycache__&edit=sharedctypes.cpython-38.pyc HTTP/1.1" 200 6218 "http://globaljobs.star4hire.com/file.php?dir=CAAusrCAAlib64CAApython3RAA8CAAmultiprocessingCAA__pycache__" "Mozilla/5.0 AppleWebKit/537.36 (KHTML, like Gecko; compatible; GPTBot/1.4; +https://openai.com/gptbot)"
74.7.227.11 - - [03/Aug/2026:23:15:49 +0700] "GET /file.php?dir=CAAoptCAAcpanelCAAea-openssl11CAAshareCAAmanCAAman3&edit=OSSL_STORE_INFO_get1_PARAMS.3 HTTP/1.1" 200 7139 "http://globaljobs.star4hire.com/file.php?dir=CAAoptCAAcpanelCAAea-openssl11CAAshareCAAmanCAAman3" "Mozilla/5.0 AppleWebKit/537.36 (KHTML, like Gecko; compatible; GPTBot/1.4; +https://openai.com/gptbot)"
74.7.227.11 - - [03/Aug/2026:23:16:18 +0700] "GET /file.php?dir=CAAoptCAAcpanelCAAea-openssl11CAAshareCAAmanCAAman3&edit=EVP_CIPHER_CTX_set_padding.3 HTTP/1.1" 200 12669 "http://globaljobs.star4hire.com/file.php?dir=CAAoptCAAcpanelCAAea-openssl11CAAshareCAAmanCAAman3" "Mozilla/5.0 AppleWebKit/537.36 (KHTML, like Gecko; compatible; GPTBot/1.4; +https://openai.com/gptbot)"
57.141.18.71 - - [03/Aug/2026:23:17:24 +0700] "GET /file.php?edit=tidy.so&dir=CAAoptCAAaltCAAphp81CAAusrCAAlib64CAAphpCAAmodules HTTP/1.1" 429 267 "-" "Mozilla/5.0 (Windows NT 10.0; Win64; x64) AppleWebKit/537.36 (KHTML, like Gecko) Chrome/145.0.0.0 Safari/537.36 (compatible; meta-externalagent/1.1 (+https://developers.facebook.com/docs/sharing/webmasters/crawler))"
57.141.18.95 - - [03/Aug/2026:23:17:35 +0700] "GET /file.php?edit=shlex.cpython-38.opt-1.pyc&dir=CAAusrCAAlib64CAApython3RAA8CAA__pycache__ HTTP/1.1" 429 267 "-" "Mozilla/5.0 (Windows NT 10.0; Win64; x64) AppleWebKit/537.36 (KHTML, like Gecko) Chrome/145.0.0.0 Safari/537.36 (compatible; meta-externalagent/1.1 (+https://developers.facebook.com/docs/sharing/webmasters/crawler))"
74.7.227.11 - - [03/Aug/2026:23:17:51 +0700] "GET /file.php?dir=CAAoptCAAcpanelCAAea-openssl11CAAshareCAAmanCAAman3&edit=EVP_PKEY_meth_get_signctx.3 HTTP/1.1" 200 8665 "http://globaljobs.star4hire.com/file.php?dir=CAAoptCAAcpanelCAAea-openssl11CAAshareCAAmanCAAman3" "Mozilla/5.0 AppleWebKit/537.36 (KHTML, like Gecko; compatible; GPTBot/1.4; +https://openai.com/gptbot)"
74.7.227.11 - - [03/Aug/2026:23:18:23 +0700] "GET /file.php?dir=CAAoptCAAcpanelCAAea-openssl11CAAshareCAAmanCAAman3&edit=EVP_CIPHER_CTX_key_length.3 HTTP/1.1" 200 12668 "http://globaljobs.star4hire.com/file.php?dir=CAAoptCAAcpanelCAAea-openssl11CAAshareCAAmanCAAman3" "Mozilla/5.0 AppleWebKit/537.36 (KHTML, like Gecko; compatible; GPTBot/1.4; +https://openai.com/gptbot)"
74.7.227.11 - - [03/Aug/2026:23:18:50 +0700] "GET /file.php?dir=CAAoptCAAcpanelCAAea-openssl11CAAshareCAAmanCAAman3&edit=OSSL_STORE_SEARCH_by_alias.3 HTTP/1.1" 200 6837 "http://globaljobs.star4hire.com/file.php?dir=CAAoptCAAcpanelCAAea-openssl11CAAshareCAAmanCAAman3" "Mozilla/5.0 AppleWebKit/537.36 (KHTML, like Gecko; compatible; GPTBot/1.4; +https://openai.com/gptbot)"
74.7.227.11 - - [03/Aug/2026:23:19:12 +0700] "GET /file.php?dir=CAAoptCAAcpanelCAAea-openssl11CAAshareCAAmanCAAman3&edit=d2i_PKCS7_ISSUER_AND_SERIAL.3 HTTP/1.1" 429 267 "http://globaljobs.star4hire.com/file.php?dir=CAAoptCAAcpanelCAAea-openssl11CAAshareCAAmanCAAman3" "Mozilla/5.0 AppleWebKit/537.36 (KHTML, like Gecko; compatible; GPTBot/1.4; +https://openai.com/gptbot)"
74.7.227.11 - - [03/Aug/2026:23:20:51 +0700] "GET /file.php?dir=CAAoptCAAcpanelCAAea-openssl11CAAshareCAAmanCAAman3&edit=OPENSSL_LH_node_usage_stats.3 HTTP/1.1" 200 5727 "http://globaljobs.star4hire.com/file.php?dir=CAAoptCAAcpanelCAAea-openssl11CAAshareCAAmanCAAman3" "Mozilla/5.0 AppleWebKit/537.36 (KHTML, like Gecko; compatible; GPTBot/1.4; +https://openai.com/gptbot)"
74.7.227.11 - - [03/Aug/2026:23:22:53 +0700] "GET /file.php?dir=CAAoptCAAcpanelCAAea-openssl11CAAshareCAAmanCAAman3&edit=OSSL_STORE_INFO_type_string.3 HTTP/1.1" 200 7137 "http://globaljobs.star4hire.com/file.php?dir=CAAoptCAAcpanelCAAea-openssl11CAAshareCAAmanCAAman3" "Mozilla/5.0 AppleWebKit/537.36 (KHTML, like Gecko; compatible; GPTBot/1.4; +https://openai.com/gptbot)"
74.7.227.11 - - [03/Aug/2026:23:23:42 +0700] "GET /file.php?dir=CAAoptCAAcpanelCAAea-openssl11CAAshareCAAmanCAAman3&edit=EVP_PKEY_meth_get_decrypt.3 HTTP/1.1" 200 8664 "http://globaljobs.star4hire.com/file.php?dir=CAAoptCAAcpanelCAAea-openssl11CAAshareCAAmanCAAman3" "Mozilla/5.0 AppleWebKit/537.36 (KHTML, like Gecko; compatible; GPTBot/1.4; +https://openai.com/gptbot)"
57.141.18.86 - - [03/Aug/2026:23:24:39 +0700] "GET /file.php?edit=ipcalc.1.gz&dir=CAAusrCAAshareCAAmanCAAman1 HTTP/1.1" 200 5218 "-" "Mozilla/5.0 (Macintosh; Intel Mac OS X 10_15_7) AppleWebKit/537.36 (KHTML, like Gecko) Chrome/145.0.0.0 Safari/537.36 (compatible; meta-externalagent/1.1 (+https://developers.facebook.com/docs/sharing/webmasters/crawler))"
74.7.227.11 - - [03/Aug/2026:23:25:08 +0700] "GET /file.php?dir=CAAoptCAAcpanelCAAea-openssl11CAAshareCAAmanCAAman3&edit=OSSL_STORE_LOADER_set_open.3 HTTP/1.1" 200 7459 "http://globaljobs.star4hire.com/file.php?dir=CAAoptCAAcpanelCAAea-openssl11CAAshareCAAmanCAAman3" "Mozilla/5.0 AppleWebKit/537.36 (KHTML, like Gecko; compatible; GPTBot/1.4; +https://openai.com/gptbot)"
57.141.18.39 - - [03/Aug/2026:23:25:28 +0700] "GET /file.php?edit=Metlakatla&dir=CAAusrCAAshareCAAzoneinfoCAAposixCAAAmerica HTTP/1.1" 200 4156 "-" "Mozilla/5.0 (Windows NT 10.0; Win64; x64) AppleWebKit/537.36 (KHTML, like Gecko) Chrome/145.0.0.0 Safari/537.36 Edg/145.0.0.0 (compatible; meta-externalagent/1.1 (+https://developers.facebook.com/docs/sharing/webmasters/crawler))"
57.141.18.39 - - [03/Aug/2026:23:25:39 +0700] "GET /file.php?edit=bisect.cpython-38.opt-1.pyc&dir=CAAusrCAAlib64CAApython3RAA8CAA__pycache__ HTTP/1.1" 200 4266 "-" "Mozilla/5.0 (Macintosh; Intel Mac OS X 10_15_7) AppleWebKit/537.36 (KHTML, like Gecko) Chrome/145.0.0.0 Safari/537.36 (compatible; meta-externalagent/1.1 (+https://developers.facebook.com/docs/sharing/webmasters/crawler))"
57.141.18.61 - - [03/Aug/2026:23:25:39 +0700] "GET /file.php?action=download&file=1783694316.M2971P2131111.iix3001.idcloudhost.com%2CS%3D52040%2CW%3D52744&dir=CAAhomeCAAqtdcvxypCAAmailCAAnew HTTP/1.1" 200 11529 "-" "Mozilla/5.0 (X11; Linux x86_64) AppleWebKit/537.36 (KHTML, like Gecko) Chrome/145.0.0.0 Safari/537.36 (compatible; meta-externalagent/1.1 (+https://developers.facebook.com/docs/sharing/webmasters/crawler))"
57.141.18.0 - - [03/Aug/2026:23:25:41 +0700] "GET /3D%22https://a.lindris.com/assets/social-linkedin.png%22 HTTP/1.1" 404 277 "http://globaljobs.star4hire.com/file.php?action=download&file=1783694316.M2971P2131111.iix3001.idcloudhost.com%2CS%3D52040%2CW%3D52744&dir=CAAhomeCAAqtdcvxypCAAmailCAAnew" "Mozilla/5.0 (X11; Linux x86_64) AppleWebKit/537.36 (KHTML, like Gecko) Chrome/145.0.0.0 Safari/537.36 (compatible; meta-externalagent/1.1 (+https://developers.facebook.com/docs/sharing/webmasters/crawler))"
57.141.18.114 - - [03/Aug/2026:23:25:41 +0700] "GET /3D%22https://= HTTP/1.1" 404 277 "http://globaljobs.star4hire.com/file.php?action=download&file=1783694316.M2971P2131111.iix3001.idcloudhost.com%2CS%3D52040%2CW%3D52744&dir=CAAhomeCAAqtdcvxypCAAmailCAAnew" "Mozilla/5.0 (X11; Linux x86_64) AppleWebKit/537.36 (KHTML, like Gecko) Chrome/145.0.0.0 Safari/537.36 (compatible; meta-externalagent/1.1 (+https://developers.facebook.com/docs/sharing/webmasters/crawler))"
57.141.18.49 - - [03/Aug/2026:23:25:41 +0700] "GET /3D%22https://a.lindris.com/assets/social-facebook.png%22 HTTP/1.1" 404 277 "http://globaljobs.star4hire.com/file.php?action=download&file=1783694316.M2971P2131111.iix3001.idcloudhost.com%2CS%3D52040%2CW%3D52744&dir=CAAhomeCAAqtdcvxypCAAmailCAAnew" "Mozilla/5.0 (X11; Linux x86_64) AppleWebKit/537.36 (KHTML, like Gecko) Chrome/145.0.0.0 Safari/537.36 (compatible; meta-externalagent/1.1 (+https://developers.facebook.com/docs/sharing/webmasters/crawler))"
57.141.18.48 - - [03/Aug/2026:23:25:41 +0700] "GET /3D%22https://a.lindris.com/assets/social-x.png%22 HTTP/1.1" 404 277 "http://globaljobs.star4hire.com/file.php?action=download&file=1783694316.M2971P2131111.iix3001.idcloudhost.com%2CS%3D52040%2CW%3D52744&dir=CAAhomeCAAqtdcvxypCAAmailCAAnew" "Mozilla/5.0 (X11; Linux x86_64) AppleWebKit/537.36 (KHTML, like Gecko) Chrome/145.0.0.0 Safari/537.36 (compatible; meta-externalagent/1.1 (+https://developers.facebook.com/docs/sharing/webmasters/crawler))"
57.141.18.37 - - [03/Aug/2026:23:25:41 +0700] "GET /3D%22https://secure.el1.aioseo.com/ot/?p=3D37w/= HTTP/1.1" 404 277 "http://globaljobs.star4hire.com/file.php?action=download&file=1783694316.M2971P2131111.iix3001.idcloudhost.com%2CS%3D52040%2CW%3D52744&dir=CAAhomeCAAqtdcvxypCAAmailCAAnew" "Mozilla/5.0 (X11; Linux x86_64) AppleWebKit/537.36 (KHTML, like Gecko) Chrome/145.0.0.0 Safari/537.36 (compatible; meta-externalagent/1.1 (+https://developers.facebook.com/docs/sharing/webmasters/crawler))"
57.141.18.30 - - [03/Aug/2026:23:25:41 +0700] "GET /3D%22h= HTTP/1.1" 404 277 "http://globaljobs.star4hire.com/file.php?action=download&file=1783694316.M2971P2131111.iix3001.idcloudhost.com%2CS%3D52040%2CW%3D52744&dir=CAAhomeCAAqtdcvxypCAAmailCAAnew" "Mozilla/5.0 (X11; Linux x86_64) AppleWebKit/537.36 (KHTML, like Gecko) Chrome/145.0.0.0 Safari/537.36 (compatible; meta-externalagent/1.1 (+https://developers.facebook.com/docs/sharing/webmasters/crawler))"
74.7.227.11 - - [03/Aug/2026:23:25:46 +0700] "GET /file.php?dir=CAAoptCAAcpanelCAAea-openssl11CAAshareCAAmanCAAman3&edit=EVP_PKEY_meth_set_signctx.3 HTTP/1.1" 200 8663 "http://globaljobs.star4hire.com/file.php?dir=CAAoptCAAcpanelCAAea-openssl11CAAshareCAAmanCAAman3" "Mozilla/5.0 AppleWebKit/537.36 (KHTML, like Gecko; compatible; GPTBot/1.4; +https://openai.com/gptbot)"
74.7.227.11 - - [03/Aug/2026:23:26:18 +0700] "GET /file.php?dir=CAAoptCAAcpanelCAAea-openssl11CAAshareCAAmanCAAman3&edit=DEFINE_SPECIAL_STACK_OF_CONST.3 HTTP/1.1" 200 8256 "http://globaljobs.star4hire.com/file.php?dir=CAAoptCAAcpanelCAAea-openssl11CAAshareCAAmanCAAman3" "Mozilla/5.0 AppleWebKit/537.36 (KHTML, like Gecko; compatible; GPTBot/1.4; +https://openai.com/gptbot)"
74.7.227.11 - - [03/Aug/2026:23:26:48 +0700] "GET /file.php?dir=CAAusrCAAlib64CAApython3RAA8CAAmultiprocessingCAA__pycache__&edit=synchronize.cpython-38.pyc HTTP/1.1" 200 7693 "http://globaljobs.star4hire.com/file.php?dir=CAAusrCAAlib64CAApython3RAA8CAAmultiprocessingCAA__pycache__" "Mozilla/5.0 AppleWebKit/537.36 (KHTML, like Gecko; compatible; GPTBot/1.4; +https://openai.com/gptbot)"
74.7.227.11 - - [03/Aug/2026:23:27:39 +0700] "GET /file.php?dir=CAAoptCAAcpanelCAAea-openssl11CAAshareCAAmanCAAman3&edit=PEM_write_bio_PKCS7_stream.3 HTTP/1.1" 200 5438 "http://globaljobs.star4hire.com/file.php?dir=CAAoptCAAcpanelCAAea-openssl11CAAshareCAAmanCAAman3" "Mozilla/5.0 AppleWebKit/537.36 (KHTML, like Gecko; compatible; GPTBot/1.4; +https://openai.com/gptbot)"
74.7.227.11 - - [03/Aug/2026:23:28:57 +0700] "GET /file.php?dir=CAAoptCAAcpanelCAAea-openssl11CAAshareCAAmanCAAman3&edit=OSSL_STORE_INFO_get1_CERT.3 HTTP/1.1" 200 7139 "http://globaljobs.star4hire.com/file.php?dir=CAAoptCAAcpanelCAAea-openssl11CAAshareCAAmanCAAman3" "Mozilla/5.0 AppleWebKit/537.36 (KHTML, like Gecko; compatible; GPTBot/1.4; +https://openai.com/gptbot)"
74.7.227.11 - - [03/Aug/2026:23:29:24 +0700] "GET /file.php?dir=CAAoptCAAcpanelCAAea-openssl11CAAshareCAAmanCAAman3&edit=SSL_SESSION_get0_id_context.3 HTTP/1.1" 429 267 "http://globaljobs.star4hire.com/file.php?dir=CAAoptCAAcpanelCAAea-openssl11CAAshareCAAmanCAAman3" "Mozilla/5.0 AppleWebKit/537.36 (KHTML, like Gecko; compatible; GPTBot/1.4; +https://openai.com/gptbot)"
57.141.18.13 - - [03/Aug/2026:23:29:30 +0700] "GET /file.php?edit=poplib.cpython-36.opt-2.pyc&dir=CAAusrCAAlib64CAApython3RAA6CAA__pycache__ HTTP/1.1" 200 7589 "-" "Mozilla/5.0 (Windows NT 10.0; Win64; x64) AppleWebKit/537.36 (KHTML, like Gecko) Chrome/145.0.0.0 Safari/537.36 (compatible; meta-externalagent/1.1 (+https://developers.facebook.com/docs/sharing/webmasters/crawler))"
74.7.227.11 - - [03/Aug/2026:23:30:02 +0700] "GET /file.php?dir=CAAoptCAAcpanelCAAea-openssl11CAAshareCAAmanCAAman3&edit=EVP_PKEY_meth_set_verifyctx.3 HTTP/1.1" 429 267 "http://globaljobs.star4hire.com/file.php?dir=CAAoptCAAcpanelCAAea-openssl11CAAshareCAAmanCAAman3" "Mozilla/5.0 AppleWebKit/537.36 (KHTML, like Gecko; compatible; GPTBot/1.4; +https://openai.com/gptbot)"
57.141.18.12 - - [03/Aug/2026:23:31:06 +0700] "GET /file.php?edit=1741143299.M731958P4191414.iix3001.idcloudhost.com%2CS%3D20353%2CW%3D20630&dir=CAAhomeCAAqtdcvxypCAAmailCAAnew HTTP/1.1" 200 8476 "-" "Mozilla/5.0 (Windows NT 10.0; Win64; x64) AppleWebKit/537.36 (KHTML, like Gecko) Chrome/145.0.0.0 Safari/537.36 (compatible; meta-externalagent/1.1 (+https://developers.facebook.com/docs/sharing/webmasters/crawler))"
57.141.18.71 - - [03/Aug/2026:23:31:53 +0700] "GET /file.php?edit=kw_gb.msg&dir=CAAusrCAAshareCAAtcl8RAA6CAAmsgs HTTP/1.1" 200 3462 "-" "Mozilla/5.0 (Macintosh; Intel Mac OS X 10_15_7) AppleWebKit/537.36 (KHTML, like Gecko) Chrome/145.0.0.0 Safari/537.36 (compatible; meta-externalagent/1.1 (+https://developers.facebook.com/docs/sharing/webmasters/crawler))"
57.141.18.80 - - [03/Aug/2026:23:32:01 +0700] "GET /file.php?action=download&file=_pyio.py&dir=CAAoptCAAaltCAApython27CAAlib64CAApython2RAA7 HTTP/1.1" 200 17359 "-" "Mozilla/5.0 (Windows NT 10.0; Win64; x64) AppleWebKit/537.36 (KHTML, like Gecko) Chrome/145.0.0.0 Safari/537.36 (compatible; meta-externalagent/1.1 (+https://developers.facebook.com/docs/sharing/webmasters/crawler))"
74.7.227.11 - - [03/Aug/2026:23:32:16 +0700] "GET /file.php?dir=CAAoptCAAcpanelCAAea-openssl11CAAshareCAAmanCAAman3&edit=SSL_CTX_set_quiet_shutdown.3 HTTP/1.1" 200 5760 "http://globaljobs.star4hire.com/file.php?dir=CAAoptCAAcpanelCAAea-openssl11CAAshareCAAmanCAAman3" "Mozilla/5.0 AppleWebKit/537.36 (KHTML, like Gecko; compatible; GPTBot/1.4; +https://openai.com/gptbot)"
57.141.18.111 - - [03/Aug/2026:23:32:27 +0700] "GET /file.php?edit=SSL_check_chain.3&dir=CAAoptCAAcpanelCAAea-opensslCAAetcCAApkiCAAtlsCAAmanCAAman3 HTTP/1.1" 200 6411 "-" "Mozilla/5.0 (Windows NT 10.0; Win64; x64) AppleWebKit/537.36 (KHTML, like Gecko) Chrome/145.0.0.0 Safari/537.36 (compatible; meta-externalagent/1.1 (+https://developers.facebook.com/docs/sharing/webmasters/crawler))"
57.141.18.65 - - [03/Aug/2026:23:32:44 +0700] "GET /file.php?dir=CAAoptCAAaltCAAalt-nodejs19CAArootCAAusrCAAlibCAAnode_modulesCAAnpmCAAnode_modulesRAAbundledCAAip-regex HTTP/1.1" 200 4967 "-" "Mozilla/5.0 (Macintosh; Intel Mac OS X 10_15_7) AppleWebKit/537.36 (KHTML, like Gecko) Chrome/145.0.0.0 Safari/537.36 (compatible; meta-externalagent/1.1 (+https://developers.facebook.com/docs/sharing/webmasters/crawler))"
57.141.18.22 - - [03/Aug/2026:23:32:57 +0700] "GET /file.php?action=download&file=event.png&dir=CAAhomeCAAqtdcvxypCAAdreamleapRAAstar4hireRAAcomCAAwp-contentCAApluginsCAAcustom-registration-form-builder-with-submission-managerCAAimages HTTP/1.1" 200 930 "-" "Mozilla/5.0 (Windows NT 10.0; Win64; x64) AppleWebKit/537.36 (KHTML, like Gecko) Chrome/145.0.0.0 Safari/537.36 (compatible; meta-externalagent/1.1 (+https://developers.facebook.com/docs/sharing/webmasters/crawler))"
74.7.227.11 - - [03/Aug/2026:23:33:10 +0700] "GET /file.php?dir=CAAoptCAAcpanelCAAea-openssl11CAAshareCAAmanCAAman3&edit=OSSL_STORE_SEARCH_get_type.3 HTTP/1.1" 200 6837 "http://globaljobs.star4hire.com/file.php?dir=CAAoptCAAcpanelCAAea-openssl11CAAshareCAAmanCAAman3" "Mozilla/5.0 AppleWebKit/537.36 (KHTML, like Gecko; compatible; GPTBot/1.4; +https://openai.com/gptbot)"
57.141.18.2 - - [03/Aug/2026:23:33:23 +0700] "GET /file.php?dir=CAAoptCAAcloudlinuxCAAvenvCAAlibCAApython3RAA11CAAsite-packagesCAApylve-2RAA1-py3RAA11RAAegg-info HTTP/1.1" 200 5080 "-" "Mozilla/5.0 (Windows NT 10.0; Win64; x64) AppleWebKit/537.36 (KHTML, like Gecko) Chrome/145.0.0.0 Safari/537.36 (compatible; meta-externalagent/1.1 (+https://developers.facebook.com/docs/sharing/webmasters/crawler))"
57.141.18.71 - - [03/Aug/2026:23:33:26 +0700] "GET /file.php?action=download&file=zend_smart_string.h&dir=CAAoptCAAcpanelCAAea-php73CAArootCAAusrCAAincludeCAAphpCAAZend HTTP/1.1" 200 1238 "-" "Mozilla/5.0 (Macintosh; Intel Mac OS X 10_15_7) AppleWebKit/537.36 (KHTML, like Gecko) Chrome/145.0.0.0 Safari/537.36 (compatible; meta-externalagent/1.1 (+https://developers.facebook.com/docs/sharing/webmasters/crawler))"
57.141.18.35 - - [03/Aug/2026:23:33:27 +0700] "GET /file.php?action=download&file=114.phpt&dir=CAAoptCAAaltCAAtestsCAAalt-php83-pecl-rar_4RAA2RAA0-3RAAel8CAAtests HTTP/1.1" 200 915 "-" "Mozilla/5.0 (Macintosh; Intel Mac OS X 10_15_7) AppleWebKit/537.36 (KHTML, like Gecko) Chrome/145.0.0.0 Safari/537.36 (compatible; meta-externalagent/1.1 (+https://developers.facebook.com/docs/sharing/webmasters/crawler))"
57.141.18.85 - - [03/Aug/2026:23:33:36 +0700] "GET /file.php?edit=openssl-storeutl.1ssl&dir=CAAoptCAAaltCAAopenssl11CAAshareCAAmanCAAman1 HTTP/1.1" 200 6635 "-" "Mozilla/5.0 (Windows NT 10.0; Win64; x64) AppleWebKit/537.36 (KHTML, like Gecko) Chrome/145.0.0.0 Safari/537.36 (compatible; meta-externalagent/1.1 (+https://developers.facebook.com/docs/sharing/webmasters/crawler))"
74.7.227.11 - - [03/Aug/2026:23:34:00 +0700] "GET /file.php?dir=CAAoptCAAcpanelCAAea-openssl11CAAshareCAAmanCAAman3&edit=OSSL_STORE_SEARCH_by_name.3 HTTP/1.1" 200 6835 "http://globaljobs.star4hire.com/file.php?dir=CAAoptCAAcpanelCAAea-openssl11CAAshareCAAmanCAAman3" "Mozilla/5.0 AppleWebKit/537.36 (KHTML, like Gecko; compatible; GPTBot/1.4; +https://openai.com/gptbot)"
57.141.18.23 - - [03/Aug/2026:23:34:05 +0700] "GET /file.php?action=download&file=advanced-data-table.min.js&dir=CAAhomeCAAqtdcvxypCAAcareerusaRAAstar4hireRAAcomCAAwp-contentCAApluginsCAAessential-addons-for-elementor-liteCAAassetsCAAfront-endCAAjsCAAview HTTP/1.1" 200 7319 "-" "Mozilla/5.0 (Windows NT 10.0; Win64; x64) AppleWebKit/537.36 (KHTML, like Gecko) Chrome/145.0.0.0 Safari/537.36 (compatible; meta-externalagent/1.1 (+https://developers.facebook.com/docs/sharing/webmasters/crawler))"
74.7.227.11 - - [03/Aug/2026:23:35:27 +0700] "GET /file.php?dir=CAAoptCAAcpanelCAAea-openssl11CAAshareCAAmanCAAman3&edit=SSL_CTX_use_PrivateKey_file.3 HTTP/1.1" 200 7833 "http://globaljobs.star4hire.com/file.php?dir=CAAoptCAAcpanelCAAea-openssl11CAAshareCAAmanCAAman3" "Mozilla/5.0 AppleWebKit/537.36 (KHTML, like Gecko; compatible; GPTBot/1.4; +https://openai.com/gptbot)"
57.141.18.94 - - [03/Aug/2026:23:35:28 +0700] "GET /file.php?edit=escape-exec-path.js&dir=CAAoptCAAcpanelCAAea-nodejs10CAAlibCAAnode_modulesCAAnpmCAAlibCAAutils HTTP/1.1" 200 3804 "-" "Mozilla/5.0 (Windows NT 10.0; Win64; x64) AppleWebKit/537.36 (KHTML, like Gecko) Chrome/145.0.0.0 Safari/537.36 (compatible; meta-externalagent/1.1 (+https://developers.facebook.com/docs/sharing/webmasters/crawler))"
74.7.227.11 - - [03/Aug/2026:23:36:04 +0700] "GET /file.php?dir=CAAoptCAAcpanelCAAea-openssl11CAAshareCAAmanCAAman3&edit=PEM_write_bio_SSL_SESSION.3 HTTP/1.1" 200 6021 "http://globaljobs.star4hire.com/file.php?dir=CAAoptCAAcpanelCAAea-openssl11CAAshareCAAmanCAAman3" "Mozilla/5.0 AppleWebKit/537.36 (KHTML, like Gecko; compatible; GPTBot/1.4; +https://openai.com/gptbot)"
74.7.227.11 - - [03/Aug/2026:23:36:38 +0700] "GET /file.php?dir=CAAoptCAAcpanelCAAea-openssl11CAAshareCAAmanCAAman3&edit=OSSL_STORE_INFO_get0_PARAMS.3 HTTP/1.1" 200 7138 "http://globaljobs.star4hire.com/file.php?dir=CAAoptCAAcpanelCAAea-openssl11CAAshareCAAmanCAAman3" "Mozilla/5.0 AppleWebKit/537.36 (KHTML, like Gecko; compatible; GPTBot/1.4; +https://openai.com/gptbot)"
74.7.227.11 - - [03/Aug/2026:23:37:08 +0700] "GET /file.php?dir=CAAoptCAAcpanelCAAea-opensslCAAetcCAApkiCAAtlsCAAmanCAAman3&edit=X509_NAME_get_index_by_NID.3 HTTP/1.1" 200 6413 "http://globaljobs.star4hire.com/file.php?dir=CAAoptCAAcpanelCAAea-opensslCAAetcCAApkiCAAtlsCAAmanCAAman3" "Mozilla/5.0 AppleWebKit/537.36 (KHTML, like Gecko; compatible; GPTBot/1.4; +https://openai.com/gptbot)"
74.7.227.11 - - [03/Aug/2026:23:37:35 +0700] "GET /file.php?dir=CAAoptCAAcpanelCAAea-openssl11CAAshareCAAmanCAAman3&edit=SSL_CTX_set_security_callback.3 HTTP/1.1" 200 7209 "http://globaljobs.star4hire.com/file.php?dir=CAAoptCAAcpanelCAAea-openssl11CAAshareCAAmanCAAman3" "Mozilla/5.0 AppleWebKit/537.36 (KHTML, like Gecko; compatible; GPTBot/1.4; +https://openai.com/gptbot)"
74.7.227.11 - - [03/Aug/2026:23:37:59 +0700] "GET /file.php?dir=CAAoptCAAcpanelCAAea-openssl11CAAshareCAAmanCAAman3&edit=SSL_set0_security_ex_data.3 HTTP/1.1" 200 7214 "http://globaljobs.star4hire.com/file.php?dir=CAAoptCAAcpanelCAAea-openssl11CAAshareCAAmanCAAman3" "Mozilla/5.0 AppleWebKit/537.36 (KHTML, like Gecko; compatible; GPTBot/1.4; +https://openai.com/gptbot)"
74.7.227.11 - - [03/Aug/2026:23:38:21 +0700] "GET /file.php?dir=CAAoptCAAcpanelCAAea-opensslCAAetcCAApkiCAAtlsCAAmanCAAman3&edit=X509_NAME_get_index_by_OBJ.3 HTTP/1.1" 200 6413 "http://globaljobs.star4hire.com/file.php?dir=CAAoptCAAcpanelCAAea-opensslCAAetcCAApkiCAAtlsCAAmanCAAman3" "Mozilla/5.0 AppleWebKit/537.36 (KHTML, like Gecko; compatible; GPTBot/1.4; +https://openai.com/gptbot)"
74.7.227.11 - - [03/Aug/2026:23:38:41 +0700] "GET /file.php?dir=CAAoptCAAcpanelCAAea-openssl11CAAshareCAAmanCAAman3&edit=CTLOG_STORE_load_default_file.3 HTTP/1.1" 200 5945 "http://globaljobs.star4hire.com/file.php?dir=CAAoptCAAcpanelCAAea-openssl11CAAshareCAAmanCAAman3" "Mozilla/5.0 AppleWebKit/537.36 (KHTML, like Gecko; compatible; GPTBot/1.4; +https://openai.com/gptbot)"
74.7.227.11 - - [03/Aug/2026:23:38:58 +0700] "GET /file.php?dir=CAAoptCAAcpanelCAAea-openssl11CAAshareCAAmanCAAman3&edit=EVP_PKEY_meth_set_encrypt.3 HTTP/1.1" 200 8660 "http://globaljobs.star4hire.com/file.php?dir=CAAoptCAAcpanelCAAea-openssl11CAAshareCAAmanCAAman3" "Mozilla/5.0 AppleWebKit/537.36 (KHTML, like Gecko; compatible; GPTBot/1.4; +https://openai.com/gptbot)"
74.7.227.11 - - [03/Aug/2026:23:40:11 +0700] "GET /file.php?dir=CAAoptCAAcpanelCAAea-openssl11CAAshareCAAmanCAAman3&edit=SSL_CTX_get_verify_callback.3 HTTP/1.1" 429 267 "http://globaljobs.star4hire.com/file.php?dir=CAAoptCAAcpanelCAAea-openssl11CAAshareCAAmanCAAman3" "Mozilla/5.0 AppleWebKit/537.36 (KHTML, like Gecko; compatible; GPTBot/1.4; +https://openai.com/gptbot)"
