57.141.18.14 - - [03/Aug/2026:18:37:22 +0700] "GET /file.php?edit=1733781794.M705227P2153335.iix3001.idcloudhost.com%2CS%3D20335%2CW%3D20612&dir=CAAhomeCAAqtdcvxypCAAmailCAAnew HTTP/1.1" 200 8520 "-" "Mozilla/5.0 (Windows NT 10.0; Win64; x64) AppleWebKit/537.36 (KHTML, like Gecko) Chrome/145.0.0.0 Safari/537.36 (compatible; meta-externalagent/1.1 (+https://developers.facebook.com/docs/sharing/webmasters/crawler))"
57.141.18.85 - - [03/Aug/2026:18:39:09 +0700] "GET /file.php?edit=bitcoin-rpc.xml&dir=CAAusrCAAlibCAAfirewalldCAAservices HTTP/1.1" 200 3510 "-" "Mozilla/5.0 (Macintosh; Intel Mac OS X 10_15_7) AppleWebKit/537.36 (KHTML, like Gecko) Chrome/145.0.0.0 Safari/537.36 (compatible; meta-externalagent/1.1 (+https://developers.facebook.com/docs/sharing/webmasters/crawler))"
57.141.18.107 - - [03/Aug/2026:18:42:02 +0700] "GET /file.php?edit=tclsh.1.gz&dir=CAAusrCAAshareCAAmanCAAman1 HTTP/1.1" 200 7900 "-" "Mozilla/5.0 (Macintosh; Intel Mac OS X 10_15_7) AppleWebKit/537.36 (KHTML, like Gecko) Chrome/145.0.0.0 Safari/537.36 (compatible; meta-externalagent/1.1 (+https://developers.facebook.com/docs/sharing/webmasters/crawler))"
57.141.18.53 - - [03/Aug/2026:18:43:46 +0700] "GET /file.php?action=download&file=calendar.so&dir=CAAoptCAAcpanelCAAea-php71CAArootCAAusrCAAlib64CAAphpCAAmodules HTTP/1.1" 200 16007 "-" "Mozilla/5.0 (Windows NT 10.0; Win64; x64) AppleWebKit/537.36 (KHTML, like Gecko) Chrome/145.0.0.0 Safari/537.36 (compatible; meta-externalagent/1.1 (+https://developers.facebook.com/docs/sharing/webmasters/crawler))"
74.7.227.11 - - [03/Aug/2026:18:46:24 +0700] "GET /file.php?dir=CAAhomeCAAqtdcvxypCAAglobalenglishRAAstar4hireRAAcomCAAwp-contentCAApluginsCAArevsliderCAAincludesCAAexternal HTTP/1.1" 200 4723 "http://globaljobs.star4hire.com/file.php?dir=CAAhomeCAAqtdcvxypCAAglobalenglishRAAstar4hireRAAcomCAAwp-contentCAApluginsCAArevsliderCAAincludes" "Mozilla/5.0 AppleWebKit/537.36 (KHTML, like Gecko; compatible; GPTBot/1.4; +https://openai.com/gptbot)"
57.141.18.77 - - [03/Aug/2026:18:51:48 +0700] "GET /file.php?dir=CAAoptCAAaltCAAalt-nodejs10CAArootCAAusrCAAlibCAAnode_modulesCAAnpmCAAnode_modulesCAAcmd-shim HTTP/1.1" 200 5266 "-" "Mozilla/5.0 (Windows NT 10.0; Win64; x64) AppleWebKit/537.36 (KHTML, like Gecko) Chrome/145.0.0.0 Safari/537.36 (compatible; meta-externalagent/1.1 (+https://developers.facebook.com/docs/sharing/webmasters/crawler))"
57.141.18.58 - - [03/Aug/2026:18:57:01 +0700] "GET /file.php?action=download&file=1745893526.M141713P1499923.iix3001.idcloudhost.com%2CS%3D20354%2CW%3D20631&dir=CAAhomeCAAqtdcvxypCAAmailCAAnew HTTP/1.1" 200 5218 "-" "Mozilla/5.0 (Windows NT 10.0; Win64; x64) AppleWebKit/537.36 (KHTML, like Gecko) Chrome/145.0.0.0 Safari/537.36 (compatible; meta-externalagent/1.1 (+https://developers.facebook.com/docs/sharing/webmasters/crawler))"
57.141.18.44 - - [03/Aug/2026:18:57:39 +0700] "GET /file.php?action=download&file=RAND_pseudo_bytes.3&dir=CAAoptCAAcpanelCAAea-opensslCAAetcCAApkiCAAtlsCAAmanCAAman3 HTTP/1.1" 200 2485 "-" "Mozilla/5.0 (Macintosh; Intel Mac OS X 10_15_7) AppleWebKit/537.36 (KHTML, like Gecko) Chrome/145.0.0.0 Safari/537.36 (compatible; meta-externalagent/1.1 (+https://developers.facebook.com/docs/sharing/webmasters/crawler))"
74.7.227.11 - - [03/Aug/2026:18:57:53 +0700] "GET /file.php?dir=CAAhomeCAAqtdcvxypCAAglobalenglishRAAstar4hireRAAcomCAAwp-contentCAApluginsCAAtutorCAAecommerceCAACart HTTP/1.1" 200 4757 "http://globaljobs.star4hire.com/file.php?dir=CAAhomeCAAqtdcvxypCAAglobalenglishRAAstar4hireRAAcomCAAwp-contentCAApluginsCAAtutorCAAecommerce" "Mozilla/5.0 AppleWebKit/537.36 (KHTML, like Gecko; compatible; GPTBot/1.4; +https://openai.com/gptbot)"
74.7.227.11 - - [03/Aug/2026:18:58:05 +0700] "GET /file.php?dir=CAAhomeCAAqtdcvxypCAAglobalenglishRAAstar4hireRAAcomCAAwp-contentCAApluginsCAAtutorCAAecommerceCAAPaymentGateways HTTP/1.1" 200 4668 "http://globaljobs.star4hire.com/file.php?dir=CAAhomeCAAqtdcvxypCAAglobalenglishRAAstar4hireRAAcomCAAwp-contentCAApluginsCAAtutorCAAecommerce" "Mozilla/5.0 AppleWebKit/537.36 (KHTML, like Gecko; compatible; GPTBot/1.4; +https://openai.com/gptbot)"
74.7.227.11 - - [03/Aug/2026:18:58:10 +0700] "GET /file.php?dir=CAAhomeCAAqtdcvxypCAAdreamleapRAAstar4hireRAAcomCAAwp-contentCAApluginsCAAextendifyCAAsrcCAALaunchCAA_data HTTP/1.1" 200 4347 "http://globaljobs.star4hire.com/file.php?dir=CAAhomeCAAqtdcvxypCAAdreamleapRAAstar4hireRAAcomCAAwp-contentCAApluginsCAAextendifyCAAsrcCAALaunch" "Mozilla/5.0 AppleWebKit/537.36 (KHTML, like Gecko; compatible; GPTBot/1.4; +https://openai.com/gptbot)"
74.7.227.11 - - [03/Aug/2026:18:58:11 +0700] "GET /file.php?dir=CAAhomeCAAqtdcvxypCAAdreamleapRAAstar4hireRAAcomCAAwp-contentCAApluginsCAAextendifyCAAsrcCAALaunchCAAlib HTTP/1.1" 200 4693 "http://globaljobs.star4hire.com/file.php?dir=CAAhomeCAAqtdcvxypCAAdreamleapRAAstar4hireRAAcomCAAwp-contentCAApluginsCAAextendifyCAAsrcCAALaunch" "Mozilla/5.0 AppleWebKit/537.36 (KHTML, like Gecko; compatible; GPTBot/1.4; +https://openai.com/gptbot)"
74.7.227.11 - - [03/Aug/2026:18:58:13 +0700] "GET /file.php?dir=CAAhomeCAAqtdcvxypCAAdreamleapRAAstar4hireRAAcomCAAwp-contentCAApluginsCAAextendifyCAAsrcCAALaunchCAAlayouts HTTP/1.1" 200 4342 "http://globaljobs.star4hire.com/file.php?dir=CAAhomeCAAqtdcvxypCAAdreamleapRAAstar4hireRAAcomCAAwp-contentCAApluginsCAAextendifyCAAsrcCAALaunch" "Mozilla/5.0 AppleWebKit/537.36 (KHTML, like Gecko; compatible; GPTBot/1.4; +https://openai.com/gptbot)"
74.7.227.11 - - [03/Aug/2026:18:58:14 +0700] "GET /file.php?dir=CAAhomeCAAqtdcvxypCAAglobalenglishRAAstar4hireRAAcomCAAwp-contentCAApluginsCAAtutorCAAecommerceCAACartCAAContracts HTTP/1.1" 200 4348 "http://globaljobs.star4hire.com/file.php?dir=CAAhomeCAAqtdcvxypCAAglobalenglishRAAstar4hireRAAcomCAAwp-contentCAApluginsCAAtutorCAAecommerceCAACart" "Mozilla/5.0 AppleWebKit/537.36 (KHTML, like Gecko; compatible; GPTBot/1.4; +https://openai.com/gptbot)"
74.7.227.11 - - [03/Aug/2026:18:58:15 +0700] "GET /file.php?dir=CAAhomeCAAqtdcvxypCAAdreamleapRAAstar4hireRAAcomCAAwp-contentCAApluginsCAAextendifyCAAsrcCAALaunch&edit=launch.js HTTP/1.1" 200 3281 "http://globaljobs.star4hire.com/file.php?dir=CAAhomeCAAqtdcvxypCAAdreamleapRAAstar4hireRAAcomCAAwp-contentCAApluginsCAAextendifyCAAsrcCAALaunch" "Mozilla/5.0 AppleWebKit/537.36 (KHTML, like Gecko; compatible; GPTBot/1.4; +https://openai.com/gptbot)"
74.7.227.11 - - [03/Aug/2026:18:58:18 +0700] "GET /file.php?dir=CAAhomeCAAqtdcvxypCAAglobalenglishRAAstar4hireRAAcomCAAwp-contentCAApluginsCAAtutorCAAecommerceCAAPaymentGatewaysCAAConfigs HTTP/1.1" 200 4450 "http://globaljobs.star4hire.com/file.php?dir=CAAhomeCAAqtdcvxypCAAglobalenglishRAAstar4hireRAAcomCAAwp-contentCAApluginsCAAtutorCAAecommerceCAAPaymentGateways" "Mozilla/5.0 AppleWebKit/537.36 (KHTML, like Gecko; compatible; GPTBot/1.4; +https://openai.com/gptbot)"
57.141.18.15 - - [03/Aug/2026:18:59:52 +0700] "GET /file.php?action=download&file=zend_language_parser.h&dir=CAAoptCAAcpanelCAAea-php55CAArootCAAusrCAAincludeCAAphpCAAZend HTTP/1.1" 200 2773 "-" "Mozilla/5.0 (Windows NT 10.0; Win64; x64) AppleWebKit/537.36 (KHTML, like Gecko) Chrome/145.0.0.0 Safari/537.36 (compatible; meta-externalagent/1.1 (+https://developers.facebook.com/docs/sharing/webmasters/crawler))"
74.7.227.11 - - [03/Aug/2026:19:02:29 +0700] "GET /file.php?dir=CAAhomeCAAqtdcvxypCAAdreamleapRAAstar4hireRAAcomCAAwp-contentCAApluginsCAAextendifyCAAsrcCAALaunchCAAsvg HTTP/1.1" 200 5789 "http://globaljobs.star4hire.com/file.php?dir=CAAhomeCAAqtdcvxypCAAdreamleapRAAstar4hireRAAcomCAAwp-contentCAApluginsCAAextendifyCAAsrcCAALaunch" "Mozilla/5.0 AppleWebKit/537.36 (KHTML, like Gecko; compatible; GPTBot/1.4; +https://openai.com/gptbot)"
74.7.227.11 - - [03/Aug/2026:19:04:50 +0700] "GET /file.php?dir=CAAhomeCAAqtdcvxypCAAglobalenglishRAAstar4hireRAAcomCAAwp-contentCAApluginsCAAtemplatelyCAAviews HTTP/1.1" 200 4638 "http://globaljobs.star4hire.com/file.php?dir=CAAhomeCAAqtdcvxypCAAglobalenglishRAAstar4hireRAAcomCAAwp-contentCAApluginsCAAtemplately" "Mozilla/5.0 AppleWebKit/537.36 (KHTML, like Gecko; compatible; GPTBot/1.4; +https://openai.com/gptbot)"
74.7.227.11 - - [03/Aug/2026:19:05:26 +0700] "GET /file.php?dir=CAAhomeCAAqtdcvxypCAAcareerusaRAAstar4hireRAAcomCAAwp-contentCAApluginsCAAloginizerCAAassets HTTP/1.1" 200 4338 "http://globaljobs.star4hire.com/file.php?dir=CAAhomeCAAqtdcvxypCAAcareerusaRAAstar4hireRAAcomCAAwp-contentCAApluginsCAAloginizer" "Mozilla/5.0 AppleWebKit/537.36 (KHTML, like Gecko; compatible; GPTBot/1.4; +https://openai.com/gptbot)"
57.141.18.24 - - [03/Aug/2026:19:06:19 +0700] "GET /file.php?action=download&file=rhn-client-tools.mo&dir=CAAusrCAAshareCAAlocaleCAAesCAALC_MESSAGES HTTP/1.1" 200 3615 "-" "Mozilla/5.0 (Windows NT 10.0; Win64; x64) AppleWebKit/537.36 (KHTML, like Gecko) Chrome/145.0.0.0 Safari/537.36 Edg/145.0.0.0 (compatible; meta-externalagent/1.1 (+https://developers.facebook.com/docs/sharing/webmasters/crawler))"
74.7.227.11 - - [03/Aug/2026:19:06:31 +0700] "GET /file.php?dir=CAAhomeCAAqtdcvxypCAAcsrRAAstar4hireRAAcomCAAwp-contentCAApluginsCAAjetpackCAAmodulesCAAplugin-search&edit=psh.svg HTTP/1.1" 200 5502 "http://globaljobs.star4hire.com/file.php?dir=CAAhomeCAAqtdcvxypCAAcsrRAAstar4hireRAAcomCAAwp-contentCAApluginsCAAjetpackCAAmodulesCAAplugin-search" "Mozilla/5.0 AppleWebKit/537.36 (KHTML, like Gecko; compatible; GPTBot/1.4; +https://openai.com/gptbot)"
57.141.18.44 - - [03/Aug/2026:19:07:01 +0700] "GET /file.php?action=download&file=dsp_fw_glk_v2768.bin&dir=CAAusrCAAlibCAAfirmwareCAAintel HTTP/1.1" 200 189580 "-" "Mozilla/5.0 (Windows NT 10.0; Win64; x64) AppleWebKit/537.36 (KHTML, like Gecko) Chrome/145.0.0.0 Safari/537.36 (compatible; meta-externalagent/1.1 (+https://developers.facebook.com/docs/sharing/webmasters/crawler))"
74.7.227.11 - - [03/Aug/2026:19:07:24 +0700] "GET /file.php?dir=CAAoptCAAaltCAAphp81CAAusrCAAincludeCAAphpCAAextCAAmbstringCAAlibmbfl HTTP/1.1" 200 4401 "http://globaljobs.star4hire.com/file.php?dir=CAAoptCAAaltCAAphp81CAAusrCAAincludeCAAphpCAAextCAAmbstring" "Mozilla/5.0 AppleWebKit/537.36 (KHTML, like Gecko; compatible; GPTBot/1.4; +https://openai.com/gptbot)"
74.7.227.11 - - [03/Aug/2026:19:09:37 +0700] "GET /file.php?dir=CAAhomeCAAqtdcvxypCAAglobalenglishRAAstar4hireRAAcomCAAwp-contentCAApluginsCAAtemplatelyCAAviewsCAAbuilder HTTP/1.1" 200 4486 "http://globaljobs.star4hire.com/file.php?dir=CAAhomeCAAqtdcvxypCAAglobalenglishRAAstar4hireRAAcomCAAwp-contentCAApluginsCAAtemplatelyCAAviews" "Mozilla/5.0 AppleWebKit/537.36 (KHTML, like Gecko; compatible; GPTBot/1.4; +https://openai.com/gptbot)"
74.7.227.11 - - [03/Aug/2026:19:10:39 +0700] "GET /file.php?dir=CAAhomeCAAqtdcvxypCAAcareerusaRAAstar4hireRAAcomCAAwp-contentCAApluginsCAAloginizerCAAassetsCAAcss HTTP/1.1" 200 4324 "http://globaljobs.star4hire.com/file.php?dir=CAAhomeCAAqtdcvxypCAAcareerusaRAAstar4hireRAAcomCAAwp-contentCAApluginsCAAloginizerCAAassets" "Mozilla/5.0 AppleWebKit/537.36 (KHTML, like Gecko; compatible; GPTBot/1.4; +https://openai.com/gptbot)"
74.7.227.11 - - [03/Aug/2026:19:11:38 +0700] "GET /file.php?dir=CAAhomeCAAqtdcvxypCAAcareerusaRAAstar4hireRAAcomCAAwp-contentCAApluginsCAAloginizerCAAassetsCAAjs HTTP/1.1" 200 4497 "http://globaljobs.star4hire.com/file.php?dir=CAAhomeCAAqtdcvxypCAAcareerusaRAAstar4hireRAAcomCAAwp-contentCAApluginsCAAloginizerCAAassets" "Mozilla/5.0 AppleWebKit/537.36 (KHTML, like Gecko; compatible; GPTBot/1.4; +https://openai.com/gptbot)"
74.7.227.11 - - [03/Aug/2026:19:12:29 +0700] "GET /file.php?dir=CAAhomeCAAqtdcvxypCAAcareerusaRAAstar4hireRAAcomCAAwp-contentCAApluginsCAAloginizerCAAassetsCAAimages HTTP/1.1" 200 4980 "http://globaljobs.star4hire.com/file.php?dir=CAAhomeCAAqtdcvxypCAAcareerusaRAAstar4hireRAAcomCAAwp-contentCAApluginsCAAloginizerCAAassets" "Mozilla/5.0 AppleWebKit/537.36 (KHTML, like Gecko; compatible; GPTBot/1.4; +https://openai.com/gptbot)"
74.7.241.137 - - [03/Aug/2026:19:13:16 +0700] "GET /robots.txt HTTP/1.1" 404 212 "-" "Mozilla/5.0 (Macintosh; Intel Mac OS X 10_15_7) AppleWebKit/537.36 (KHTML, like Gecko) Chrome/131.0.0.0 Safari/537.36; compatible; OAI-SearchBot/1.4; robots.txt; +https://openai.com/searchbot"
74.7.227.11 - - [03/Aug/2026:19:13:58 +0700] "GET /file.php?dir=CAAoptCAAaltCAAphp81CAAusrCAAincludeCAAphpCAAextCAAmbstringCAAlibmbflCAAmbfl HTTP/1.1" 200 5152 "http://globaljobs.star4hire.com/file.php?dir=CAAoptCAAaltCAAphp81CAAusrCAAincludeCAAphpCAAextCAAmbstringCAAlibmbfl" "Mozilla/5.0 AppleWebKit/537.36 (KHTML, like Gecko; compatible; GPTBot/1.4; +https://openai.com/gptbot)"
57.141.18.29 - - [03/Aug/2026:19:14:32 +0700] "GET /file.php?action=download&file=zend_execute.h&dir=CAAoptCAAaltCAAphp56CAAusrCAAincludeCAAphpCAAZend HTTP/1.1" 200 4006 "-" "Mozilla/5.0 (Windows NT 10.0; Win64; x64) AppleWebKit/537.36 (KHTML, like Gecko) Chrome/145.0.0.0 Safari/537.36 (compatible; meta-externalagent/1.1 (+https://developers.facebook.com/docs/sharing/webmasters/crawler))"
57.141.18.43 - - [03/Aug/2026:19:15:06 +0700] "GET /file.php?action=download&file=sqlite3.so&dir=CAAoptCAAcpanelCAAea-php53CAArootCAAusrCAAlib64CAAphpCAAmodules HTTP/1.1" 200 23223 "-" "Mozilla/5.0 (Windows NT 10.0; Win64; x64) AppleWebKit/537.36 (KHTML, like Gecko) Chrome/145.0.0.0 Safari/537.36 (compatible; meta-externalagent/1.1 (+https://developers.facebook.com/docs/sharing/webmasters/crawler))"
74.7.227.11 - - [03/Aug/2026:19:15:10 +0700] "GET /file.php?dir=CAAoptCAAaltCAAphp81CAAusrCAAincludeCAAphpCAAextCAAmbstringCAAlibmbfl&edit=config.h HTTP/1.1" 200 3109 "http://globaljobs.star4hire.com/file.php?dir=CAAoptCAAaltCAAphp81CAAusrCAAincludeCAAphpCAAextCAAmbstringCAAlibmbfl" "Mozilla/5.0 AppleWebKit/537.36 (KHTML, like Gecko; compatible; GPTBot/1.4; +https://openai.com/gptbot)"
74.7.227.11 - - [03/Aug/2026:19:16:05 +0700] "GET /file.php?dir=CAAhomeCAAqtdcvxypCAAglobalenglishRAAstar4hireRAAcomCAAwp-contentCAApluginsCAAtemplatelyCAAviewsCAAtemplates HTTP/1.1" 200 4544 "http://globaljobs.star4hire.com/file.php?dir=CAAhomeCAAqtdcvxypCAAglobalenglishRAAstar4hireRAAcomCAAwp-contentCAApluginsCAAtemplatelyCAAviews" "Mozilla/5.0 AppleWebKit/537.36 (KHTML, like Gecko; compatible; GPTBot/1.4; +https://openai.com/gptbot)"
74.7.227.11 - - [03/Aug/2026:19:16:28 +0700] "GET /file.php?dir=CAAoptCAAaltCAAphp82CAAusrCAAincludeCAAphpCAAextCAAmbstringCAAlibmbfl HTTP/1.1" 200 4401 "http://globaljobs.star4hire.com/file.php?dir=CAAoptCAAaltCAAphp82CAAusrCAAincludeCAAphpCAAextCAAmbstring" "Mozilla/5.0 AppleWebKit/537.36 (KHTML, like Gecko; compatible; GPTBot/1.4; +https://openai.com/gptbot)"
74.7.227.11 - - [03/Aug/2026:19:16:51 +0700] "GET /file.php?dir=CAAoptCAAaltCAAphp52CAAusrCAAincludeCAAphpCAAextCAAmbstringCAAlibmbfl HTTP/1.1" 200 4403 "http://globaljobs.star4hire.com/file.php?dir=CAAoptCAAaltCAAphp52CAAusrCAAincludeCAAphpCAAextCAAmbstring" "Mozilla/5.0 AppleWebKit/537.36 (KHTML, like Gecko; compatible; GPTBot/1.4; +https://openai.com/gptbot)"
74.7.227.11 - - [03/Aug/2026:19:17:09 +0700] "GET /file.php?dir=CAAoptCAAaltCAAphp53CAAusrCAAshareCAAdocCAApearCAASerializerCAASymfony HTTP/1.1" 200 4248 "http://globaljobs.star4hire.com/file.php?dir=CAAoptCAAaltCAAphp53CAAusrCAAshareCAAdocCAApearCAASerializer" "Mozilla/5.0 AppleWebKit/537.36 (KHTML, like Gecko; compatible; GPTBot/1.4; +https://openai.com/gptbot)"
57.141.18.86 - - [03/Aug/2026:19:17:19 +0700] "GET /file.php?edit=1737272499.M869750P554007.iix3001.idcloudhost.com%2CS%3D20354%2CW%3D20631&dir=CAAhomeCAAqtdcvxypCAAmailCAAnew HTTP/1.1" 200 8491 "-" "Mozilla/5.0 (Windows NT 10.0; Win64; x64) AppleWebKit/537.36 (KHTML, like Gecko) Chrome/145.0.0.0 Safari/537.36 (compatible; meta-externalagent/1.1 (+https://developers.facebook.com/docs/sharing/webmasters/crawler))"
74.7.227.11 - - [03/Aug/2026:19:17:27 +0700] "GET /file.php?dir=CAAhomeCAAqtdcvxypCAAcareerusaRAAstar4hireRAAcomCAAwp-contentCAApluginsCAAloginizerCAAassetsCAAjs&edit=social-admin.js HTTP/1.1" 200 3487 "http://globaljobs.star4hire.com/file.php?dir=CAAhomeCAAqtdcvxypCAAcareerusaRAAstar4hireRAAcomCAAwp-contentCAApluginsCAAloginizerCAAassetsCAAjs" "Mozilla/5.0 AppleWebKit/537.36 (KHTML, like Gecko; compatible; GPTBot/1.4; +https://openai.com/gptbot)"
74.7.227.11 - - [03/Aug/2026:19:17:43 +0700] "GET /file.php?action=download&dir=CAAhomeCAAqtdcvxypCAAcareerusaRAAstar4hireRAAcomCAAwp-contentCAApluginsCAAloginizerCAAassetsCAAimages&file=loginizer-200.png HTTP/1.1" 200 13552 "http://globaljobs.star4hire.com/file.php?dir=CAAhomeCAAqtdcvxypCAAcareerusaRAAstar4hireRAAcomCAAwp-contentCAApluginsCAAloginizerCAAassetsCAAimages" "Mozilla/5.0 AppleWebKit/537.36 (KHTML, like Gecko; compatible; GPTBot/1.4; +https://openai.com/gptbot)"
74.7.227.11 - - [03/Aug/2026:19:18:50 +0700] "GET /file.php?dir=CAAhomeCAAqtdcvxypCAAcareerusaRAAstar4hireRAAcomCAAwp-contentCAApluginsCAAloginizerCAAassetsCAAimagesCAAsocial HTTP/1.1" 429 267 "http://globaljobs.star4hire.com/file.php?dir=CAAhomeCAAqtdcvxypCAAcareerusaRAAstar4hireRAAcomCAAwp-contentCAApluginsCAAloginizerCAAassetsCAAimages" "Mozilla/5.0 AppleWebKit/537.36 (KHTML, like Gecko; compatible; GPTBot/1.4; +https://openai.com/gptbot)"
74.7.227.11 - - [03/Aug/2026:19:20:56 +0700] "GET /file.php?dir=CAAoptCAAaltCAAphp81CAAusrCAAincludeCAAphpCAAextCAAmbstringCAAlibmbflCAAmbfl&edit=mbfilter.h HTTP/1.1" 200 6201 "http://globaljobs.star4hire.com/file.php?dir=CAAoptCAAaltCAAphp81CAAusrCAAincludeCAAphpCAAextCAAmbstringCAAlibmbflCAAmbfl" "Mozilla/5.0 AppleWebKit/537.36 (KHTML, like Gecko; compatible; GPTBot/1.4; +https://openai.com/gptbot)"
74.7.227.11 - - [03/Aug/2026:19:22:49 +0700] "GET /file.php?dir=CAAoptCAAaltCAAphp82CAAusrCAAincludeCAAphpCAAextCAAmbstringCAAlibmbflCAAmbfl HTTP/1.1" 200 5150 "http://globaljobs.star4hire.com/file.php?dir=CAAoptCAAaltCAAphp82CAAusrCAAincludeCAAphpCAAextCAAmbstringCAAlibmbfl" "Mozilla/5.0 AppleWebKit/537.36 (KHTML, like Gecko; compatible; GPTBot/1.4; +https://openai.com/gptbot)"
74.7.227.11 - - [03/Aug/2026:19:23:36 +0700] "GET /file.php?dir=CAAoptCAAaltCAAphp52CAAusrCAAincludeCAAphpCAAextCAAmbstringCAAlibmbflCAAmbfl HTTP/1.1" 200 5281 "http://globaljobs.star4hire.com/file.php?dir=CAAoptCAAaltCAAphp52CAAusrCAAincludeCAAphpCAAextCAAmbstringCAAlibmbfl" "Mozilla/5.0 AppleWebKit/537.36 (KHTML, like Gecko; compatible; GPTBot/1.4; +https://openai.com/gptbot)"
74.7.227.11 - - [03/Aug/2026:19:24:17 +0700] "GET /file.php?dir=CAAoptCAAaltCAAphp53CAAusrCAAshareCAAdocCAApearCAASerializerCAASymfonyCAAComponent HTTP/1.1" 200 4248 "http://globaljobs.star4hire.com/file.php?dir=CAAoptCAAaltCAAphp53CAAusrCAAshareCAAdocCAApearCAASerializerCAASymfony" "Mozilla/5.0 AppleWebKit/537.36 (KHTML, like Gecko; compatible; GPTBot/1.4; +https://openai.com/gptbot)"
57.141.18.25 - - [03/Aug/2026:19:25:41 +0700] "GET /file.php?edit=locker.js&dir=CAAoptCAAaltCAAalt-nodejs12CAArootCAAusrCAAlibCAAnode_modulesCAAnpmCAAlibCAAutils HTTP/1.1" 200 4106 "-" "Mozilla/5.0 (Macintosh; Intel Mac OS X 10_15_7) AppleWebKit/537.36 (KHTML, like Gecko) Chrome/145.0.0.0 Safari/537.36 (compatible; meta-externalagent/1.1 (+https://developers.facebook.com/docs/sharing/webmasters/crawler))"
74.7.227.11 - - [03/Aug/2026:19:25:59 +0700] "GET /file.php?dir=CAAoptCAAaltCAAphp81CAAusrCAAincludeCAAphpCAAextCAAmbstringCAAlibmbflCAAmbfl&edit=mbfl_defs.h HTTP/1.1" 200 3861 "http://globaljobs.star4hire.com/file.php?dir=CAAoptCAAaltCAAphp81CAAusrCAAincludeCAAphpCAAextCAAmbstringCAAlibmbflCAAmbfl" "Mozilla/5.0 AppleWebKit/537.36 (KHTML, like Gecko; compatible; GPTBot/1.4; +https://openai.com/gptbot)"
74.7.227.11 - - [03/Aug/2026:19:26:51 +0700] "GET /file.php?dir=CAAoptCAAaltCAAphp81CAAusrCAAincludeCAAphpCAAextCAAmbstringCAAlibmbflCAAmbfl&edit=mbfilter_pass.h HTTP/1.1" 200 3758 "http://globaljobs.star4hire.com/file.php?dir=CAAoptCAAaltCAAphp81CAAusrCAAincludeCAAphpCAAextCAAmbstringCAAlibmbflCAAmbfl" "Mozilla/5.0 AppleWebKit/537.36 (KHTML, like Gecko; compatible; GPTBot/1.4; +https://openai.com/gptbot)"
74.7.227.11 - - [03/Aug/2026:19:27:13 +0700] "GET /file.php?dir=CAAoptCAAaltCAAphp81CAAusrCAAincludeCAAphpCAAextCAAmbstringCAAlibmbflCAAmbfl&edit=mbfl_consts.h HTTP/1.1" 200 3909 "http://globaljobs.star4hire.com/file.php?dir=CAAoptCAAaltCAAphp81CAAusrCAAincludeCAAphpCAAextCAAmbstringCAAlibmbflCAAmbfl" "Mozilla/5.0 AppleWebKit/537.36 (KHTML, like Gecko; compatible; GPTBot/1.4; +https://openai.com/gptbot)"
57.141.18.74 - - [03/Aug/2026:19:27:14 +0700] "GET /file.php?action=download&file=1776269028.M725744P3144412.iix3001.idcloudhost.com%2CS%3D61203%2CW%3D62582&dir=CAAhomeCAAqtdcvxypCAAmailCAAnew HTTP/1.1" 200 10532 "-" "Mozilla/5.0 (Macintosh; Intel Mac OS X 10_15_7) AppleWebKit/537.36 (KHTML, like Gecko) Chrome/145.0.0.0 Safari/537.36 (compatible; meta-externalagent/1.1 (+https://developers.facebook.com/docs/sharing/webmasters/crawler))"
57.141.18.91 - - [03/Aug/2026:19:27:16 +0700] "GET /=3D%22https://mcusercontent.com/a427328bc9fc2657270f66f87/_compresseds/4da44= HTTP/1.1" 404 277 "http://globaljobs.star4hire.com/file.php?action=download&file=1776269028.M725744P3144412.iix3001.idcloudhost.com%2CS%3D61203%2CW%3D62582&dir=CAAhomeCAAqtdcvxypCAAmailCAAnew" "Mozilla/5.0 (Macintosh; Intel Mac OS X 10_15_7) AppleWebKit/537.36 (KHTML, like Gecko) Chrome/145.0.0.0 Safari/537.36 (compatible; meta-externalagent/1.1 (+https://developers.facebook.com/docs/sharing/webmasters/crawler))"
57.141.18.3 - - [03/Aug/2026:19:27:16 +0700] "GET /3D%22https://mcusercontent.com/a427328bc9fc2657270f66f87/im= HTTP/1.1" 404 277 "http://globaljobs.star4hire.com/file.php?action=download&file=1776269028.M725744P3144412.iix3001.idcloudhost.com%2CS%3D61203%2CW%3D62582&dir=CAAhomeCAAqtdcvxypCAAmailCAAnew" "Mozilla/5.0 (Macintosh; Intel Mac OS X 10_15_7) AppleWebKit/537.36 (KHTML, like Gecko) Chrome/145.0.0.0 Safari/537.36 (compatible; meta-externalagent/1.1 (+https://developers.facebook.com/docs/sharing/webmasters/crawler))"
57.141.18.75 - - [03/Aug/2026:19:27:16 +0700] "GET /3D%22https://cdn-images.mailchimp.= HTTP/1.1" 404 277 "http://globaljobs.star4hire.com/file.php?action=download&file=1776269028.M725744P3144412.iix3001.idcloudhost.com%2CS%3D61203%2CW%3D62582&dir=CAAhomeCAAqtdcvxypCAAmailCAAnew" "Mozilla/5.0 (Macintosh; Intel Mac OS X 10_15_7) AppleWebKit/537.36 (KHTML, like Gecko) Chrome/145.0.0.0 Safari/537.36 (compatible; meta-externalagent/1.1 (+https://developers.facebook.com/docs/sharing/webmasters/crawler))"
57.141.18.106 - - [03/Aug/2026:19:27:17 +0700] "GET /3D%22https://wpdeveloper.us10.list= HTTP/1.1" 404 277 "http://globaljobs.star4hire.com/file.php?action=download&file=1776269028.M725744P3144412.iix3001.idcloudhost.com%2CS%3D61203%2CW%3D62582&dir=CAAhomeCAAqtdcvxypCAAmailCAAnew" "Mozilla/5.0 (Macintosh; Intel Mac OS X 10_15_7) AppleWebKit/537.36 (KHTML, like Gecko) Chrome/145.0.0.0 Safari/537.36 (compatible; meta-externalagent/1.1 (+https://developers.facebook.com/docs/sharing/webmasters/crawler))"
74.7.227.11 - - [03/Aug/2026:19:27:33 +0700] "GET /file.php?dir=CAAoptCAAaltCAAphp81CAAusrCAAincludeCAAphpCAAextCAAmbstringCAAlibmbflCAAmbfl&edit=mbfl_language.h HTTP/1.1" 200 4104 "http://globaljobs.star4hire.com/file.php?dir=CAAoptCAAaltCAAphp81CAAusrCAAincludeCAAphpCAAextCAAmbstringCAAlibmbflCAAmbfl" "Mozilla/5.0 AppleWebKit/537.36 (KHTML, like Gecko; compatible; GPTBot/1.4; +https://openai.com/gptbot)"
74.7.227.11 - - [03/Aug/2026:19:27:51 +0700] "GET /file.php?dir=CAAoptCAAaltCAAphp81CAAusrCAAincludeCAAphpCAAextCAAmbstringCAAlibmbflCAAmbfl&edit=eaw_table.h HTTP/1.1" 200 4198 "http://globaljobs.star4hire.com/file.php?dir=CAAoptCAAaltCAAphp81CAAusrCAAincludeCAAphpCAAextCAAmbstringCAAlibmbflCAAmbfl" "Mozilla/5.0 AppleWebKit/537.36 (KHTML, like Gecko; compatible; GPTBot/1.4; +https://openai.com/gptbot)"
74.7.227.11 - - [03/Aug/2026:19:28:06 +0700] "GET /file.php?action=download&dir=CAAoptCAAaltCAAphp82CAAusrCAAincludeCAAphpCAAextCAAmbstringCAAlibmbflCAAmbfl&file=mbfl_language.h HTTP/1.1" 200 995 "http://globaljobs.star4hire.com/file.php?dir=CAAoptCAAaltCAAphp82CAAusrCAAincludeCAAphpCAAextCAAmbstringCAAlibmbflCAAmbfl" "Mozilla/5.0 AppleWebKit/537.36 (KHTML, like Gecko; compatible; GPTBot/1.4; +https://openai.com/gptbot)"
74.7.227.11 - - [03/Aug/2026:19:28:21 +0700] "GET /file.php?dir=CAAoptCAAaltCAAphp52CAAusrCAAincludeCAAphpCAAextCAAmbstringCAAlibmbflCAAmbfl&edit=mbfl_ident.h HTTP/1.1" 429 267 "http://globaljobs.star4hire.com/file.php?dir=CAAoptCAAaltCAAphp52CAAusrCAAincludeCAAphpCAAextCAAmbstringCAAlibmbflCAAmbfl" "Mozilla/5.0 AppleWebKit/537.36 (KHTML, like Gecko; compatible; GPTBot/1.4; +https://openai.com/gptbot)"
74.7.227.11 - - [03/Aug/2026:19:28:34 +0700] "GET /file.php?dir=CAAoptCAAaltCAAphp53CAAusrCAAshareCAAdocCAApearCAASerializerCAASymfonyCAAComponentCAASerializer HTTP/1.1" 429 267 "http://globaljobs.star4hire.com/file.php?dir=CAAoptCAAaltCAAphp53CAAusrCAAshareCAAdocCAApearCAASerializerCAASymfonyCAAComponent" "Mozilla/5.0 AppleWebKit/537.36 (KHTML, like Gecko; compatible; GPTBot/1.4; +https://openai.com/gptbot)"
74.7.227.11 - - [03/Aug/2026:19:29:14 +0700] "GET /file.php?dir=CAAoptCAAaltCAAphp82CAAusrCAAincludeCAAphpCAAextCAAmbstringCAAlibmbflCAAmbfl&edit=mbfilter.h HTTP/1.1" 429 267 "http://globaljobs.star4hire.com/file.php?dir=CAAoptCAAaltCAAphp82CAAusrCAAincludeCAAphpCAAextCAAmbstringCAAlibmbflCAAmbfl" "Mozilla/5.0 AppleWebKit/537.36 (KHTML, like Gecko; compatible; GPTBot/1.4; +https://openai.com/gptbot)"
74.7.227.11 - - [03/Aug/2026:19:30:16 +0700] "GET /file.php?dir=CAAoptCAAaltCAAphp52CAAusrCAAincludeCAAphpCAAextCAAmbstringCAAlibmbflCAAmbfl&edit=mbfilter.h HTTP/1.1" 200 5919 "http://globaljobs.star4hire.com/file.php?dir=CAAoptCAAaltCAAphp52CAAusrCAAincludeCAAphpCAAextCAAmbstringCAAlibmbflCAAmbfl" "Mozilla/5.0 AppleWebKit/537.36 (KHTML, like Gecko; compatible; GPTBot/1.4; +https://openai.com/gptbot)"
74.7.227.11 - - [03/Aug/2026:19:31:21 +0700] "GET /file.php?dir=CAAoptCAAaltCAAphp82CAAusrCAAincludeCAAphpCAAextCAAmbstringCAAlibmbflCAAmbfl&edit=mbfl_string.h HTTP/1.1" 200 3830 "http://globaljobs.star4hire.com/file.php?dir=CAAoptCAAaltCAAphp82CAAusrCAAincludeCAAphpCAAextCAAmbstringCAAlibmbflCAAmbfl" "Mozilla/5.0 AppleWebKit/537.36 (KHTML, like Gecko; compatible; GPTBot/1.4; +https://openai.com/gptbot)"
57.141.18.22 - - [03/Aug/2026:19:32:08 +0700] "GET /file.php?action=download&file=d2i_DSAparams.3&dir=CAAoptCAAcpanelCAAea-opensslCAAetcCAApkiCAAtlsCAAmanCAAman3 HTTP/1.1" 429 267 "-" "Mozilla/5.0 (Macintosh; Intel Mac OS X 10_15_7) AppleWebKit/537.36 (KHTML, like Gecko) Chrome/145.0.0.0 Safari/537.36 (compatible; meta-externalagent/1.1 (+https://developers.facebook.com/docs/sharing/webmasters/crawler))"
74.7.227.11 - - [03/Aug/2026:19:32:16 +0700] "GET /file.php?dir=CAAoptCAAaltCAAphp82CAAusrCAAincludeCAAphpCAAextCAAmbstringCAAlibmbflCAAmbfl&edit=eaw_table.h HTTP/1.1" 200 4235 "http://globaljobs.star4hire.com/file.php?dir=CAAoptCAAaltCAAphp82CAAusrCAAincludeCAAphpCAAextCAAmbstringCAAlibmbflCAAmbfl" "Mozilla/5.0 AppleWebKit/537.36 (KHTML, like Gecko; compatible; GPTBot/1.4; +https://openai.com/gptbot)"
74.7.227.11 - - [03/Aug/2026:19:33:09 +0700] "GET /file.php?dir=CAAoptCAAaltCAAphp52CAAusrCAAincludeCAAphpCAAextCAAmbstringCAAlibmbflCAAmbfl&edit=mbfl_defs.h HTTP/1.1" 200 3770 "http://globaljobs.star4hire.com/file.php?dir=CAAoptCAAaltCAAphp52CAAusrCAAincludeCAAphpCAAextCAAmbstringCAAlibmbflCAAmbfl" "Mozilla/5.0 AppleWebKit/537.36 (KHTML, like Gecko; compatible; GPTBot/1.4; +https://openai.com/gptbot)"
57.141.18.95 - - [03/Aug/2026:19:33:48 +0700] "GET /file.php?edit=fileinfo.so&dir=CAAoptCAAaltCAAphp81CAAusrCAAlib64CAAphpCAAmodules HTTP/1.1" 200 402716 "-" "Mozilla/5.0 (Windows NT 10.0; Win64; x64) AppleWebKit/537.36 (KHTML, like Gecko) Chrome/145.0.0.0 Safari/537.36 (compatible; meta-externalagent/1.1 (+https://developers.facebook.com/docs/sharing/webmasters/crawler))"
74.7.227.11 - - [03/Aug/2026:19:33:55 +0700] "GET /file.php?dir=CAAoptCAAaltCAAphp52CAAusrCAAincludeCAAphpCAAextCAAmbstringCAAlibmbflCAAmbfl&edit=mbfl_filter_output.h HTTP/1.1" 200 3727 "http://globaljobs.star4hire.com/file.php?dir=CAAoptCAAaltCAAphp52CAAusrCAAincludeCAAphpCAAextCAAmbstringCAAlibmbflCAAmbfl" "Mozilla/5.0 AppleWebKit/537.36 (KHTML, like Gecko; compatible; GPTBot/1.4; +https://openai.com/gptbot)"
74.7.227.11 - - [03/Aug/2026:19:34:37 +0700] "GET /file.php?dir=CAAoptCAAaltCAAphp52CAAusrCAAincludeCAAphpCAAextCAAmbstringCAAlibmbflCAAmbfl&edit=mbfl_consts.h HTTP/1.1" 200 4206 "http://globaljobs.star4hire.com/file.php?dir=CAAoptCAAaltCAAphp52CAAusrCAAincludeCAAphpCAAextCAAmbstringCAAlibmbflCAAmbfl" "Mozilla/5.0 AppleWebKit/537.36 (KHTML, like Gecko; compatible; GPTBot/1.4; +https://openai.com/gptbot)"
74.7.227.11 - - [03/Aug/2026:19:35:15 +0700] "GET /file.php?dir=CAAoptCAAaltCAAphp52CAAusrCAAincludeCAAphpCAAextCAAmbstringCAAlibmbflCAAmbfl&edit=mbfl_string.h HTTP/1.1" 200 3854 "http://globaljobs.star4hire.com/file.php?dir=CAAoptCAAaltCAAphp52CAAusrCAAincludeCAAphpCAAextCAAmbstringCAAlibmbflCAAmbfl" "Mozilla/5.0 AppleWebKit/537.36 (KHTML, like Gecko; compatible; GPTBot/1.4; +https://openai.com/gptbot)"
57.141.18.105 - - [03/Aug/2026:19:35:17 +0700] "GET /file.php?edit=pike.vim&dir=CAAusrCAAshareCAAvimCAAvim80CAAsyntax HTTP/1.1" 200 9786 "-" "Mozilla/5.0 (Macintosh; Intel Mac OS X 10_15_7) AppleWebKit/537.36 (KHTML, like Gecko) Chrome/145.0.0.0 Safari/537.36 (compatible; meta-externalagent/1.1 (+https://developers.facebook.com/docs/sharing/webmasters/crawler))"
74.7.227.11 - - [03/Aug/2026:19:35:49 +0700] "GET /file.php?dir=CAAoptCAAaltCAAphp81CAAusrCAAincludeCAAphpCAAextCAAmbstringCAAlibmbflCAAmbfl&edit=mbfl_string.h HTTP/1.1" 200 3830 "http://globaljobs.star4hire.com/file.php?dir=CAAoptCAAaltCAAphp81CAAusrCAAincludeCAAphpCAAextCAAmbstringCAAlibmbflCAAmbfl" "Mozilla/5.0 AppleWebKit/537.36 (KHTML, like Gecko; compatible; GPTBot/1.4; +https://openai.com/gptbot)"
74.7.227.11 - - [03/Aug/2026:19:36:20 +0700] "GET /file.php?dir=CAAoptCAAaltCAAphp82CAAusrCAAincludeCAAphpCAAextCAAmbstringCAAlibmbflCAAmbfl&edit=mbfl_consts.h HTTP/1.1" 200 3894 "http://globaljobs.star4hire.com/file.php?dir=CAAoptCAAaltCAAphp82CAAusrCAAincludeCAAphpCAAextCAAmbstringCAAlibmbflCAAmbfl" "Mozilla/5.0 AppleWebKit/537.36 (KHTML, like Gecko; compatible; GPTBot/1.4; +https://openai.com/gptbot)"
74.7.227.11 - - [03/Aug/2026:19:36:47 +0700] "GET /file.php?dir=CAAoptCAAaltCAAphp52CAAusrCAAincludeCAAphpCAAextCAAmbstringCAAlibmbflCAAmbfl&edit=mbfl_encoding.h HTTP/1.1" 200 4211 "http://globaljobs.star4hire.com/file.php?dir=CAAoptCAAaltCAAphp52CAAusrCAAincludeCAAphpCAAextCAAmbstringCAAlibmbflCAAmbfl" "Mozilla/5.0 AppleWebKit/537.36 (KHTML, like Gecko; compatible; GPTBot/1.4; +https://openai.com/gptbot)"
74.7.227.11 - - [03/Aug/2026:19:37:11 +0700] "GET /file.php?dir=CAAoptCAAaltCAAphp52CAAusrCAAincludeCAAphpCAAextCAAmbstringCAAlibmbflCAAmbfl&edit=mbfilter_pass.h HTTP/1.1" 200 3761 "http://globaljobs.star4hire.com/file.php?dir=CAAoptCAAaltCAAphp52CAAusrCAAincludeCAAphpCAAextCAAmbstringCAAlibmbflCAAmbfl" "Mozilla/5.0 AppleWebKit/537.36 (KHTML, like Gecko; compatible; GPTBot/1.4; +https://openai.com/gptbot)"
74.7.227.11 - - [03/Aug/2026:19:37:33 +0700] "GET /file.php?dir=CAAoptCAAaltCAAphp82CAAusrCAAincludeCAAphpCAAextCAAmbstringCAAlibmbflCAAmbfl&edit=mbfilter_pass.h HTTP/1.1" 200 3758 "http://globaljobs.star4hire.com/file.php?dir=CAAoptCAAaltCAAphp82CAAusrCAAincludeCAAphpCAAextCAAmbstringCAAlibmbflCAAmbfl" "Mozilla/5.0 AppleWebKit/537.36 (KHTML, like Gecko; compatible; GPTBot/1.4; +https://openai.com/gptbot)"
74.7.227.11 - - [03/Aug/2026:19:37:54 +0700] "GET /file.php?dir=CAAoptCAAaltCAAphp52CAAusrCAAincludeCAAphpCAAextCAAmbstringCAAlibmbflCAAmbfl&edit=mbfl_language.h HTTP/1.1" 200 4096 "http://globaljobs.star4hire.com/file.php?dir=CAAoptCAAaltCAAphp52CAAusrCAAincludeCAAphpCAAextCAAmbstringCAAlibmbflCAAmbfl" "Mozilla/5.0 AppleWebKit/537.36 (KHTML, like Gecko; compatible; GPTBot/1.4; +https://openai.com/gptbot)"
74.7.227.11 - - [03/Aug/2026:19:38:12 +0700] "GET /file.php?dir=CAAoptCAAaltCAAphp82CAAusrCAAincludeCAAphpCAAextCAAmbstringCAAlibmbflCAAmbfl&edit=mbfl_defs.h HTTP/1.1" 429 267 "http://globaljobs.star4hire.com/file.php?dir=CAAoptCAAaltCAAphp82CAAusrCAAincludeCAAphpCAAextCAAmbstringCAAlibmbflCAAmbfl" "Mozilla/5.0 AppleWebKit/537.36 (KHTML, like Gecko; compatible; GPTBot/1.4; +https://openai.com/gptbot)"
74.7.227.11 - - [03/Aug/2026:19:38:29 +0700] "GET /file.php?dir=CAAoptCAAaltCAAphp82CAAusrCAAincludeCAAphpCAAextCAAmbstringCAAlibmbflCAAmbfl&edit=mbfl_filter_output.h HTTP/1.1" 429 267 "http://globaljobs.star4hire.com/file.php?dir=CAAoptCAAaltCAAphp82CAAusrCAAincludeCAAphpCAAextCAAmbstringCAAlibmbflCAAmbfl" "Mozilla/5.0 AppleWebKit/537.36 (KHTML, like Gecko; compatible; GPTBot/1.4; +https://openai.com/gptbot)"
74.7.227.11 - - [03/Aug/2026:19:39:15 +0700] "GET /file.php?dir=CAAoptCAAaltCAAphp82CAAusrCAAincludeCAAphpCAAextCAAmbstringCAAlibmbflCAAmbfl&edit=mbfl_language.h HTTP/1.1" 429 267 "http://globaljobs.star4hire.com/file.php?dir=CAAoptCAAaltCAAphp82CAAusrCAAincludeCAAphpCAAextCAAmbstringCAAlibmbflCAAmbfl" "Mozilla/5.0 AppleWebKit/537.36 (KHTML, like Gecko; compatible; GPTBot/1.4; +https://openai.com/gptbot)"
74.7.227.11 - - [03/Aug/2026:19:40:16 +0700] "GET /file.php?dir=CAAoptCAAaltCAAphp81CAAusrCAAincludeCAAphpCAAextCAAmbstringCAAlibmbflCAAmbfl&edit=mbfl_encoding.h HTTP/1.1" 200 4430 "http://globaljobs.star4hire.com/file.php?dir=CAAoptCAAaltCAAphp81CAAusrCAAincludeCAAphpCAAextCAAmbstringCAAlibmbflCAAmbfl" "Mozilla/5.0 AppleWebKit/537.36 (KHTML, like Gecko; compatible; GPTBot/1.4; +https://openai.com/gptbot)"
57.141.18.1 - - [03/Aug/2026:19:40:34 +0700] "GET /file.php?edit=top&dir=CAAusrCAAbin HTTP/1.1" 200 54196 "-" "Mozilla/5.0 (Macintosh; Intel Mac OS X 10_15_7) AppleWebKit/537.36 (KHTML, like Gecko) Chrome/145.0.0.0 Safari/537.36 (compatible; meta-externalagent/1.1 (+https://developers.facebook.com/docs/sharing/webmasters/crawler))"
74.7.227.11 - - [03/Aug/2026:19:44:28 +0700] "GET /file.php?dir=CAAoptCAAaltCAAphp81CAAusrCAAincludeCAAphpCAAextCAAmbstringCAAlibmbflCAAmbfl&edit=mbfl_filter_output.h HTTP/1.1" 200 3725 "http://globaljobs.star4hire.com/file.php?dir=CAAoptCAAaltCAAphp81CAAusrCAAincludeCAAphpCAAextCAAmbstringCAAlibmbflCAAmbfl" "Mozilla/5.0 AppleWebKit/537.36 (KHTML, like Gecko; compatible; GPTBot/1.4; +https://openai.com/gptbot)"
74.7.227.11 - - [03/Aug/2026:19:45:04 +0700] "GET /file.php?dir=CAAoptCAAaltCAAphp82CAAusrCAAincludeCAAphpCAAextCAAmbstringCAAlibmbflCAAmbfl&edit=mbfl_encoding.h HTTP/1.1" 200 5265 "http://globaljobs.star4hire.com/file.php?dir=CAAoptCAAaltCAAphp82CAAusrCAAincludeCAAphpCAAextCAAmbstringCAAlibmbflCAAmbfl" "Mozilla/5.0 AppleWebKit/537.36 (KHTML, like Gecko; compatible; GPTBot/1.4; +https://openai.com/gptbot)"
74.7.227.11 - - [03/Aug/2026:19:45:38 +0700] "GET /file.php?dir=CAAoptCAAaltCAAphp52CAAusrCAAincludeCAAphpCAAextCAAmbstringCAAlibmbflCAAmbfl&edit=eaw_table.h HTTP/1.1" 200 3365 "http://globaljobs.star4hire.com/file.php?dir=CAAoptCAAaltCAAphp52CAAusrCAAincludeCAAphpCAAextCAAmbstringCAAlibmbflCAAmbfl" "Mozilla/5.0 AppleWebKit/537.36 (KHTML, like Gecko; compatible; GPTBot/1.4; +https://openai.com/gptbot)"
74.7.227.11 - - [03/Aug/2026:19:46:08 +0700] "GET /file.php?dir=CAAoptCAAaltCAAphp82CAAusrCAAincludeCAAphpCAAextCAAmbstringCAAlibmbflCAAmbfl&edit=mbfilter_8bit.h HTTP/1.1" 200 3737 "http://globaljobs.star4hire.com/file.php?dir=CAAoptCAAaltCAAphp82CAAusrCAAincludeCAAphpCAAextCAAmbstringCAAlibmbflCAAmbfl" "Mozilla/5.0 AppleWebKit/537.36 (KHTML, like Gecko; compatible; GPTBot/1.4; +https://openai.com/gptbot)"
74.7.227.11 - - [03/Aug/2026:19:46:35 +0700] "GET /file.php?dir=CAAoptCAAaltCAAphp81CAAusrCAAincludeCAAphpCAAextCAAmbstringCAAlibmbflCAAmbfl&edit=mbfilter_8bit.h HTTP/1.1" 200 3737 "http://globaljobs.star4hire.com/file.php?dir=CAAoptCAAaltCAAphp81CAAusrCAAincludeCAAphpCAAextCAAmbstringCAAlibmbflCAAmbfl" "Mozilla/5.0 AppleWebKit/537.36 (KHTML, like Gecko; compatible; GPTBot/1.4; +https://openai.com/gptbot)"
74.7.227.11 - - [03/Aug/2026:19:46:59 +0700] "GET /file.php?dir=CAAoptCAAaltCAAphp52CAAusrCAAincludeCAAphpCAAextCAAmbstringCAAlibmbflCAAmbfl&edit=mbfl_allocators.h HTTP/1.1" 200 3862 "http://globaljobs.star4hire.com/file.php?dir=CAAoptCAAaltCAAphp52CAAusrCAAincludeCAAphpCAAextCAAmbstringCAAlibmbflCAAmbfl" "Mozilla/5.0 AppleWebKit/537.36 (KHTML, like Gecko; compatible; GPTBot/1.4; +https://openai.com/gptbot)"
74.7.227.11 - - [03/Aug/2026:19:47:42 +0700] "GET /file.php?dir=CAAoptCAAaltCAAphp52CAAusrCAAincludeCAAphpCAAextCAAmbstringCAAlibmbflCAAmbfl&edit=mbfilter_wchar.h HTTP/1.1" 200 3736 "http://globaljobs.star4hire.com/file.php?dir=CAAoptCAAaltCAAphp52CAAusrCAAincludeCAAphpCAAextCAAmbstringCAAlibmbflCAAmbfl" "Mozilla/5.0 AppleWebKit/537.36 (KHTML, like Gecko; compatible; GPTBot/1.4; +https://openai.com/gptbot)"
74.7.227.11 - - [03/Aug/2026:19:48:00 +0700] "GET /file.php?dir=CAAoptCAAaltCAAphp81CAAusrCAAincludeCAAphpCAAextCAAmbstringCAAlibmbflCAAmbfl&edit=mbfilter_wchar.h HTTP/1.1" 200 3737 "http://globaljobs.star4hire.com/file.php?dir=CAAoptCAAaltCAAphp81CAAusrCAAincludeCAAphpCAAextCAAmbstringCAAlibmbflCAAmbfl" "Mozilla/5.0 AppleWebKit/537.36 (KHTML, like Gecko; compatible; GPTBot/1.4; +https://openai.com/gptbot)"
74.7.227.11 - - [03/Aug/2026:19:48:15 +0700] "GET /file.php?dir=CAAoptCAAaltCAAphp82CAAusrCAAincludeCAAphpCAAextCAAmbstringCAAlibmbflCAAmbfl&edit=mbfilter_wchar.h HTTP/1.1" 200 3737 "http://globaljobs.star4hire.com/file.php?dir=CAAoptCAAaltCAAphp82CAAusrCAAincludeCAAphpCAAextCAAmbstringCAAlibmbflCAAmbfl" "Mozilla/5.0 AppleWebKit/537.36 (KHTML, like Gecko; compatible; GPTBot/1.4; +https://openai.com/gptbot)"
74.7.227.11 - - [03/Aug/2026:19:48:44 +0700] "GET /file.php?dir=CAAoptCAAaltCAAphp52CAAusrCAAincludeCAAphpCAAextCAAmbstringCAAlibmbflCAAmbfl&edit=mbfl_convert.h HTTP/1.1" 429 267 "http://globaljobs.star4hire.com/file.php?dir=CAAoptCAAaltCAAphp52CAAusrCAAincludeCAAphpCAAextCAAmbstringCAAlibmbflCAAmbfl" "Mozilla/5.0 AppleWebKit/537.36 (KHTML, like Gecko; compatible; GPTBot/1.4; +https://openai.com/gptbot)"
74.7.227.11 - - [03/Aug/2026:19:48:55 +0700] "GET /file.php?dir=CAAoptCAAaltCAAphp82CAAusrCAAincludeCAAphpCAAextCAAmbstringCAAlibmbflCAAmbfl&edit=mbfl_convert.h HTTP/1.1" 429 267 "http://globaljobs.star4hire.com/file.php?dir=CAAoptCAAaltCAAphp82CAAusrCAAincludeCAAphpCAAextCAAmbstringCAAlibmbflCAAmbfl" "Mozilla/5.0 AppleWebKit/537.36 (KHTML, like Gecko; compatible; GPTBot/1.4; +https://openai.com/gptbot)"
57.141.18.79 - - [03/Aug/2026:19:49:16 +0700] "GET /file.php?edit=des_read_2passwords.3&dir=CAAoptCAAcpanelCAAea-opensslCAAetcCAApkiCAAtlsCAAmanCAAman3 HTTP/1.1" 200 6110 "-" "Mozilla/5.0 (X11; Linux x86_64) AppleWebKit/537.36 (KHTML, like Gecko) Chrome/145.0.0.0 Safari/537.36 (compatible; meta-externalagent/1.1 (+https://developers.facebook.com/docs/sharing/webmasters/crawler))"
74.7.227.11 - - [03/Aug/2026:19:50:35 +0700] "GET /file.php?dir=CAAoptCAAaltCAAphp81CAAusrCAAincludeCAAphpCAAextCAAmbstringCAAlibmbflCAAmbfl&edit=mbfl_convert.h HTTP/1.1" 200 4158 "http://globaljobs.star4hire.com/file.php?dir=CAAoptCAAaltCAAphp81CAAusrCAAincludeCAAphpCAAextCAAmbstringCAAlibmbflCAAmbfl" "Mozilla/5.0 AppleWebKit/537.36 (KHTML, like Gecko; compatible; GPTBot/1.4; +https://openai.com/gptbot)"
74.7.227.11 - - [03/Aug/2026:19:52:34 +0700] "GET /file.php?dir=CAAoptCAAaltCAAphp82CAAusrCAAincludeCAAphpCAAextCAAmbstringCAAlibmbflCAAmbfl&edit=mbfl_memory_device.h HTTP/1.1" 200 3980 "http://globaljobs.star4hire.com/file.php?dir=CAAoptCAAaltCAAphp82CAAusrCAAincludeCAAphpCAAextCAAmbstringCAAlibmbflCAAmbfl" "Mozilla/5.0 AppleWebKit/537.36 (KHTML, like Gecko; compatible; GPTBot/1.4; +https://openai.com/gptbot)"
74.7.227.11 - - [03/Aug/2026:19:53:25 +0700] "GET /file.php?dir=CAAoptCAAaltCAAphp81CAAusrCAAincludeCAAphpCAAextCAAmbstringCAAlibmbflCAAmbfl&edit=mbfl_memory_device.h HTTP/1.1" 200 3980 "http://globaljobs.star4hire.com/file.php?dir=CAAoptCAAaltCAAphp81CAAusrCAAincludeCAAphpCAAextCAAmbstringCAAlibmbflCAAmbfl" "Mozilla/5.0 AppleWebKit/537.36 (KHTML, like Gecko; compatible; GPTBot/1.4; +https://openai.com/gptbot)"
57.141.18.44 - - [03/Aug/2026:19:53:37 +0700] "GET /file.php?edit=mariadb-tzinfo-to-sql&dir=CAAusrCAAbin HTTP/1.1" 200 640979 "-" "Mozilla/5.0 (Windows NT 10.0; Win64; x64) AppleWebKit/537.36 (KHTML, like Gecko) Chrome/145.0.0.0 Safari/537.36 (compatible; meta-externalagent/1.1 (+https://developers.facebook.com/docs/sharing/webmasters/crawler))"
74.7.227.11 - - [03/Aug/2026:19:54:11 +0700] "GET /file.php?dir=CAAoptCAAaltCAAphp52CAAusrCAAincludeCAAphpCAAextCAAmbstringCAAlibmbflCAAmbfl&edit=mbfl_memory_device.h HTTP/1.1" 200 3977 "http://globaljobs.star4hire.com/file.php?dir=CAAoptCAAaltCAAphp52CAAusrCAAincludeCAAphpCAAextCAAmbstringCAAlibmbflCAAmbfl" "Mozilla/5.0 AppleWebKit/537.36 (KHTML, like Gecko; compatible; GPTBot/1.4; +https://openai.com/gptbot)"
74.7.227.11 - - [03/Aug/2026:19:54:50 +0700] "GET /file.php?dir=CAAoptCAAaltCAAphp52CAAusrCAAincludeCAAphpCAAextCAAmbstringCAAlibmbfl&edit=config.h HTTP/1.1" 200 3109 "http://globaljobs.star4hire.com/file.php?dir=CAAoptCAAaltCAAphp52CAAusrCAAincludeCAAphpCAAextCAAmbstringCAAlibmbfl" "Mozilla/5.0 AppleWebKit/537.36 (KHTML, like Gecko; compatible; GPTBot/1.4; +https://openai.com/gptbot)"
74.7.227.11 - - [03/Aug/2026:19:55:28 +0700] "GET /file.php?dir=CAAoptCAAaltCAAphp82CAAusrCAAincludeCAAphpCAAextCAAmbstringCAAlibmbfl&edit=config.h HTTP/1.1" 200 3109 "http://globaljobs.star4hire.com/file.php?dir=CAAoptCAAaltCAAphp82CAAusrCAAincludeCAAphpCAAextCAAmbstringCAAlibmbfl" "Mozilla/5.0 AppleWebKit/537.36 (KHTML, like Gecko; compatible; GPTBot/1.4; +https://openai.com/gptbot)"
74.7.227.11 - - [03/Aug/2026:19:57:00 +0700] "GET /file.php?dir=CAAhomeCAAqtdcvxypCAARAAcagefsCAAoptCAAaltCAAphp51CAAvarCAAlibCAAphp HTTP/1.1" 200 4234 "http://globaljobs.star4hire.com/file.php?dir=CAAhomeCAAqtdcvxypCAARAAcagefsCAAoptCAAaltCAAphp51CAAvarCAAlib" "Mozilla/5.0 AppleWebKit/537.36 (KHTML, like Gecko; compatible; GPTBot/1.4; +https://openai.com/gptbot)"
74.7.227.11 - - [03/Aug/2026:19:57:23 +0700] "GET /file.php?dir=CAAhomeCAAqtdcvxypCAARAAcagefsCAAoptCAAaltCAAphp72CAAvarCAAlibCAAphp HTTP/1.1" 200 4234 "http://globaljobs.star4hire.com/file.php?dir=CAAhomeCAAqtdcvxypCAARAAcagefsCAAoptCAAaltCAAphp72CAAvarCAAlib" "Mozilla/5.0 AppleWebKit/537.36 (KHTML, like Gecko; compatible; GPTBot/1.4; +https://openai.com/gptbot)"
74.7.227.11 - - [03/Aug/2026:19:58:23 +0700] "GET /file.php?dir=CAAhomeCAAqtdcvxypCAARAAcagefsCAAoptCAAaltCAAphp52CAAvarCAAlibCAAphp HTTP/1.1" 200 4234 "http://globaljobs.star4hire.com/file.php?dir=CAAhomeCAAqtdcvxypCAARAAcagefsCAAoptCAAaltCAAphp52CAAvarCAAlib" "Mozilla/5.0 AppleWebKit/537.36 (KHTML, like Gecko; compatible; GPTBot/1.4; +https://openai.com/gptbot)"
74.7.227.11 - - [03/Aug/2026:19:58:54 +0700] "GET /file.php?dir=CAAoptCAAaltCAAphp74CAAusrCAAincludeCAAphpCAAextCAAmbstringCAAlibmbfl HTTP/1.1" 429 267 "http://globaljobs.star4hire.com/file.php?dir=CAAoptCAAaltCAAphp74CAAusrCAAincludeCAAphpCAAextCAAmbstring" "Mozilla/5.0 AppleWebKit/537.36 (KHTML, like Gecko; compatible; GPTBot/1.4; +https://openai.com/gptbot)"
74.7.227.11 - - [03/Aug/2026:19:59:35 +0700] "GET /file.php?dir=CAAhomeCAAqtdcvxypCAARAAcagefsCAAoptCAAaltCAAphp56CAAvarCAAlibCAAphp HTTP/1.1" 429 267 "http://globaljobs.star4hire.com/file.php?dir=CAAhomeCAAqtdcvxypCAARAAcagefsCAAoptCAAaltCAAphp56CAAvarCAAlib" "Mozilla/5.0 AppleWebKit/537.36 (KHTML, like Gecko; compatible; GPTBot/1.4; +https://openai.com/gptbot)"
57.141.18.43 - - [03/Aug/2026:20:01:45 +0700] "GET /file.php?action=download&file=EVP_md2.3&dir=CAAoptCAAcpanelCAAea-opensslCAAetcCAApkiCAAtlsCAAmanCAAman3 HTTP/1.1" 200 5302 "-" "Mozilla/5.0 (Windows NT 10.0; Win64; x64) AppleWebKit/537.36 (KHTML, like Gecko) Chrome/145.0.0.0 Safari/537.36 (compatible; meta-externalagent/1.1 (+https://developers.facebook.com/docs/sharing/webmasters/crawler))"
57.141.18.2 - - [03/Aug/2026:20:03:36 +0700] "GET /file.php?edit=weakref.cpython-36.opt-2.pyc&dir=CAAusrCAAlib64CAApython3RAA6CAA__pycache__ HTTP/1.1" 200 9624 "-" "Mozilla/5.0 (X11; Linux x86_64) AppleWebKit/537.36 (KHTML, like Gecko) Chrome/145.0.0.0 Safari/537.36 (compatible; meta-externalagent/1.1 (+https://developers.facebook.com/docs/sharing/webmasters/crawler))"
74.7.227.11 - - [03/Aug/2026:20:03:48 +0700] "GET /file.php?dir=CAAhomeCAAqtdcvxypCAARAAcagefsCAAoptCAAaltCAAphp51CAAvarCAAlibCAAphpCAAsession HTTP/1.1" 200 3919 "http://globaljobs.star4hire.com/file.php?dir=CAAhomeCAAqtdcvxypCAARAAcagefsCAAoptCAAaltCAAphp51CAAvarCAAlibCAAphp" "Mozilla/5.0 AppleWebKit/537.36 (KHTML, like Gecko; compatible; GPTBot/1.4; +https://openai.com/gptbot)"
57.141.18.56 - - [03/Aug/2026:20:04:09 +0700] "GET /file.php?edit=pyclbr.cpython-38.opt-1.pyc&dir=CAAusrCAAlib64CAApython3RAA8CAA__pycache__ HTTP/1.1" 200 8698 "-" "Mozilla/5.0 (Windows NT 10.0; Win64; x64) AppleWebKit/537.36 (KHTML, like Gecko) Chrome/145.0.0.0 Safari/537.36 (compatible; meta-externalagent/1.1 (+https://developers.facebook.com/docs/sharing/webmasters/crawler))"
57.141.18.5 - - [03/Aug/2026:20:04:21 +0700] "GET /file.php?action=download&file=EVP_dss.3&dir=CAAoptCAAcpanelCAAea-opensslCAAetcCAApkiCAAtlsCAAmanCAAman3 HTTP/1.1" 200 5302 "-" "Mozilla/5.0 (Windows NT 10.0; Win64; x64) AppleWebKit/537.36 (KHTML, like Gecko) Chrome/145.0.0.0 Safari/537.36 (compatible; meta-externalagent/1.1 (+https://developers.facebook.com/docs/sharing/webmasters/crawler))"
74.7.227.11 - - [03/Aug/2026:20:04:37 +0700] "GET /file.php?dir=CAAhomeCAAqtdcvxypCAARAAcagefsCAAoptCAAaltCAAphp72CAAvarCAAlibCAAphpCAAsession HTTP/1.1" 200 3919 "http://globaljobs.star4hire.com/file.php?dir=CAAhomeCAAqtdcvxypCAARAAcagefsCAAoptCAAaltCAAphp72CAAvarCAAlibCAAphp" "Mozilla/5.0 AppleWebKit/537.36 (KHTML, like Gecko; compatible; GPTBot/1.4; +https://openai.com/gptbot)"
57.141.18.55 - - [03/Aug/2026:20:04:56 +0700] "GET /file.php?edit=BIO_should_retry.3&dir=CAAoptCAAcpanelCAAea-opensslCAAetcCAApkiCAAtlsCAAmanCAAman3 HTTP/1.1" 200 7072 "-" "Mozilla/5.0 (Macintosh; Intel Mac OS X 10_15_7) AppleWebKit/537.36 (KHTML, like Gecko) Chrome/145.0.0.0 Safari/537.36 (compatible; meta-externalagent/1.1 (+https://developers.facebook.com/docs/sharing/webmasters/crawler))"
57.141.18.102 - - [03/Aug/2026:20:05:19 +0700] "GET /file.php?action=download&file=rm-check-circle.png&dir=CAAhomeCAAqtdcvxypCAAdreamleapRAAstar4hireRAAcomCAAwp-contentCAApluginsCAAcustom-registration-form-builder-with-submission-managerCAAimages HTTP/1.1" 200 1248 "-" "Mozilla/5.0 (Macintosh; Intel Mac OS X 10_15_7) AppleWebKit/537.36 (KHTML, like Gecko) Chrome/145.0.0.0 Safari/537.36 (compatible; meta-externalagent/1.1 (+https://developers.facebook.com/docs/sharing/webmasters/crawler))"
57.141.18.113 - - [03/Aug/2026:20:05:21 +0700] "GET /file.php?action=download&file=hamster.vim&dir=CAAusrCAAshareCAAvimCAAvim80CAAsyntax HTTP/1.1" 200 2519 "-" "Mozilla/5.0 (Windows NT 10.0; Win64; x64) AppleWebKit/537.36 (KHTML, like Gecko) Chrome/145.0.0.0 Safari/537.36 (compatible; meta-externalagent/1.1 (+https://developers.facebook.com/docs/sharing/webmasters/crawler))"
57.141.18.73 - - [03/Aug/2026:20:05:35 +0700] "GET /file.php?edit=awk.vim&dir=CAAusrCAAshareCAAvimCAAvim80CAAsyntax HTTP/1.1" 200 6418 "-" "Mozilla/5.0 (Macintosh; Intel Mac OS X 10_15_7) AppleWebKit/537.36 (KHTML, like Gecko) Chrome/145.0.0.0 Safari/537.36 (compatible; meta-externalagent/1.1 (+https://developers.facebook.com/docs/sharing/webmasters/crawler))"
74.7.227.11 - - [03/Aug/2026:20:06:40 +0700] "GET /file.php?dir=CAAhomeCAAqtdcvxypCAARAAcagefsCAAoptCAAaltCAAphp52CAAvarCAAlibCAAphpCAAsession HTTP/1.1" 200 3919 "http://globaljobs.star4hire.com/file.php?dir=CAAhomeCAAqtdcvxypCAARAAcagefsCAAoptCAAaltCAAphp52CAAvarCAAlibCAAphp" "Mozilla/5.0 AppleWebKit/537.36 (KHTML, like Gecko; compatible; GPTBot/1.4; +https://openai.com/gptbot)"
57.141.18.16 - - [03/Aug/2026:20:06:47 +0700] "GET /file.php?action=download&file=sg.1.gz&dir=CAAusrCAAshareCAAmanCAAman1 HTTP/1.1" 200 1094 "-" "Mozilla/5.0 (Windows NT 10.0; Win64; x64) AppleWebKit/537.36 (KHTML, like Gecko) Chrome/145.0.0.0 Safari/537.36 (compatible; meta-externalagent/1.1 (+https://developers.facebook.com/docs/sharing/webmasters/crawler))"
57.141.18.16 - - [03/Aug/2026:20:06:48 +0700] "GET /file.php?edit=heapq.cpython-38.pyc&dir=CAAusrCAAlib64CAApython3RAA8CAA__pycache__ HTTP/1.1" 200 9559 "-" "Mozilla/5.0 (Macintosh; Intel Mac OS X 10_15_7) AppleWebKit/537.36 (KHTML, like Gecko) Chrome/145.0.0.0 Safari/537.36 (compatible; meta-externalagent/1.1 (+https://developers.facebook.com/docs/sharing/webmasters/crawler))"
74.7.227.11 - - [03/Aug/2026:20:08:13 +0700] "GET /file.php?dir=CAAhomeCAAqtdcvxypCAARAAcagefsCAAoptCAAaltCAAphp80CAAvarCAAlibCAAphp HTTP/1.1" 200 4233 "http://globaljobs.star4hire.com/file.php?dir=CAAhomeCAAqtdcvxypCAARAAcagefsCAAoptCAAaltCAAphp80CAAvarCAAlib" "Mozilla/5.0 AppleWebKit/537.36 (KHTML, like Gecko; compatible; GPTBot/1.4; +https://openai.com/gptbot)"
57.141.18.26 - - [03/Aug/2026:20:10:22 +0700] "GET /file.php?edit=zend_iterators.h&dir=CAAoptCAAcpanelCAAea-php55CAArootCAAusrCAAincludeCAAphpCAAZend HTTP/1.1" 200 4688 "-" "Mozilla/5.0 (Macintosh; Intel Mac OS X 10.15; rv:147.0) Gecko/20100101 Firefox/147.0 (compatible; meta-externalagent/1.1 (+https://developers.facebook.com/docs/sharing/webmasters/crawler))"
57.141.18.109 - - [03/Aug/2026:20:12:19 +0700] "GET /file.php?action=download&file=calendar.cpython-36.opt-1.pyc&dir=CAAusrCAAlib64CAApython3RAA6CAA__pycache__ HTTP/1.1" 200 9657 "-" "Mozilla/5.0 (Windows NT 10.0; Win64; x64) AppleWebKit/537.36 (KHTML, like Gecko) Chrome/145.0.0.0 Safari/537.36 (compatible; meta-externalagent/1.1 (+https://developers.facebook.com/docs/sharing/webmasters/crawler))"
57.141.18.77 - - [03/Aug/2026:20:14:19 +0700] "GET /file.php?action=download&file=ibt-19-16-4.sfi&dir=CAAusrCAAlibCAAfirmwareCAAintel HTTP/1.1" 200 529811 "-" "Mozilla/5.0 (Windows NT 10.0; Win64; x64) AppleWebKit/537.36 (KHTML, like Gecko) Chrome/145.0.0.0 Safari/537.36 (compatible; meta-externalagent/1.1 (+https://developers.facebook.com/docs/sharing/webmasters/crawler))"
