74.7.227.11 - - [04/Aug/2026:01:09:32 +0700] "GET /file.php?dir=CAAoptCAAaltCAApython27CAAlib64CAApython2RAA7&edit=xmlrpclib.pyo HTTP/1.1" 200 16777 "http://globaljobs.star4hire.com/file.php?dir=CAAoptCAAaltCAApython27CAAlib64CAApython2RAA7" "Mozilla/5.0 AppleWebKit/537.36 (KHTML, like Gecko; compatible; GPTBot/1.4; +https://openai.com/gptbot)"
74.7.227.11 - - [04/Aug/2026:01:10:03 +0700] "GET /file.php?dir=CAAoptCAAaltCAApython27CAAlib64CAApython2RAA7&edit=audiodev.pyc HTTP/1.1" 200 6098 "http://globaljobs.star4hire.com/file.php?dir=CAAoptCAAaltCAApython27CAAlib64CAApython2RAA7" "Mozilla/5.0 AppleWebKit/537.36 (KHTML, like Gecko; compatible; GPTBot/1.4; +https://openai.com/gptbot)"
74.7.227.11 - - [04/Aug/2026:01:10:29 +0700] "GET /file.php?dir=CAAoptCAAaltCAApython27CAAlib64CAApython2RAA7&edit=xmlrpclib.py HTTP/1.1" 200 17224 "http://globaljobs.star4hire.com/file.php?dir=CAAoptCAAaltCAApython27CAAlib64CAApython2RAA7" "Mozilla/5.0 AppleWebKit/537.36 (KHTML, like Gecko; compatible; GPTBot/1.4; +https://openai.com/gptbot)"
74.7.227.11 - - [04/Aug/2026:01:10:55 +0700] "GET /file.php?dir=CAAoptCAAaltCAApython27CAAlib64CAApython2RAA7&edit=functools.pyo HTTP/1.1" 200 4900 "http://globaljobs.star4hire.com/file.php?dir=CAAoptCAAaltCAApython27CAAlib64CAApython2RAA7" "Mozilla/5.0 AppleWebKit/537.36 (KHTML, like Gecko; compatible; GPTBot/1.4; +https://openai.com/gptbot)"
74.7.227.11 - - [04/Aug/2026:01:11:17 +0700] "GET /file.php?dir=CAAoptCAAaltCAApython27CAAlib64CAApython2RAA7&edit=functools.pyc HTTP/1.1" 200 4900 "http://globaljobs.star4hire.com/file.php?dir=CAAoptCAAaltCAApython27CAAlib64CAApython2RAA7" "Mozilla/5.0 AppleWebKit/537.36 (KHTML, like Gecko; compatible; GPTBot/1.4; +https://openai.com/gptbot)"
74.7.227.11 - - [04/Aug/2026:01:11:42 +0700] "GET /file.php?dir=CAAoptCAAaltCAApython27CAAlib64CAApython2RAA7&edit=sunaudio.pyc HTTP/1.1" 200 4043 "http://globaljobs.star4hire.com/file.php?dir=CAAoptCAAaltCAApython27CAAlib64CAApython2RAA7" "Mozilla/5.0 AppleWebKit/537.36 (KHTML, like Gecko; compatible; GPTBot/1.4; +https://openai.com/gptbot)"
57.141.18.105 - - [04/Aug/2026:01:11:46 +0700] "GET /file.php?action=download&file=1734967583.M121020P3395147.iix3001.idcloudhost.com%2CS%3D20344%2CW%3D20621&dir=CAAhomeCAAqtdcvxypCAAmailCAAnew HTTP/1.1" 200 5240 "-" "Mozilla/5.0 (Macintosh; Intel Mac OS X 10_15_7) AppleWebKit/537.36 (KHTML, like Gecko) Chrome/145.0.0.0 Safari/537.36 (compatible; meta-externalagent/1.1 (+https://developers.facebook.com/docs/sharing/webmasters/crawler))"
57.141.18.80 - - [04/Aug/2026:01:11:59 +0700] "GET /file.php?edit=zend_ptr_stack.h&dir=CAAoptCAAcpanelCAAea-php71CAArootCAAusrCAAincludeCAAphpCAAZend HTTP/1.1" 200 4580 "-" "Mozilla/5.0 (Windows NT 10.0; Win64; x64) AppleWebKit/537.36 (KHTML, like Gecko) Chrome/145.0.0.0 Safari/537.36 (compatible; meta-externalagent/1.1 (+https://developers.facebook.com/docs/sharing/webmasters/crawler))"
74.7.227.11 - - [04/Aug/2026:01:12:01 +0700] "GET /file.php?dir=CAAoptCAAaltCAApython36CAAlib64CAApython3RAA6&edit=subprocess.py HTTP/1.1" 200 17669 "http://globaljobs.star4hire.com/file.php?dir=CAAoptCAAaltCAApython36CAAlib64CAApython3RAA6" "Mozilla/5.0 AppleWebKit/537.36 (KHTML, like Gecko; compatible; GPTBot/1.4; +https://openai.com/gptbot)"
57.141.18.100 - - [04/Aug/2026:01:12:03 +0700] "GET /file.php?action=download&file=ibt-1040-1020.sfi&dir=CAAusrCAAlibCAAfirmwareCAAintel HTTP/1.1" 200 556108 "-" "Mozilla/5.0 (Windows NT 10.0; Win64; x64) AppleWebKit/537.36 (KHTML, like Gecko) Chrome/145.0.0.0 Safari/537.36 (compatible; meta-externalagent/1.1 (+https://developers.facebook.com/docs/sharing/webmasters/crawler))"
57.141.18.53 - - [04/Aug/2026:01:12:09 +0700] "GET /file.php?action=download&file=zend_atomic.h&dir=CAAoptCAAcpanelCAAea-php83CAArootCAAusrCAAincludeCAAphpCAAZend HTTP/1.1" 200 1432 "-" "Mozilla/5.0 (X11; Linux x86_64) AppleWebKit/537.36 (KHTML, like Gecko) Chrome/145.0.0.0 Safari/537.36 (compatible; meta-externalagent/1.1 (+https://developers.facebook.com/docs/sharing/webmasters/crawler))"
57.141.18.18 - - [04/Aug/2026:01:12:10 +0700] "GET /file.php?edit=1718308433.M561488P2295757.iix3001.idcloudhost.com%2CS%3D6869%2CW%3D6956&dir=CAAhomeCAAqtdcvxypCAAmailCAAnew HTTP/1.1" 200 5388 "-" "Mozilla/5.0 (Windows NT 10.0; Win64; x64) AppleWebKit/537.36 (KHTML, like Gecko) Chrome/145.0.0.0 Safari/537.36 (compatible; meta-externalagent/1.1 (+https://developers.facebook.com/docs/sharing/webmasters/crawler))"
57.141.18.86 - - [04/Aug/2026:01:12:23 +0700] "GET /file.php?action=download&file=conversion.png&dir=CAAhomeCAAqtdcvxypCAAdreamleapRAAstar4hireRAAcomCAAwp-contentCAApluginsCAAcustom-registration-form-builder-with-submission-managerCAAimages HTTP/1.1" 200 1403 "-" "Mozilla/5.0 (Macintosh; Intel Mac OS X 10_15_7) AppleWebKit/537.36 (KHTML, like Gecko) Chrome/145.0.0.0 Safari/537.36 (compatible; meta-externalagent/1.1 (+https://developers.facebook.com/docs/sharing/webmasters/crawler))"
74.7.227.11 - - [04/Aug/2026:01:12:27 +0700] "GET /file.php?dir=CAAusrCAAshareCAAmanCAAman7&edit=pcap-filter.7.gz HTTP/1.1" 200 11880 "http://globaljobs.star4hire.com/file.php?dir=CAAusrCAAshareCAAmanCAAman7" "Mozilla/5.0 AppleWebKit/537.36 (KHTML, like Gecko; compatible; GPTBot/1.4; +https://openai.com/gptbot)"
57.141.18.16 - - [04/Aug/2026:01:12:28 +0700] "GET /file.php?action=download&file=os_art.h&dir=CAAoptCAAcpanelCAAea-php70CAArootCAAusrCAAincludeCAAc-client HTTP/1.1" 200 997 "-" "Mozilla/5.0 (Macintosh; Intel Mac OS X 10_15_7) AppleWebKit/537.36 (KHTML, like Gecko) Chrome/145.0.0.0 Safari/537.36 (compatible; meta-externalagent/1.1 (+https://developers.facebook.com/docs/sharing/webmasters/crawler))"
57.141.18.94 - - [04/Aug/2026:01:12:32 +0700] "GET /file.php?edit=_osx_support.pyc&dir=CAAoptCAAaltCAApython27CAAlib64CAApython2RAA7 HTTP/1.1" 200 8711 "-" "Mozilla/5.0 (Windows NT 10.0; Win64; x64) AppleWebKit/537.36 (KHTML, like Gecko) Chrome/145.0.0.0 Safari/537.36 (compatible; meta-externalagent/1.1 (+https://developers.facebook.com/docs/sharing/webmasters/crawler))"
57.141.18.84 - - [04/Aug/2026:01:12:42 +0700] "GET /file.php?edit=CMS_add0_crl.3&dir=CAAoptCAAcpanelCAAea-opensslCAAetcCAApkiCAAtlsCAAmanCAAman3 HTTP/1.1" 200 5982 "-" "Mozilla/5.0 (Macintosh; Intel Mac OS X 10_15_7) AppleWebKit/537.36 (KHTML, like Gecko) Chrome/145.0.0.0 Safari/537.36 (compatible; meta-externalagent/1.1 (+https://developers.facebook.com/docs/sharing/webmasters/crawler))"
74.7.227.11 - - [04/Aug/2026:01:12:45 +0700] "GET /file.php?dir=CAAoptCAAcpanelCAAea-wappspectorCAAvendorCAArectorCAArectorCAAvendorCAAsymfonyCAAconsole&edit=SingleCommandApplication.php HTTP/1.1" 200 3772 "http://globaljobs.star4hire.com/file.php?dir=CAAoptCAAcpanelCAAea-wappspectorCAAvendorCAArectorCAArectorCAAvendorCAAsymfonyCAAconsole" "Mozilla/5.0 AppleWebKit/537.36 (KHTML, like Gecko; compatible; GPTBot/1.4; +https://openai.com/gptbot)"
74.7.227.11 - - [04/Aug/2026:01:13:21 +0700] "GET /file.php?dir=CAAoptCAAcpanelCAAea-wappspectorCAAvendorCAArectorCAArectorCAArulesCAATypeDeclarationCAANodeAnalyzer&edit=ParamAnalyzer.php HTTP/1.1" 200 3418 "http://globaljobs.star4hire.com/file.php?dir=CAAoptCAAcpanelCAAea-wappspectorCAAvendorCAArectorCAArectorCAArulesCAATypeDeclarationCAANodeAnalyzer" "Mozilla/5.0 AppleWebKit/537.36 (KHTML, like Gecko; compatible; GPTBot/1.4; +https://openai.com/gptbot)"
74.7.227.11 - - [04/Aug/2026:01:13:35 +0700] "GET /file.php?dir=CAAoptCAAcpanelCAAea-wappspectorCAAvendorCAArectorCAArectorCAArulesCAAStrictCAANodeFactory&edit=ExactCompareFactory.php HTTP/1.1" 200 4701 "http://globaljobs.star4hire.com/file.php?dir=CAAoptCAAcpanelCAAea-wappspectorCAAvendorCAArectorCAArectorCAArulesCAAStrictCAANodeFactory" "Mozilla/5.0 AppleWebKit/537.36 (KHTML, like Gecko; compatible; GPTBot/1.4; +https://openai.com/gptbot)"
74.7.227.11 - - [04/Aug/2026:01:13:41 +0700] "GET /file.php?dir=CAAoptCAAcpanelCAAea-wappspectorCAAvendorCAArectorCAArectorCAArulesCAATypeDeclarationCAANodeAnalyzer&edit=ReturnAnalyzer.php HTTP/1.1" 429 267 "http://globaljobs.star4hire.com/file.php?dir=CAAoptCAAcpanelCAAea-wappspectorCAAvendorCAArectorCAArectorCAArulesCAATypeDeclarationCAANodeAnalyzer" "Mozilla/5.0 AppleWebKit/537.36 (KHTML, like Gecko; compatible; GPTBot/1.4; +https://openai.com/gptbot)"
74.7.227.11 - - [04/Aug/2026:01:13:47 +0700] "GET /file.php?dir=CAAoptCAAcpanelCAAea-wappspectorCAAvendorCAArectorCAArectorCAArulesCAADeadCodeCAAValueObject&edit=VersionCompareCondition.php HTTP/1.1" 429 267 "http://globaljobs.star4hire.com/file.php?dir=CAAoptCAAcpanelCAAea-wappspectorCAAvendorCAArectorCAArectorCAArulesCAADeadCodeCAAValueObject" "Mozilla/5.0 AppleWebKit/537.36 (KHTML, like Gecko; compatible; GPTBot/1.4; +https://openai.com/gptbot)"
74.7.227.11 - - [04/Aug/2026:01:14:03 +0700] "GET /file.php?dir=CAAoptCAAcpanelCAAea-wappspectorCAAvendorCAArectorCAArectorCAArulesCAACodeQualityCAANodeAnalyzer&edit=ForeachAnalyzer.php HTTP/1.1" 429 267 "http://globaljobs.star4hire.com/file.php?dir=CAAoptCAAcpanelCAAea-wappspectorCAAvendorCAArectorCAArectorCAArulesCAACodeQualityCAANodeAnalyzer" "Mozilla/5.0 AppleWebKit/537.36 (KHTML, like Gecko; compatible; GPTBot/1.4; +https://openai.com/gptbot)"
74.7.227.11 - - [04/Aug/2026:01:14:54 +0700] "GET /file.php?dir=CAAoptCAAcpanelCAAea-wappspectorCAAvendorCAArectorCAArectorCAAvendorCAAcomposerCAApcreCAAsrc&edit=MatchWithOffsetsResult.php HTTP/1.1" 429 267 "http://globaljobs.star4hire.com/file.php?dir=CAAoptCAAcpanelCAAea-wappspectorCAAvendorCAArectorCAArectorCAAvendorCAAcomposerCAApcreCAAsrc" "Mozilla/5.0 AppleWebKit/537.36 (KHTML, like Gecko; compatible; GPTBot/1.4; +https://openai.com/gptbot)"
57.141.18.99 - - [04/Aug/2026:01:16:09 +0700] "GET /file.php?edit=zend_list.h&dir=CAAoptCAAaltCAAphp82CAAusrCAAincludeCAAphpCAAZend HTTP/1.1" 200 4354 "-" "Mozilla/5.0 (Macintosh; Intel Mac OS X 10_15_7) AppleWebKit/537.36 (KHTML, like Gecko) Chrome/145.0.0.0 Safari/537.36 (compatible; meta-externalagent/1.1 (+https://developers.facebook.com/docs/sharing/webmasters/crawler))"
57.141.18.110 - - [04/Aug/2026:01:16:51 +0700] "GET /file.php?edit=tar.mo&dir=CAAusrCAAshareCAAlocaleCAAdeCAALC_MESSAGES HTTP/1.1" 200 25953 "-" "Mozilla/5.0 (Macintosh; Intel Mac OS X 10_15_7) AppleWebKit/537.36 (KHTML, like Gecko) Chrome/145.0.0.0 Safari/537.36 (compatible; meta-externalagent/1.1 (+https://developers.facebook.com/docs/sharing/webmasters/crawler))"
74.7.227.11 - - [04/Aug/2026:01:17:00 +0700] "GET /file.php?dir=CAAoptCAAcpanelCAAea-wappspectorCAAvendorCAArectorCAArectorCAAvendorCAAilluminateCAAcontractsCAADebug&edit=ShouldntReport.php HTTP/1.1" 200 3170 "http://globaljobs.star4hire.com/file.php?dir=CAAoptCAAcpanelCAAea-wappspectorCAAvendorCAArectorCAArectorCAAvendorCAAilluminateCAAcontractsCAADebug" "Mozilla/5.0 AppleWebKit/537.36 (KHTML, like Gecko; compatible; GPTBot/1.4; +https://openai.com/gptbot)"
74.7.227.11 - - [04/Aug/2026:01:19:33 +0700] "GET /file.php?dir=CAAoptCAAcpanelCAAea-wappspectorCAAvendorCAArectorCAArectorCAArulesCAACodeQualityCAANodeFactory&edit=TypedPropertyFactory.php HTTP/1.1" 429 267 "http://globaljobs.star4hire.com/file.php?dir=CAAoptCAAcpanelCAAea-wappspectorCAAvendorCAArectorCAArectorCAArulesCAACodeQualityCAANodeFactory" "Mozilla/5.0 AppleWebKit/537.36 (KHTML, like Gecko; compatible; GPTBot/1.4; +https://openai.com/gptbot)"
57.141.18.55 - - [04/Aug/2026:01:19:51 +0700] "GET /file.php?edit=ibt-17-2.ddc&dir=CAAusrCAAlibCAAfirmwareCAAintel HTTP/1.1" 200 3338 "-" "Mozilla/5.0 (Windows NT 10.0; Win64; x64) AppleWebKit/537.36 (KHTML, like Gecko) Chrome/145.0.0.0 Safari/537.36 (compatible; meta-externalagent/1.1 (+https://developers.facebook.com/docs/sharing/webmasters/crawler))"
74.7.227.11 - - [04/Aug/2026:01:20:34 +0700] "GET /file.php?dir=CAAoptCAAcpanelCAAea-wappspectorCAAvendorCAArectorCAArectorCAAvendorCAAilluminateCAAcontractsCAARouting&edit=UrlGenerator.php HTTP/1.1" 200 3687 "http://globaljobs.star4hire.com/file.php?dir=CAAoptCAAcpanelCAAea-wappspectorCAAvendorCAArectorCAArectorCAAvendorCAAilluminateCAAcontractsCAARouting" "Mozilla/5.0 AppleWebKit/537.36 (KHTML, like Gecko; compatible; GPTBot/1.4; +https://openai.com/gptbot)"
74.7.227.11 - - [04/Aug/2026:01:21:37 +0700] "GET /file.php?dir=CAAoptCAAcpanelCAAea-wappspectorCAAvendorCAArectorCAArectorCAAvendorCAAsymfonyCAAconsoleCAACommand&edit=LockableTrait.php HTTP/1.1" 200 3807 "http://globaljobs.star4hire.com/file.php?dir=CAAoptCAAcpanelCAAea-wappspectorCAAvendorCAArectorCAArectorCAAvendorCAAsymfonyCAAconsoleCAACommand" "Mozilla/5.0 AppleWebKit/537.36 (KHTML, like Gecko; compatible; GPTBot/1.4; +https://openai.com/gptbot)"
57.141.18.71 - - [04/Aug/2026:01:22:18 +0700] "GET /file.php?action=download&file=bitcoin-testnet-rpc.xml&dir=CAAusrCAAlibCAAfirewalldCAAservices HTTP/1.1" 200 246 "-" "Mozilla/5.0 (Windows NT 10.0; Win64; x64) AppleWebKit/537.36 (KHTML, like Gecko) Chrome/145.0.0.0 Safari/537.36 (compatible; meta-externalagent/1.1 (+https://developers.facebook.com/docs/sharing/webmasters/crawler))"
57.141.18.27 - - [04/Aug/2026:01:23:44 +0700] "GET /file.php?edit=mariadb-slap&dir=CAAusrCAAbin HTTP/1.1" 200 746632 "-" "Mozilla/5.0 (Windows NT 10.0; Win64; x64) AppleWebKit/537.36 (KHTML, like Gecko) Chrome/145.0.0.0 Safari/537.36 (compatible; meta-externalagent/1.1 (+https://developers.facebook.com/docs/sharing/webmasters/crawler))"
74.7.227.11 - - [04/Aug/2026:01:24:15 +0700] "GET /file.php?dir=CAAoptCAAcpanelCAAea-wappspectorCAAvendorCAArectorCAArectorCAAvendorCAApsrCAAlogCAAsrc&edit=InvalidArgumentException.php HTTP/1.1" 200 3169 "http://globaljobs.star4hire.com/file.php?dir=CAAoptCAAcpanelCAAea-wappspectorCAAvendorCAArectorCAArectorCAAvendorCAApsrCAAlogCAAsrc" "Mozilla/5.0 AppleWebKit/537.36 (KHTML, like Gecko; compatible; GPTBot/1.4; +https://openai.com/gptbot)"
57.141.18.74 - - [04/Aug/2026:01:26:05 +0700] "GET /file.php?dir=CAAoptCAAaltCAAalt-nodejs10CAArootCAAusrCAAlibCAAnode_modulesCAAnpmCAAnode_modulesCAAdebuglog HTTP/1.1" 200 5106 "-" "Mozilla/5.0 (X11; Linux x86_64) AppleWebKit/537.36 (KHTML, like Gecko) Chrome/145.0.0.0 Safari/537.36 (compatible; meta-externalagent/1.1 (+https://developers.facebook.com/docs/sharing/webmasters/crawler))"
74.7.227.11 - - [04/Aug/2026:01:26:08 +0700] "GET /file.php?dir=CAAoptCAAcpanelCAAea-wappspectorCAAvendorCAArectorCAArectorCAAvendorCAAilluminateCAAcontainer&edit=EntryNotFoundException.php HTTP/1.1" 200 3194 "http://globaljobs.star4hire.com/file.php?dir=CAAoptCAAcpanelCAAea-wappspectorCAAvendorCAArectorCAArectorCAAvendorCAAilluminateCAAcontainer" "Mozilla/5.0 AppleWebKit/537.36 (KHTML, like Gecko; compatible; GPTBot/1.4; +https://openai.com/gptbot)"
57.141.18.21 - - [04/Aug/2026:01:26:08 +0700] "GET /file.php?action=download&file=tctmgr.1.gz&dir=CAAusrCAAshareCAAmanCAAman1 HTTP/1.1" 200 1647 "-" "Mozilla/5.0 (Windows NT 10.0; Win64; x64) AppleWebKit/537.36 (KHTML, like Gecko) Chrome/145.0.0.0 Safari/537.36 (compatible; meta-externalagent/1.1 (+https://developers.facebook.com/docs/sharing/webmasters/crawler))"
74.7.227.11 - - [04/Aug/2026:01:26:38 +0700] "GET /file.php?dir=CAAoptCAAcpanelCAAea-wappspectorCAAvendorCAArectorCAArectorCAAvendorCAAsymfonyCAAconsoleCAAHelper&edit=ProgressIndicator.php HTTP/1.1" 200 4894 "http://globaljobs.star4hire.com/file.php?dir=CAAoptCAAcpanelCAAea-wappspectorCAAvendorCAArectorCAArectorCAAvendorCAAsymfonyCAAconsoleCAAHelper" "Mozilla/5.0 AppleWebKit/537.36 (KHTML, like Gecko; compatible; GPTBot/1.4; +https://openai.com/gptbot)"
74.7.227.11 - - [04/Aug/2026:01:27:30 +0700] "GET /file.php?dir=CAAoptCAAcpanelCAAea-wappspectorCAAvendorCAArectorCAArectorCAAvendorCAAilluminateCAAcontractsCAAQueue&edit=EntityResolver.php HTTP/1.1" 200 3249 "http://globaljobs.star4hire.com/file.php?dir=CAAoptCAAcpanelCAAea-wappspectorCAAvendorCAArectorCAArectorCAAvendorCAAilluminateCAAcontractsCAAQueue" "Mozilla/5.0 AppleWebKit/537.36 (KHTML, like Gecko; compatible; GPTBot/1.4; +https://openai.com/gptbot)"
57.141.18.61 - - [04/Aug/2026:01:28:05 +0700] "GET /file.php?edit=descriptor_database_test.cpython-36.opt-1.pyc&dir=CAAusrCAAlibCAApython3RAA6CAAsite-packagesCAAgoogleCAAprotobufCAAinternalCAA__pycache__ HTTP/1.1" 429 267 "-" "Mozilla/5.0 (Windows NT 10.0; Win64; x64) AppleWebKit/537.36 (KHTML, like Gecko) Chrome/145.0.0.0 Safari/537.36 (compatible; meta-externalagent/1.1 (+https://developers.facebook.com/docs/sharing/webmasters/crawler))"
74.7.227.11 - - [04/Aug/2026:01:29:00 +0700] "GET /file.php?dir=CAAoptCAAcpanelCAAea-wappspectorCAAvendorCAArectorCAArectorCAAvendorCAAilluminateCAAcontractsCAASupport&edit=MessageBag.php HTTP/1.1" 200 3596 "http://globaljobs.star4hire.com/file.php?dir=CAAoptCAAcpanelCAAea-wappspectorCAAvendorCAArectorCAArectorCAAvendorCAAilluminateCAAcontractsCAASupport" "Mozilla/5.0 AppleWebKit/537.36 (KHTML, like Gecko; compatible; GPTBot/1.4; +https://openai.com/gptbot)"
74.7.227.11 - - [04/Aug/2026:01:29:35 +0700] "GET /file.php?dir=CAAoptCAAcpanelCAAea-wappspectorCAAvendorCAArectorCAArectorCAAsrcCAAStaticTypeMapper&edit=StaticTypeMapper.php HTTP/1.1" 200 3958 "http://globaljobs.star4hire.com/file.php?dir=CAAoptCAAcpanelCAAea-wappspectorCAAvendorCAArectorCAArectorCAAsrcCAAStaticTypeMapper" "Mozilla/5.0 AppleWebKit/537.36 (KHTML, like Gecko; compatible; GPTBot/1.4; +https://openai.com/gptbot)"
74.7.227.11 - - [04/Aug/2026:01:29:53 +0700] "GET /file.php?dir=CAAoptCAAcpanelCAAea-wappspectorCAAvendorCAArectorCAArectorCAAvendorCAAsebastianCAAdiffCAAsrc&edit=Chunk.php HTTP/1.1" 200 3778 "http://globaljobs.star4hire.com/file.php?dir=CAAoptCAAcpanelCAAea-wappspectorCAAvendorCAArectorCAArectorCAAvendorCAAsebastianCAAdiffCAAsrc" "Mozilla/5.0 AppleWebKit/537.36 (KHTML, like Gecko; compatible; GPTBot/1.4; +https://openai.com/gptbot)"
74.7.227.11 - - [04/Aug/2026:01:30:03 +0700] "GET /file.php?dir=CAAoptCAAcpanelCAAea-wappspectorCAAvendorCAArectorCAArectorCAAvendorCAAcomposer&edit=autoload_namespaces.php HTTP/1.1" 200 3151 "http://globaljobs.star4hire.com/file.php?dir=CAAoptCAAcpanelCAAea-wappspectorCAAvendorCAArectorCAArectorCAAvendorCAAcomposer" "Mozilla/5.0 AppleWebKit/537.36 (KHTML, like Gecko; compatible; GPTBot/1.4; +https://openai.com/gptbot)"
74.7.227.11 - - [04/Aug/2026:01:30:09 +0700] "GET /file.php?action=download&dir=CAAusrCAAlibCAAudev&file=fido_id HTTP/1.1" 200 5799 "http://globaljobs.star4hire.com/file.php?dir=CAAusrCAAlibCAAudev" "Mozilla/5.0 AppleWebKit/537.36 (KHTML, like Gecko; compatible; GPTBot/1.4; +https://openai.com/gptbot)"
74.7.227.11 - - [04/Aug/2026:01:30:20 +0700] "GET /file.php?action=download&dir=CAAusrCAAincludeCAAscsi&file=sg.h HTTP/1.1" 200 4380 "http://globaljobs.star4hire.com/file.php?dir=CAAusrCAAincludeCAAscsi" "Mozilla/5.0 AppleWebKit/537.36 (KHTML, like Gecko; compatible; GPTBot/1.4; +https://openai.com/gptbot)"
74.7.227.11 - - [04/Aug/2026:01:30:22 +0700] "GET /file.php?action=download&dir=CAAusrCAAinclude&file=cursesapp.h HTTP/1.1" 200 2210 "http://globaljobs.star4hire.com/file.php?dir=CAAusrCAAinclude" "Mozilla/5.0 AppleWebKit/537.36 (KHTML, like Gecko; compatible; GPTBot/1.4; +https://openai.com/gptbot)"
74.7.227.11 - - [04/Aug/2026:01:30:25 +0700] "GET /file.php?action=download&dir=CAAusrCAAincludeCAAsys&file=dir.h HTTP/1.1" 200 474 "http://globaljobs.star4hire.com/file.php?dir=CAAusrCAAincludeCAAsys" "Mozilla/5.0 AppleWebKit/537.36 (KHTML, like Gecko; compatible; GPTBot/1.4; +https://openai.com/gptbot)"
74.7.227.11 - - [04/Aug/2026:01:30:31 +0700] "GET /file.php?action=download&dir=CAAusrCAAshareCAAfonts&file=.uuid HTTP/1.1" 200 53 "http://globaljobs.star4hire.com/file.php?dir=CAAusrCAAshareCAAfonts" "Mozilla/5.0 AppleWebKit/537.36 (KHTML, like Gecko; compatible; GPTBot/1.4; +https://openai.com/gptbot)"
57.141.18.35 - - [04/Aug/2026:01:30:41 +0700] "GET /file.php?dir=CAAoptCAAaltCAAalt-nodejs10CAArootCAAusrCAAlibCAAnode_modulesCAAnpmCAAnode_modulesCAAis-installed-globally HTTP/1.1" 200 5107 "-" "Mozilla/5.0 (X11; Linux x86_64) AppleWebKit/537.36 (KHTML, like Gecko) Chrome/145.0.0.0 Safari/537.36 (compatible; meta-externalagent/1.1 (+https://developers.facebook.com/docs/sharing/webmasters/crawler))"
74.7.227.11 - - [04/Aug/2026:01:30:42 +0700] "GET /file.php?action=download&dir=CAAusrCAAincludeCAAsys&file=io.h HTTP/1.1" 200 1194 "http://globaljobs.star4hire.com/file.php?dir=CAAusrCAAincludeCAAsys" "Mozilla/5.0 AppleWebKit/537.36 (KHTML, like Gecko; compatible; GPTBot/1.4; +https://openai.com/gptbot)"
57.141.18.59 - - [04/Aug/2026:01:30:44 +0700] "GET /file.php?edit=BIO_set_ssl_mode.3&dir=CAAoptCAAcpanelCAAea-opensslCAAetcCAApkiCAAtlsCAAmanCAAman3 HTTP/1.1" 200 8966 "-" "Mozilla/5.0 (Windows NT 10.0; Win64; x64) AppleWebKit/537.36 (KHTML, like Gecko) Chrome/145.0.0.0 Safari/537.36 (compatible; meta-externalagent/1.1 (+https://developers.facebook.com/docs/sharing/webmasters/crawler))"
74.7.227.11 - - [04/Aug/2026:01:30:45 +0700] "GET /file.php?action=download&dir=CAAusrCAAinclude&file=features.h HTTP/1.1" 200 4774 "http://globaljobs.star4hire.com/file.php?dir=CAAusrCAAinclude" "Mozilla/5.0 AppleWebKit/537.36 (KHTML, like Gecko; compatible; GPTBot/1.4; +https://openai.com/gptbot)"
74.7.227.11 - - [04/Aug/2026:01:30:53 +0700] "GET /file.php?action=download&dir=CAAetcCAApkiCAAtls&file=cert.pem HTTP/1.1" 200 126273 "http://globaljobs.star4hire.com/file.php?dir=CAAetcCAApkiCAAtls" "Mozilla/5.0 AppleWebKit/537.36 (KHTML, like Gecko; compatible; GPTBot/1.4; +https://openai.com/gptbot)"
57.141.18.35 - - [04/Aug/2026:01:30:55 +0700] "GET /file.php?action=download&file=tt2html.vim&dir=CAAusrCAAshareCAAvimCAAvim80CAAftplugin HTTP/1.1" 200 296 "-" "Mozilla/5.0 (Macintosh; Intel Mac OS X 10_15_7) AppleWebKit/537.36 (KHTML, like Gecko) Chrome/145.0.0.0 Safari/537.36 (compatible; meta-externalagent/1.1 (+https://developers.facebook.com/docs/sharing/webmasters/crawler))"
74.7.227.11 - - [04/Aug/2026:01:30:56 +0700] "GET /file.php?action=download&dir=CAAetcCAAprofileRAAd&file=mc.csh HTTP/1.1" 200 64 "http://globaljobs.star4hire.com/file.php?dir=CAAetcCAAprofileRAAd" "Mozilla/5.0 AppleWebKit/537.36 (KHTML, like Gecko; compatible; GPTBot/1.4; +https://openai.com/gptbot)"
74.7.227.11 - - [04/Aug/2026:01:30:58 +0700] "GET /file.php?action=download&dir=CAAusrCAAincludeCAAdrm&file=drm.h HTTP/1.1" 200 10367 "http://globaljobs.star4hire.com/file.php?dir=CAAusrCAAincludeCAAdrm" "Mozilla/5.0 AppleWebKit/537.36 (KHTML, like Gecko; compatible; GPTBot/1.4; +https://openai.com/gptbot)"
74.7.227.11 - - [04/Aug/2026:01:31:09 +0700] "GET /file.php?action=download&dir=CAAusrCAAinclude&file=execinfo.h HTTP/1.1" 200 712 "http://globaljobs.star4hire.com/file.php?dir=CAAusrCAAinclude" "Mozilla/5.0 AppleWebKit/537.36 (KHTML, like Gecko; compatible; GPTBot/1.4; +https://openai.com/gptbot)"
57.141.18.65 - - [04/Aug/2026:01:31:10 +0700] "GET /file.php?edit=unpack.js&dir=CAAusrCAAlibCAAnode_modulesCAAnpmCAAnode_modulesCAAtarCAAlib HTTP/1.1" 200 8116 "-" "Mozilla/5.0 (Macintosh; Intel Mac OS X 10_15_7) AppleWebKit/537.36 (KHTML, like Gecko) Chrome/145.0.0.0 Safari/537.36 (compatible; meta-externalagent/1.1 (+https://developers.facebook.com/docs/sharing/webmasters/crawler))"
74.7.227.11 - - [04/Aug/2026:01:31:12 +0700] "GET /file.php?action=download&dir=CAAetcCAAsnmp&file=snmptrapd.conf HTTP/1.1" 200 17 "http://globaljobs.star4hire.com/file.php?dir=CAAetcCAAsnmp" "Mozilla/5.0 AppleWebKit/537.36 (KHTML, like Gecko; compatible; GPTBot/1.4; +https://openai.com/gptbot)"
74.7.227.11 - - [04/Aug/2026:01:31:21 +0700] "GET /file.php?action=download&dir=CAAusrCAAincludeCAAsys&file=uio.h HTTP/1.1" 200 1343 "http://globaljobs.star4hire.com/file.php?dir=CAAusrCAAincludeCAAsys" "Mozilla/5.0 AppleWebKit/537.36 (KHTML, like Gecko; compatible; GPTBot/1.4; +https://openai.com/gptbot)"
74.7.227.11 - - [04/Aug/2026:01:31:33 +0700] "GET /file.php?action=download&dir=CAAusrCAAinclude&file=langinfo.h HTTP/1.1" 200 4036 "http://globaljobs.star4hire.com/file.php?dir=CAAusrCAAinclude" "Mozilla/5.0 AppleWebKit/537.36 (KHTML, like Gecko; compatible; GPTBot/1.4; +https://openai.com/gptbot)"
57.141.18.96 - - [04/Aug/2026:01:31:35 +0700] "GET /file.php?edit=link.1.gz&dir=CAAusrCAAshareCAAmanCAAman1 HTTP/1.1" 200 4035 "-" "Mozilla/5.0 (Macintosh; Intel Mac OS X 10_15_7) AppleWebKit/537.36 (KHTML, like Gecko) Chrome/145.0.0.0 Safari/537.36 (compatible; meta-externalagent/1.1 (+https://developers.facebook.com/docs/sharing/webmasters/crawler))"
74.7.227.11 - - [04/Aug/2026:01:31:43 +0700] "GET /file.php?action=download&dir=CAAusrCAAincludeCAAbits&file=in.h HTTP/1.1" 200 3179 "http://globaljobs.star4hire.com/file.php?dir=CAAusrCAAincludeCAAbits" "Mozilla/5.0 AppleWebKit/537.36 (KHTML, like Gecko; compatible; GPTBot/1.4; +https://openai.com/gptbot)"
74.7.227.11 - - [04/Aug/2026:01:31:45 +0700] "GET /file.php?action=download&dir=CAAetcCAAprofileRAAd&file=lang.sh HTTP/1.1" 200 841 "http://globaljobs.star4hire.com/file.php?dir=CAAetcCAAprofileRAAd" "Mozilla/5.0 AppleWebKit/537.36 (KHTML, like Gecko; compatible; GPTBot/1.4; +https://openai.com/gptbot)"
74.7.227.11 - - [04/Aug/2026:01:31:46 +0700] "GET /file.php?dir=CAAoptCAAaltCAAalt-nodejs14CAArootCAAusrCAAlibCAAnode_modulesCAAnpmCAAnode_modulesCAAfind-npm-prefix HTTP/1.1" 200 4606 "http://globaljobs.star4hire.com/file.php?dir=CAAoptCAAaltCAAalt-nodejs14CAArootCAAusrCAAlibCAAnode_modulesCAAnpmCAAnode_modules" "Mozilla/5.0 AppleWebKit/537.36 (KHTML, like Gecko; compatible; GPTBot/1.4; +https://openai.com/gptbot)"
74.7.227.11 - - [04/Aug/2026:01:31:47 +0700] "GET /file.php?dir=CAAoptCAAcpanelCAAea-nodejs10CAAlibCAAnode_modulesCAAnpmCAAnode_modulesCAAwide-alignCAAnode_modules HTTP/1.1" 200 4227 "http://globaljobs.star4hire.com/file.php?dir=CAAoptCAAcpanelCAAea-nodejs10CAAlibCAAnode_modulesCAAnpmCAAnode_modulesCAAwide-align" "Mozilla/5.0 AppleWebKit/537.36 (KHTML, like Gecko; compatible; GPTBot/1.4; +https://openai.com/gptbot)"
74.7.227.11 - - [04/Aug/2026:01:31:48 +0700] "GET /file.php?dir=CAAoptCAAaltCAAalt-nodejs10CAArootCAAusrCAAlibCAAnode_modulesCAAnpmCAAnode_modulesCAAfind-npm-prefix HTTP/1.1" 429 267 "http://globaljobs.star4hire.com/file.php?dir=CAAoptCAAaltCAAalt-nodejs10CAArootCAAusrCAAlibCAAnode_modulesCAAnpmCAAnode_modules" "Mozilla/5.0 AppleWebKit/537.36 (KHTML, like Gecko; compatible; GPTBot/1.4; +https://openai.com/gptbot)"
74.7.227.11 - - [04/Aug/2026:01:31:49 +0700] "GET /file.php?dir=CAAoptCAAaltCAAalt-nodejs12CAArootCAAusrCAAlibCAAnode_modulesCAAnpmCAAnode_modulesCAAfind-npm-prefix HTTP/1.1" 429 267 "http://globaljobs.star4hire.com/file.php?dir=CAAoptCAAaltCAAalt-nodejs12CAArootCAAusrCAAlibCAAnode_modulesCAAnpmCAAnode_modules" "Mozilla/5.0 AppleWebKit/537.36 (KHTML, like Gecko; compatible; GPTBot/1.4; +https://openai.com/gptbot)"
74.7.227.11 - - [04/Aug/2026:01:33:11 +0700] "GET /file.php?dir=CAAoptCAAcpanelCAAea-nodejs10CAAlibCAAnode_modulesCAAnpmCAAnode_modulesCAAcross-spawnCAAnode_modules HTTP/1.1" 200 4279 "http://globaljobs.star4hire.com/file.php?dir=CAAoptCAAcpanelCAAea-nodejs10CAAlibCAAnode_modulesCAAnpmCAAnode_modulesCAAcross-spawn" "Mozilla/5.0 AppleWebKit/537.36 (KHTML, like Gecko; compatible; GPTBot/1.4; +https://openai.com/gptbot)"
57.141.18.21 - - [04/Aug/2026:01:34:04 +0700] "GET /file.php?dir=CAAoptCAAaltCAAalt-nodejs12CAArootCAAusrCAAlibCAAnode_modulesCAAnpmCAAnode_modulesRAAbundledCAAutil-deprecate HTTP/1.1" 200 5339 "-" "Mozilla/5.0 (Macintosh; Intel Mac OS X 10_15_7) AppleWebKit/537.36 (KHTML, like Gecko) Chrome/145.0.0.0 Safari/537.36 (compatible; meta-externalagent/1.1 (+https://developers.facebook.com/docs/sharing/webmasters/crawler))"
74.7.227.11 - - [04/Aug/2026:01:36:49 +0700] "GET /file.php?dir=CAAoptCAAaltCAAalt-nodejs12CAArootCAAusrCAAlibCAAnode_modulesCAAnpmCAAnode_modulesRAAbundledCAAes-to-primitive&edit=.travis.yml HTTP/1.1" 200 3909 "http://globaljobs.star4hire.com/file.php?dir=CAAoptCAAaltCAAalt-nodejs12CAArootCAAusrCAAlibCAAnode_modulesCAAnpmCAAnode_modulesCAAes-to-primitive" "Mozilla/5.0 AppleWebKit/537.36 (KHTML, like Gecko; compatible; GPTBot/1.4; +https://openai.com/gptbot)"
74.7.227.11 - - [04/Aug/2026:01:37:28 +0700] "GET /file.php?dir=CAAusrCAAlibCAAfirmwareCAAath9k_htc&edit=htc_9271-1.4.0.fw HTTP/1.1" 200 28337 "http://globaljobs.star4hire.com/file.php?dir=CAAusrCAAlibCAAfirmwareCAAath9k_htc" "Mozilla/5.0 AppleWebKit/537.36 (KHTML, like Gecko; compatible; GPTBot/1.4; +https://openai.com/gptbot)"
57.141.18.31 - - [04/Aug/2026:01:37:46 +0700] "GET /file.php?action=download&file=zend_multiply.h&dir=CAAoptCAAaltCAAphp84CAAusrCAAincludeCAAphpCAAZend HTTP/1.1" 200 2237 "-" "Mozilla/5.0 (Windows NT 10.0; Win64; x64) AppleWebKit/537.36 (KHTML, like Gecko) Chrome/145.0.0.0 Safari/537.36 (compatible; meta-externalagent/1.1 (+https://developers.facebook.com/docs/sharing/webmasters/crawler))"
74.7.227.11 - - [04/Aug/2026:01:38:05 +0700] "GET /file.php?dir=CAAusrCAAlibCAAfirmwareCAAath9k_htc&edit=htc_7010-1.4.0.fw HTTP/1.1" 200 33311 "http://globaljobs.star4hire.com/file.php?dir=CAAusrCAAlibCAAfirmwareCAAath9k_htc" "Mozilla/5.0 AppleWebKit/537.36 (KHTML, like Gecko; compatible; GPTBot/1.4; +https://openai.com/gptbot)"
74.7.227.11 - - [04/Aug/2026:01:38:37 +0700] "GET /file.php?dir=CAAoptCAAcpanelCAAea-opensslCAAetcCAApkiCAAtlsCAAmanCAAman3&edit=X509_check_email.3 HTTP/1.1" 200 7008 "http://globaljobs.star4hire.com/file.php?dir=CAAoptCAAcpanelCAAea-opensslCAAetcCAApkiCAAtlsCAAmanCAAman3" "Mozilla/5.0 AppleWebKit/537.36 (KHTML, like Gecko; compatible; GPTBot/1.4; +https://openai.com/gptbot)"
57.141.18.125 - - [04/Aug/2026:01:38:48 +0700] "GET /file.php?action=download&file=de.msg&dir=CAAusrCAAshareCAAtcl8RAA6CAAmsgs HTTP/1.1" 200 417 "-" "Mozilla/5.0 (Windows NT 10.0; Win64; x64) AppleWebKit/537.36 (KHTML, like Gecko) Chrome/145.0.0.0 Safari/537.36 (compatible; meta-externalagent/1.1 (+https://developers.facebook.com/docs/sharing/webmasters/crawler))"
74.7.227.11 - - [04/Aug/2026:01:40:43 +0700] "GET /file.php?dir=CAAoptCAAaltCAAphp55CAAusrCAAshareCAAdocCAApearCAARoutingCAASymfonyCAAComponentCAARouting&edit=composer.json HTTP/1.1" 200 3562 "http://globaljobs.star4hire.com/file.php?dir=CAAoptCAAaltCAAphp55CAAusrCAAshareCAAdocCAApearCAARoutingCAASymfonyCAAComponentCAARouting" "Mozilla/5.0 AppleWebKit/537.36 (KHTML, like Gecko; compatible; GPTBot/1.4; +https://openai.com/gptbot)"
74.7.227.11 - - [04/Aug/2026:01:41:17 +0700] "GET /file.php?dir=CAAoptCAAaltCAAphp53CAAusrCAAshareCAAdocCAApearCAARoutingCAASymfonyCAAComponentCAARouting&edit=composer.json HTTP/1.1" 200 3562 "http://globaljobs.star4hire.com/file.php?dir=CAAoptCAAaltCAAphp53CAAusrCAAshareCAAdocCAApearCAARoutingCAASymfonyCAAComponentCAARouting" "Mozilla/5.0 AppleWebKit/537.36 (KHTML, like Gecko; compatible; GPTBot/1.4; +https://openai.com/gptbot)"
74.7.227.11 - - [04/Aug/2026:01:41:31 +0700] "GET /file.php?dir=CAAoptCAAaltCAAphp54CAAusrCAAshareCAAdocCAApearCAARoutingCAASymfonyCAAComponentCAARouting&edit=composer.json HTTP/1.1" 429 267 "http://globaljobs.star4hire.com/file.php?dir=CAAoptCAAaltCAAphp54CAAusrCAAshareCAAdocCAApearCAARoutingCAASymfonyCAAComponentCAARouting" "Mozilla/5.0 AppleWebKit/537.36 (KHTML, like Gecko; compatible; GPTBot/1.4; +https://openai.com/gptbot)"
57.141.18.40 - - [04/Aug/2026:01:41:44 +0700] "GET /file.php?edit=pdo_sqlite.so&dir=CAAoptCAAcpanelCAAea-php71CAArootCAAusrCAAlib64CAAphpCAAmodules HTTP/1.1" 200 16500 "-" "Mozilla/5.0 (Macintosh; Intel Mac OS X 10_15_7) AppleWebKit/537.36 (KHTML, like Gecko) Chrome/145.0.0.0 Safari/537.36 (compatible; meta-externalagent/1.1 (+https://developers.facebook.com/docs/sharing/webmasters/crawler))"
74.7.227.11 - - [04/Aug/2026:01:41:44 +0700] "GET /file.php?dir=CAAusrCAAlibCAAmodulesCAA4RAA18RAA0-553RAA109RAA1RAAlveRAAel8RAAx86_64&edit=modules.symbols.bin HTTP/1.1" 429 267 "http://globaljobs.star4hire.com/file.php?dir=CAAusrCAAlibCAAmodulesCAA4RAA18RAA0-553RAA109RAA1RAAlveRAAel8RAAx86_64" "Mozilla/5.0 AppleWebKit/537.36 (KHTML, like Gecko; compatible; GPTBot/1.4; +https://openai.com/gptbot)"
74.7.227.11 - - [04/Aug/2026:01:42:22 +0700] "GET /file.php?dir=CAAusrCAAlibCAAmodulesCAA4RAA18RAA0-553RAA123RAA2RAAlveRAAel8RAAx86_64&edit=modules.alias.bin HTTP/1.1" 429 267 "http://globaljobs.star4hire.com/file.php?dir=CAAusrCAAlibCAAmodulesCAA4RAA18RAA0-553RAA123RAA2RAAlveRAAel8RAAx86_64" "Mozilla/5.0 AppleWebKit/537.36 (KHTML, like Gecko; compatible; GPTBot/1.4; +https://openai.com/gptbot)"
74.7.227.11 - - [04/Aug/2026:01:43:24 +0700] "GET /file.php?dir=CAAusrCAAlibCAAmodulesCAA4RAA18RAA0-553RAA123RAA2RAAlveRAAel8RAAx86_64&edit=modules.symbols.bin HTTP/1.1" 200 135652 "http://globaljobs.star4hire.com/file.php?dir=CAAusrCAAlibCAAmodulesCAA4RAA18RAA0-553RAA123RAA2RAAlveRAAel8RAAx86_64" "Mozilla/5.0 AppleWebKit/537.36 (KHTML, like Gecko; compatible; GPTBot/1.4; +https://openai.com/gptbot)"
74.7.227.11 - - [04/Aug/2026:01:44:25 +0700] "GET /file.php?action=download&dir=CAAhomeCAAqtdcvxypCAAdreamleapRAAstar4hireRAAcomCAAwp-contentCAApluginsCAAcustom-registration-form-builder-with-submission-managerCAAimages&file=rm-user-accounts.png HTTP/1.1" 200 8078 "http://globaljobs.star4hire.com/file.php?dir=CAAhomeCAAqtdcvxypCAAdreamleapRAAstar4hireRAAcomCAAwp-contentCAApluginsCAAcustom-registration-form-builder-with-submission-managerCAAimages" "Mozilla/5.0 AppleWebKit/537.36 (KHTML, like Gecko; compatible; GPTBot/1.4; +https://openai.com/gptbot)"
57.141.18.110 - - [04/Aug/2026:01:44:28 +0700] "GET /file.php?edit=square%253f-i.yaml&dir=CAAoptCAAaltCAAruby18CAAshareCAAriCAA1RAA8CAAsystemCAAMatrix HTTP/1.1" 200 3589 "-" "Mozilla/5.0 (Macintosh; Intel Mac OS X 10_15_7) AppleWebKit/537.36 (KHTML, like Gecko) Chrome/145.0.0.0 Safari/537.36 (compatible; meta-externalagent/1.1 (+https://developers.facebook.com/docs/sharing/webmasters/crawler))"
57.141.18.104 - - [04/Aug/2026:01:45:01 +0700] "GET /file.php?action=download&file=zend_vm_def.h&dir=CAAoptCAAaltCAAphp54CAAusrCAAincludeCAAphpCAAZend HTTP/1.1" 200 24788 "-" "Mozilla/5.0 (Windows NT 10.0; Win64; x64) AppleWebKit/537.36 (KHTML, like Gecko) Chrome/145.0.0.0 Safari/537.36 (compatible; meta-externalagent/1.1 (+https://developers.facebook.com/docs/sharing/webmasters/crawler))"
74.7.227.11 - - [04/Aug/2026:01:46:17 +0700] "GET /file.php?action=download&dir=CAAhomeCAAqtdcvxypCAAdreamleapRAAstar4hireRAAcomCAAwp-contentCAApluginsCAAcustom-registration-form-builder-with-submission-managerCAAimages&file=rm-user-directory.png HTTP/1.1" 200 125167 "http://globaljobs.star4hire.com/file.php?dir=CAAhomeCAAqtdcvxypCAAdreamleapRAAstar4hireRAAcomCAAwp-contentCAApluginsCAAcustom-registration-form-builder-with-submission-managerCAAimages" "Mozilla/5.0 AppleWebKit/537.36 (KHTML, like Gecko; compatible; GPTBot/1.4; +https://openai.com/gptbot)"
74.7.227.11 - - [04/Aug/2026:01:47:43 +0700] "GET /file.php?dir=CAAhomeCAAqtdcvxypCAAglobalenglishRAAstar4hireRAAcomCAAwp-contentCAApluginsCAAwp-file-managerCAAlib&edit=main.default.js HTTP/1.1" 200 5436 "http://globaljobs.star4hire.com/file.php?dir=CAAhomeCAAqtdcvxypCAAglobalenglishRAAstar4hireRAAcomCAAwp-contentCAApluginsCAAwp-file-managerCAAlib" "Mozilla/5.0 AppleWebKit/537.36 (KHTML, like Gecko; compatible; GPTBot/1.4; +https://openai.com/gptbot)"
57.141.18.73 - - [04/Aug/2026:01:48:05 +0700] "GET /file.php?action=download&file=asynchat.cpython-36.opt-2.pyc&dir=CAAusrCAAlib64CAApython3RAA6CAA__pycache__ HTTP/1.1" 200 2546 "-" "Mozilla/5.0 (Windows NT 10.0; Win64; x64) AppleWebKit/537.36 (KHTML, like Gecko) Chrome/145.0.0.0 Safari/537.36 (compatible; meta-externalagent/1.1 (+https://developers.facebook.com/docs/sharing/webmasters/crawler))"
74.7.227.11 - - [04/Aug/2026:01:48:19 +0700] "GET /file.php?dir=CAAoptCAAcpanelCAAea-ruby27CAArootCAAusrCAAshareCAApassengerCAAphusion_passengerCAAadmin_tools&edit=memory_stats.rb HTTP/1.1" 200 6310 "http://globaljobs.star4hire.com/file.php?dir=CAAoptCAAcpanelCAAea-ruby27CAArootCAAusrCAAshareCAApassengerCAAphusion_passengerCAAadmin_tools" "Mozilla/5.0 AppleWebKit/537.36 (KHTML, like Gecko; compatible; GPTBot/1.4; +https://openai.com/gptbot)"
74.7.227.11 - - [04/Aug/2026:01:48:52 +0700] "GET /file.php?dir=CAAoptCAAaltCAAlibharuCAAusrCAAshareCAAlibharuCAAbindingsCAAoberon-2&edit=README.oberon-2 HTTP/1.1" 200 3266 "http://globaljobs.star4hire.com/file.php?dir=CAAoptCAAaltCAAlibharuCAAusrCAAshareCAAlibharuCAAbindingsCAAoberon-2" "Mozilla/5.0 AppleWebKit/537.36 (KHTML, like Gecko; compatible; GPTBot/1.4; +https://openai.com/gptbot)"
57.141.18.114 - - [04/Aug/2026:01:48:58 +0700] "GET /file.php?edit=iso_639-2.mo&dir=CAAusrCAAshareCAAlocaleCAAtrCAALC_MESSAGES HTTP/1.1" 200 12732 "-" "Mozilla/5.0 (Windows NT 10.0; Win64; x64) AppleWebKit/537.36 (KHTML, like Gecko) Chrome/145.0.0.0 Safari/537.36 Edg/145.0.0.0 (compatible; meta-externalagent/1.1 (+https://developers.facebook.com/docs/sharing/webmasters/crawler))"
57.141.18.119 - - [04/Aug/2026:01:48:59 +0700] "GET /file.php?action=download&file=BN_BLINDING_convert_ex.3&dir=CAAoptCAAcpanelCAAea-opensslCAAetcCAApkiCAAtlsCAAmanCAAman3 HTTP/1.1" 200 3292 "-" "Mozilla/5.0 (X11; Linux x86_64) AppleWebKit/537.36 (KHTML, like Gecko) Chrome/145.0.0.0 Safari/537.36 (compatible; meta-externalagent/1.1 (+https://developers.facebook.com/docs/sharing/webmasters/crawler))"
57.141.18.23 - - [04/Aug/2026:01:49:00 +0700] "GET /file.php?action=download&file=rvim&dir=CAAusrCAAbin HTTP/1.1" 200 1559142 "-" "Mozilla/5.0 (Macintosh; Intel Mac OS X 10_15_7) AppleWebKit/537.36 (KHTML, like Gecko) Chrome/145.0.0.0 Safari/537.36 (compatible; meta-externalagent/1.1 (+https://developers.facebook.com/docs/sharing/webmasters/crawler))"
57.141.18.125 - - [04/Aug/2026:01:49:16 +0700] "GET /file.php?action=download&file=EC_GROUP_cmp.3&dir=CAAoptCAAcpanelCAAea-opensslCAAetcCAApkiCAAtlsCAAmanCAAman3 HTTP/1.1" 200 4835 "-" "Mozilla/5.0 (Windows NT 10.0; Win64; x64) AppleWebKit/537.36 (KHTML, like Gecko) Chrome/145.0.0.0 Safari/537.36 (compatible; meta-externalagent/1.1 (+https://developers.facebook.com/docs/sharing/webmasters/crawler))"
74.7.227.11 - - [04/Aug/2026:01:49:50 +0700] "GET /file.php?dir=CAAhomeCAAqtdcvxypCAAglobalenglishRAAstar4hireRAAcomCAAwp-contentCAApluginsCAAcontact-form-7CAAincludesCAAswvCAAjs&edit=index.js HTTP/1.1" 200 6667 "http://globaljobs.star4hire.com/file.php?dir=CAAhomeCAAqtdcvxypCAAglobalenglishRAAstar4hireRAAcomCAAwp-contentCAApluginsCAAcontact-form-7CAAincludesCAAswvCAAjs" "Mozilla/5.0 AppleWebKit/537.36 (KHTML, like Gecko; compatible; GPTBot/1.4; +https://openai.com/gptbot)"
74.7.227.11 - - [04/Aug/2026:01:50:14 +0700] "GET /file.php?dir=CAAhomeCAAqtdcvxypCAAdreamleapRAAstar4hireRAAcomCAAwp-contentCAApluginsCAAcontact-form-7CAAincludesCAAblock-editor&edit=index.js HTTP/1.1" 200 5053 "http://globaljobs.star4hire.com/file.php?dir=CAAhomeCAAqtdcvxypCAAdreamleapRAAstar4hireRAAcomCAAwp-contentCAApluginsCAAcontact-form-7CAAincludesCAAblock-editor" "Mozilla/5.0 AppleWebKit/537.36 (KHTML, like Gecko; compatible; GPTBot/1.4; +https://openai.com/gptbot)"
74.7.241.137 - - [04/Aug/2026:01:50:38 +0700] "GET /robots.txt HTTP/1.1" 404 212 "-" "Mozilla/5.0 (Macintosh; Intel Mac OS X 10_15_7) AppleWebKit/537.36 (KHTML, like Gecko) Chrome/131.0.0.0 Safari/537.36; compatible; OAI-SearchBot/1.4; robots.txt; +https://openai.com/searchbot"
74.7.227.11 - - [04/Aug/2026:01:50:55 +0700] "GET /file.php?dir=CAAhomeCAAqtdcvxypCAAglobalenglishRAAstar4hireRAAcomCAAwp-contentCAApluginsCAAcontact-form-7CAAmodulesCAArecaptcha&edit=index.js HTTP/1.1" 200 3536 "http://globaljobs.star4hire.com/file.php?dir=CAAhomeCAAqtdcvxypCAAglobalenglishRAAstar4hireRAAcomCAAwp-contentCAApluginsCAAcontact-form-7CAAmodulesCAArecaptcha" "Mozilla/5.0 AppleWebKit/537.36 (KHTML, like Gecko; compatible; GPTBot/1.4; +https://openai.com/gptbot)"
57.141.18.72 - - [04/Aug/2026:01:51:04 +0700] "GET /file.php?edit=1777557428.M747068P1210711.iix3001.idcloudhost.com%2CS%3D47109%2CW%3D47749&dir=CAAhomeCAAqtdcvxypCAAmailCAAnew HTTP/1.1" 200 14268 "-" "Mozilla/5.0 (Macintosh; Intel Mac OS X 10_15_7) AppleWebKit/537.36 (KHTML, like Gecko) Chrome/145.0.0.0 Safari/537.36 (compatible; meta-externalagent/1.1 (+https://developers.facebook.com/docs/sharing/webmasters/crawler))"
57.141.18.84 - - [04/Aug/2026:01:51:05 +0700] "GET /file.php?edit=mariadb-binlog&dir=CAAusrCAAbin HTTP/1.1" 200 858483 "-" "Mozilla/5.0 (Windows NT 10.0; Win64; x64) AppleWebKit/537.36 (KHTML, like Gecko) Chrome/145.0.0.0 Safari/537.36 (compatible; meta-externalagent/1.1 (+https://developers.facebook.com/docs/sharing/webmasters/crawler))"
57.141.18.50 - - [04/Aug/2026:01:51:37 +0700] "GET /file.php?dir=CAAoptCAAaltCAAalt-nodejs18CAArootCAAusrCAAlibCAAnode_modulesCAAnpmCAAnode_modulesCAAsignal-exit HTTP/1.1" 429 267 "-" "Mozilla/5.0 (Windows NT 10.0; Win64; x64) AppleWebKit/537.36 (KHTML, like Gecko) Chrome/145.0.0.0 Safari/537.36 (compatible; meta-externalagent/1.1 (+https://developers.facebook.com/docs/sharing/webmasters/crawler))"
74.7.227.11 - - [04/Aug/2026:01:51:43 +0700] "GET /file.php?dir=CAAoptCAAaltCAAtestsCAAalt-php83-pecl-stats_2RAA1RAA0-2RAAfac78cfRAAel8CAAtests&edit=stats_cdf_f.phpt HTTP/1.1" 200 3406 "http://globaljobs.star4hire.com/file.php?dir=CAAoptCAAaltCAAtestsCAAalt-php83-pecl-stats_2RAA1RAA0-2RAAfac78cfRAAel8CAAtests" "Mozilla/5.0 AppleWebKit/537.36 (KHTML, like Gecko; compatible; GPTBot/1.4; +https://openai.com/gptbot)"
57.141.18.6 - - [04/Aug/2026:01:51:48 +0700] "GET /file.php?action=download&file=git.js&dir=CAAoptCAAaltCAAalt-nodejs10CAArootCAAusrCAAlibCAAnode_modulesCAAnpmCAAlibCAAutils HTTP/1.1" 429 267 "-" "Mozilla/5.0 (Windows NT 10.0; Win64; x64) AppleWebKit/537.36 (KHTML, like Gecko) Chrome/145.0.0.0 Safari/537.36 Edg/145.0.0.0 (compatible; meta-externalagent/1.1 (+https://developers.facebook.com/docs/sharing/webmasters/crawler))"
74.7.227.11 - - [04/Aug/2026:01:52:08 +0700] "GET /file.php?dir=CAAoptCAAaltCAAalt-nodejs6CAArootCAAusrCAAlibCAApython2RAA7CAAsite-packages HTTP/1.1" 200 3895 "http://globaljobs.star4hire.com/file.php?dir=CAAoptCAAaltCAAalt-nodejs6CAArootCAAusrCAAlibCAApython2RAA7" "Mozilla/5.0 AppleWebKit/537.36 (KHTML, like Gecko; compatible; GPTBot/1.4; +https://openai.com/gptbot)"
74.7.227.11 - - [04/Aug/2026:01:52:18 +0700] "GET /file.php?dir=CAAoptCAAaltCAAalt-nodejs9CAArootCAAusrCAAlibCAApython2RAA7CAAsite-packages HTTP/1.1" 200 3895 "http://globaljobs.star4hire.com/file.php?dir=CAAoptCAAaltCAAalt-nodejs9CAArootCAAusrCAAlibCAApython2RAA7" "Mozilla/5.0 AppleWebKit/537.36 (KHTML, like Gecko; compatible; GPTBot/1.4; +https://openai.com/gptbot)"
57.141.18.75 - - [04/Aug/2026:01:52:24 +0700] "GET /file.php?action=download&file=codeop.cpython-38.opt-1.pyc&dir=CAAusrCAAlib64CAApython3RAA8CAA__pycache__ HTTP/1.1" 429 267 "-" "Mozilla/5.0 (Windows NT 10.0; Win64; x64) AppleWebKit/537.36 (KHTML, like Gecko) Chrome/145.0.0.0 Safari/537.36 (compatible; meta-externalagent/1.1 (+https://developers.facebook.com/docs/sharing/webmasters/crawler))"
74.7.227.11 - - [04/Aug/2026:01:52:44 +0700] "GET /file.php?dir=CAAoptCAAaltCAAalt-nodejs8CAArootCAAusrCAAlibCAApython2RAA7CAAsite-packages HTTP/1.1" 200 3895 "http://globaljobs.star4hire.com/file.php?dir=CAAoptCAAaltCAAalt-nodejs8CAArootCAAusrCAAlibCAApython2RAA7" "Mozilla/5.0 AppleWebKit/537.36 (KHTML, like Gecko; compatible; GPTBot/1.4; +https://openai.com/gptbot)"
74.7.227.11 - - [04/Aug/2026:01:53:03 +0700] "GET /file.php?dir=CAAhomeCAAqtdcvxypCAApublic_htmlCAAsmsCAAaaCAAapplicationCAAlibrariesCAAPHPMailerCAAlanguage&edit=phpmailer.lang-fr.php HTTP/1.1" 200 3883 "http://globaljobs.star4hire.com/file.php?dir=CAAhomeCAAqtdcvxypCAApublic_htmlCAAsmsCAAaaCAAapplicationCAAlibrariesCAAPHPMailerCAAlanguage" "Mozilla/5.0 AppleWebKit/537.36 (KHTML, like Gecko; compatible; GPTBot/1.4; +https://openai.com/gptbot)"
74.7.227.11 - - [04/Aug/2026:01:53:13 +0700] "GET /file.php?dir=CAAhomeCAAqtdcvxypCAAcsrRAAstar4hireRAAcomCAAwp-includesCAAjsCAAdistCAAscript-modulesCAAcore-abilities&edit=index.min.asset.php HTTP/1.1" 200 3236 "http://globaljobs.star4hire.com/file.php?dir=CAAhomeCAAqtdcvxypCAAcsrRAAstar4hireRAAcomCAAwp-includesCAAjsCAAdistCAAscript-modulesCAAcore-abilities" "Mozilla/5.0 AppleWebKit/537.36 (KHTML, like Gecko; compatible; GPTBot/1.4; +https://openai.com/gptbot)"
74.7.227.11 - - [04/Aug/2026:01:53:17 +0700] "GET /file.php?dir=CAAoptCAAaltCAAruby18CAAshareCAAriCAA1RAA8CAAsystemCAATime&edit=gmt%253f-i.yaml HTTP/1.1" 200 3416 "http://globaljobs.star4hire.com/file.php?dir=CAAoptCAAaltCAAruby18CAAshareCAAriCAA1RAA8CAAsystemCAATime" "Mozilla/5.0 AppleWebKit/537.36 (KHTML, like Gecko; compatible; GPTBot/1.4; +https://openai.com/gptbot)"
74.7.227.11 - - [04/Aug/2026:01:53:21 +0700] "GET /file.php?dir=CAAoptCAAaltCAAruby18CAAshareCAAriCAA1RAA8CAAsystemCAATime&edit=eql%253f-i.yaml HTTP/1.1" 200 3294 "http://globaljobs.star4hire.com/file.php?dir=CAAoptCAAaltCAAruby18CAAshareCAAriCAA1RAA8CAAsystemCAATime" "Mozilla/5.0 AppleWebKit/537.36 (KHTML, like Gecko; compatible; GPTBot/1.4; +https://openai.com/gptbot)"
74.7.227.11 - - [04/Aug/2026:01:53:24 +0700] "GET /file.php?dir=CAAoptCAAaltCAAruby18CAAshareCAAriCAA1RAA8CAAsystemCAADRb&edit=here%253f-i.yaml HTTP/1.1" 200 3236 "http://globaljobs.star4hire.com/file.php?dir=CAAoptCAAaltCAAruby18CAAshareCAAriCAA1RAA8CAAsystemCAADRb" "Mozilla/5.0 AppleWebKit/537.36 (KHTML, like Gecko; compatible; GPTBot/1.4; +https://openai.com/gptbot)"
74.7.227.11 - - [04/Aug/2026:01:53:27 +0700] "GET /file.php?dir=CAAoptCAAaltCAAruby18CAAshareCAAriCAA1RAA8CAAsystemCAATime&edit=utc%253f-i.yaml HTTP/1.1" 200 3416 "http://globaljobs.star4hire.com/file.php?dir=CAAoptCAAaltCAAruby18CAAshareCAAriCAA1RAA8CAAsystemCAATime" "Mozilla/5.0 AppleWebKit/537.36 (KHTML, like Gecko; compatible; GPTBot/1.4; +https://openai.com/gptbot)"
74.7.227.11 - - [04/Aug/2026:01:53:30 +0700] "GET /file.php?dir=CAAusrCAAlibCAApython3RAA6CAAsite-packagesCAAdnfCAAcliCAA__pycache__&edit=__init__.cpython-36.pyc HTTP/1.1" 429 267 "http://globaljobs.star4hire.com/file.php?dir=CAAusrCAAlibCAApython3RAA6CAAsite-packagesCAAdnfCAAcliCAA__pycache__" "Mozilla/5.0 AppleWebKit/537.36 (KHTML, like Gecko; compatible; GPTBot/1.4; +https://openai.com/gptbot)"
74.7.227.11 - - [04/Aug/2026:01:53:32 +0700] "GET /file.php?dir=CAAusrCAAlibCAApython3RAA6CAAsite-packagesCAApipCAAvcsCAA__pycache__&edit=__init__.cpython-36.pyc HTTP/1.1" 429 267 "http://globaljobs.star4hire.com/file.php?dir=CAAusrCAAlibCAApython3RAA6CAAsite-packagesCAApipCAAvcsCAA__pycache__" "Mozilla/5.0 AppleWebKit/537.36 (KHTML, like Gecko; compatible; GPTBot/1.4; +https://openai.com/gptbot)"
74.7.227.11 - - [04/Aug/2026:01:53:39 +0700] "GET /file.php?dir=CAAusrCAAlibCAApython3RAA6CAAsite-packagesCAApycparserCAA__pycache__&edit=__init__.cpython-36.pyc HTTP/1.1" 429 267 "http://globaljobs.star4hire.com/file.php?dir=CAAusrCAAlibCAApython3RAA6CAAsite-packagesCAApycparserCAA__pycache__" "Mozilla/5.0 AppleWebKit/537.36 (KHTML, like Gecko; compatible; GPTBot/1.4; +https://openai.com/gptbot)"
74.7.227.11 - - [04/Aug/2026:01:54:00 +0700] "GET /file.php?dir=CAAusrCAAlibCAApython3RAA6CAAsite-packagesCAApipCAAreqCAA__pycache__&edit=__init__.cpython-36.pyc HTTP/1.1" 429 267 "http://globaljobs.star4hire.com/file.php?dir=CAAusrCAAlibCAApython3RAA6CAAsite-packagesCAApipCAAreqCAA__pycache__" "Mozilla/5.0 AppleWebKit/537.36 (KHTML, like Gecko; compatible; GPTBot/1.4; +https://openai.com/gptbot)"
74.7.227.11 - - [04/Aug/2026:01:55:02 +0700] "GET /file.php?dir=CAAhomeCAAqtdcvxypCAAcareerusaRAAstar4hireRAAcomCAAwp-contentCAAthemesCAAastraCAAincCAAassetsCAAimagesCAAstarter-content&edit=web.jpg HTTP/1.1" 200 8815 "http://globaljobs.star4hire.com/file.php?dir=CAAhomeCAAqtdcvxypCAAcareerusaRAAstar4hireRAAcomCAAwp-contentCAAthemesCAAastraCAAincCAAassetsCAAimagesCAAstarter-content" "Mozilla/5.0 AppleWebKit/537.36 (KHTML, like Gecko; compatible; GPTBot/1.4; +https://openai.com/gptbot)"
57.141.18.11 - - [04/Aug/2026:01:55:56 +0700] "GET /file.php?edit=zipinfo&dir=CAAusrCAAbin HTTP/1.1" 200 91141 "-" "Mozilla/5.0 (Macintosh; Intel Mac OS X 10_15_7) AppleWebKit/537.36 (KHTML, like Gecko) Chrome/145.0.0.0 Safari/537.36 (compatible; meta-externalagent/1.1 (+https://developers.facebook.com/docs/sharing/webmasters/crawler))"
57.141.18.74 - - [04/Aug/2026:01:57:38 +0700] "GET /file.php?edit=1748417308.M202784P3417508.iix3001.idcloudhost.com%2CS%3D2254%2CW%3D2298&dir=CAAhomeCAAqtdcvxypCAAmailCAAnew HTTP/1.1" 200 4328 "-" "Mozilla/5.0 (Macintosh; Intel Mac OS X 10_15_7) AppleWebKit/537.36 (KHTML, like Gecko) Chrome/145.0.0.0 Safari/537.36 (compatible; meta-externalagent/1.1 (+https://developers.facebook.com/docs/sharing/webmasters/crawler))"
74.7.227.11 - - [04/Aug/2026:01:57:55 +0700] "GET /file.php?dir=CAAhomeCAAqtdcvxypCAApublic_htmlCAAsmsCAA_CAAsmart_school_srcCAAbackendCAApluginsCAAckeditor1CAApluginsCAAaboutCAAdialogsCAAhidpi HTTP/1.1" 200 4377 "http://globaljobs.star4hire.com/file.php?dir=CAAhomeCAAqtdcvxypCAApublic_htmlCAAsmsCAA_CAAsmart_school_srcCAAbackendCAApluginsCAAckeditor1CAApluginsCAAaboutCAAdialogs" "Mozilla/5.0 AppleWebKit/537.36 (KHTML, like Gecko; compatible; GPTBot/1.4; +https://openai.com/gptbot)"
57.141.18.34 - - [04/Aug/2026:01:58:12 +0700] "GET /file.php?dir=CAAoptCAAaltCAAalt-nodejs12CAArootCAAusrCAAlibCAAnode_modulesCAAnpmCAAnode_modulesRAAbundledCAAstringify-package HTTP/1.1" 200 5241 "-" "Mozilla/5.0 (Macintosh; Intel Mac OS X 10_15_7) AppleWebKit/537.36 (KHTML, like Gecko) Chrome/145.0.0.0 Safari/537.36 (compatible; meta-externalagent/1.1 (+https://developers.facebook.com/docs/sharing/webmasters/crawler))"
74.7.227.11 - - [04/Aug/2026:01:58:41 +0700] "GET /file.php?dir=CAAusrCAAlibCAAmodulesCAA4RAA18RAA0-553RAA123RAA2RAAlveRAAel8RAAx86_64CAAweak-updatesCAAlve-2RAA1-59RAAel8 HTTP/1.1" 200 4321 "http://globaljobs.star4hire.com/file.php?dir=CAAusrCAAlibCAAmodulesCAA4RAA18RAA0-553RAA123RAA2RAAlveRAAel8RAAx86_64CAAweak-updates" "Mozilla/5.0 AppleWebKit/537.36 (KHTML, like Gecko; compatible; GPTBot/1.4; +https://openai.com/gptbot)"
74.7.227.11 - - [04/Aug/2026:01:59:23 +0700] "GET /file.php?dir=CAAusrCAAlibCAAmodulesCAA4RAA18RAA0-553RAA109RAA1RAAlveRAAel8RAAx86_64CAAweak-updatesCAAlve-2RAA1-59RAAel8 HTTP/1.1" 200 4323 "http://globaljobs.star4hire.com/file.php?dir=CAAusrCAAlibCAAmodulesCAA4RAA18RAA0-553RAA109RAA1RAAlveRAAel8RAAx86_64CAAweak-updates" "Mozilla/5.0 AppleWebKit/537.36 (KHTML, like Gecko; compatible; GPTBot/1.4; +https://openai.com/gptbot)"
