74.7.227.11 - - [03/Aug/2026:06:45:37 +0700] "GET /3D%22https:/a.lindri= HTTP/1.1" 404 212 "http://globaljobs.star4hire.com/file.php?action=download&dir=CAAhomeCAAqtdcvxypCAAmailCAARAAspamCAAnew&file=1783177108.M330893P505221.iix3001.idcloudhost.com%2CS%3D42910%2CW%3D43491" "Mozilla/5.0 AppleWebKit/537.36 (KHTML, like Gecko; compatible; GPTBot/1.4; +https://openai.com/gptbot)"
74.7.227.11 - - [03/Aug/2026:06:48:43 +0700] "GET /3D%22https:/secure.el1.wpbeginner.com/lt/?p=3D359/5ir/= HTTP/1.1" 404 212 "http://globaljobs.star4hire.com/file.php?action=download&dir=CAAhomeCAAqtdcvxypCAAmailCAARAAspamCAAnew&file=1783007705.M436054P190824.iix3001.idcloudhost.com%2CS%3D42871%2CW%3D43451" "Mozilla/5.0 AppleWebKit/537.36 (KHTML, like Gecko; compatible; GPTBot/1.4; +https://openai.com/gptbot)"
74.7.241.137 - - [03/Aug/2026:06:48:44 +0700] "GET /robots.txt HTTP/1.1" 404 212 "-" "Mozilla/5.0 (Macintosh; Intel Mac OS X 10_15_7) AppleWebKit/537.36 (KHTML, like Gecko) Chrome/131.0.0.0 Safari/537.36; compatible; OAI-SearchBot/1.4; robots.txt; +https://openai.com/searchbot"
74.7.227.11 - - [03/Aug/2026:06:50:46 +0700] "GET /3D%22https:/a.lindris.com/assets/images/lindris-bad= HTTP/1.1" 404 212 "http://globaljobs.star4hire.com/file.php?action=download&dir=CAAhomeCAAqtdcvxypCAAmailCAARAAspamCAAnew&file=1783177108.M330893P505221.iix3001.idcloudhost.com%2CS%3D42910%2CW%3D43491" "Mozilla/5.0 AppleWebKit/537.36 (KHTML, like Gecko; compatible; GPTBot/1.4; +https://openai.com/gptbot)"
74.7.227.11 - - [03/Aug/2026:06:52:50 +0700] "GET /3D%22https:/secure.el1.wpbeginner.com/ot/?p=3D359= HTTP/1.1" 404 212 "http://globaljobs.star4hire.com/file.php?action=download&dir=CAAhomeCAAqtdcvxypCAAmailCAARAAspamCAAnew&file=1783007705.M436054P190824.iix3001.idcloudhost.com%2CS%3D42871%2CW%3D43451" "Mozilla/5.0 AppleWebKit/537.36 (KHTML, like Gecko; compatible; GPTBot/1.4; +https://openai.com/gptbot)"
74.7.227.11 - - [03/Aug/2026:06:55:00 +0700] "GET /3D%22https:/secure.el1.wpbeginner.com/lt/?p=3D359/5ir/rs/cizv/w= HTTP/1.1" 404 212 "http://globaljobs.star4hire.com/file.php?action=download&dir=CAAhomeCAAqtdcvxypCAAmailCAARAAspamCAAnew&file=1783007705.M436054P190824.iix3001.idcloudhost.com%2CS%3D42871%2CW%3D43451" "Mozilla/5.0 AppleWebKit/537.36 (KHTML, like Gecko; compatible; GPTBot/1.4; +https://openai.com/gptbot)"
74.7.227.11 - - [03/Aug/2026:06:57:03 +0700] "GET /3D%22https:/secure.el1.wpbeginner.com/lt/?p=3D359/5ir/rs/cizv/wg/= HTTP/1.1" 404 212 "http://globaljobs.star4hire.com/file.php?action=download&dir=CAAhomeCAAqtdcvxypCAAmailCAARAAspamCAAnew&file=1783007705.M436054P190824.iix3001.idcloudhost.com%2CS%3D42871%2CW%3D43451" "Mozilla/5.0 AppleWebKit/537.36 (KHTML, like Gecko; compatible; GPTBot/1.4; +https://openai.com/gptbot)"
74.7.227.11 - - [03/Aug/2026:06:59:05 +0700] "GET /3D%22https:/secure.el1.wpbeginner.com/lt/?p=3D35w/5jo/rs/cizv/wg/r= HTTP/1.1" 404 212 "http://globaljobs.star4hire.com/file.php?action=download&dir=CAAhomeCAAqtdcvxypCAAmailCAARAAspamCAAnew&file=1783177108.M330893P505221.iix3001.idcloudhost.com%2CS%3D42910%2CW%3D43491" "Mozilla/5.0 AppleWebKit/537.36 (KHTML, like Gecko; compatible; GPTBot/1.4; +https://openai.com/gptbot)"
74.7.227.11 - - [03/Aug/2026:07:01:07 +0700] "GET /3D%22https:/secure.el1.wpbeginner.com/lt/?p=3D35w/5jo/rs/cizv= HTTP/1.1" 404 212 "http://globaljobs.star4hire.com/file.php?action=download&dir=CAAhomeCAAqtdcvxypCAAmailCAARAAspamCAAnew&file=1783177108.M330893P505221.iix3001.idcloudhost.com%2CS%3D42910%2CW%3D43491" "Mozilla/5.0 AppleWebKit/537.36 (KHTML, like Gecko; compatible; GPTBot/1.4; +https://openai.com/gptbot)"
74.7.227.11 - - [03/Aug/2026:07:03:12 +0700] "GET /3D%22https:/secure.el1.wpbeginner.com/lt/?p=3D2uc/52f/rs/cizv= HTTP/1.1" 404 212 "http://globaljobs.star4hire.com/file.php?action=download&dir=CAAhomeCAAqtdcvxypCAAmailCAARAAspamCAAnew&file=1779550043.M160973P819834.iix3001.idcloudhost.com%2CS%3D42875%2CW%3D43455" "Mozilla/5.0 AppleWebKit/537.36 (KHTML, like Gecko; compatible; GPTBot/1.4; +https://openai.com/gptbot)"
74.7.227.11 - - [03/Aug/2026:07:05:19 +0700] "GET /3D%22https:/secure.el1.wpbeginner.com/lt/?p=3D359/5ir/rs/cizv/wg/rs//aH= HTTP/1.1" 404 212 "http://globaljobs.star4hire.com/file.php?action=download&dir=CAAhomeCAAqtdcvxypCAAmailCAARAAspamCAAnew&file=1783007705.M436054P190824.iix3001.idcloudhost.com%2CS%3D42871%2CW%3D43451" "Mozilla/5.0 AppleWebKit/537.36 (KHTML, like Gecko; compatible; GPTBot/1.4; +https://openai.com/gptbot)"
74.7.227.11 - - [03/Aug/2026:07:08:23 +0700] "GET /3D%22https:/secure.el1.wpbeginner.com/lt/?p=3D359/5ir/rs/cizv/wg/rs/= HTTP/1.1" 404 212 "http://globaljobs.star4hire.com/file.php?action=download&dir=CAAhomeCAAqtdcvxypCAAmailCAARAAspamCAAnew&file=1783007705.M436054P190824.iix3001.idcloudhost.com%2CS%3D42871%2CW%3D43451" "Mozilla/5.0 AppleWebKit/537.36 (KHTML, like Gecko; compatible; GPTBot/1.4; +https://openai.com/gptbot)"
74.7.227.11 - - [03/Aug/2026:07:09:22 +0700] "GET /file.php?dir=CAAoptCAAcpanelCAAea-wappspectorCAAvendorCAArectorCAArectorCAAvendorCAAilluminateCAAcontractsCAABroadcasting&edit=Broadcaster.php HTTP/1.1" 200 3387 "http://globaljobs.star4hire.com/file.php?dir=CAAoptCAAcpanelCAAea-wappspectorCAAvendorCAArectorCAArectorCAAvendorCAAilluminateCAAcontractsCAABroadcasting" "Mozilla/5.0 AppleWebKit/537.36 (KHTML, like Gecko; compatible; GPTBot/1.4; +https://openai.com/gptbot)"
57.141.18.120 - - [03/Aug/2026:07:09:39 +0700] "GET /file.php?dir=CAAoptCAAcpanelCAAea-php71CAArootCAAusrCAAincludeCAAphpCAAZend HTTP/1.1" 200 12139 "-" "Mozilla/5.0 (Windows NT 10.0; Win64; x64) AppleWebKit/537.36 (KHTML, like Gecko) Chrome/145.0.0.0 Safari/537.36 (compatible; meta-externalagent/1.1 (+https://developers.facebook.com/docs/sharing/webmasters/crawler))"
74.7.227.11 - - [03/Aug/2026:07:10:26 +0700] "GET /file.php?dir=CAAoptCAAcpanelCAAea-wappspectorCAAvendorCAArectorCAArectorCAAvendorCAAsymfonyCAAconsoleCAADescriptor&edit=DescriptorInterface.php HTTP/1.1" 429 267 "http://globaljobs.star4hire.com/file.php?dir=CAAoptCAAcpanelCAAea-wappspectorCAAvendorCAArectorCAArectorCAAvendorCAAsymfonyCAAconsoleCAADescriptor" "Mozilla/5.0 AppleWebKit/537.36 (KHTML, like Gecko; compatible; GPTBot/1.4; +https://openai.com/gptbot)"
74.7.227.11 - - [03/Aug/2026:07:13:24 +0700] "GET /file.php?dir=CAAoptCAAcpanelCAAea-wappspectorCAAvendorCAArectorCAArectorCAArulesCAACodingStyleCAARectorCAAClosure&edit=StaticClosureRector.php HTTP/1.1" 200 3643 "http://globaljobs.star4hire.com/file.php?dir=CAAoptCAAcpanelCAAea-wappspectorCAAvendorCAArectorCAArectorCAArulesCAACodingStyleCAARectorCAAClosure" "Mozilla/5.0 AppleWebKit/537.36 (KHTML, like Gecko; compatible; GPTBot/1.4; +https://openai.com/gptbot)"
74.7.227.11 - - [03/Aug/2026:07:15:42 +0700] "GET /file.php?dir=CAAoptCAAcpanelCAAea-wappspectorCAAvendorCAArectorCAArectorCAAvendorCAAilluminateCAAcontractsCAAFoundation&edit=MaintenanceMode.php HTTP/1.1" 200 3351 "http://globaljobs.star4hire.com/file.php?dir=CAAoptCAAcpanelCAAea-wappspectorCAAvendorCAArectorCAArectorCAAvendorCAAilluminateCAAcontractsCAAFoundation" "Mozilla/5.0 AppleWebKit/537.36 (KHTML, like Gecko; compatible; GPTBot/1.4; +https://openai.com/gptbot)"
74.7.227.11 - - [03/Aug/2026:07:16:20 +0700] "GET /file.php?dir=CAAoptCAAcpanelCAAea-wappspectorCAAvendorCAArectorCAArectorCAAvendorCAAreactCAApromiseCAAsrcCAAException&edit=LengthException.php HTTP/1.1" 200 3183 "http://globaljobs.star4hire.com/file.php?dir=CAAoptCAAcpanelCAAea-wappspectorCAAvendorCAArectorCAArectorCAAvendorCAAreactCAApromiseCAAsrcCAAException" "Mozilla/5.0 AppleWebKit/537.36 (KHTML, like Gecko; compatible; GPTBot/1.4; +https://openai.com/gptbot)"
74.7.227.11 - - [03/Aug/2026:07:17:50 +0700] "GET /file.php?dir=CAAoptCAAcpanelCAAea-wappspectorCAAvendorCAArectorCAArectorCAArulesCAARenamingCAARectorCAAConstFetch&edit=RenameConstantRector.php HTTP/1.1" 200 3869 "http://globaljobs.star4hire.com/file.php?dir=CAAoptCAAcpanelCAAea-wappspectorCAAvendorCAArectorCAArectorCAArulesCAARenamingCAARectorCAAConstFetch" "Mozilla/5.0 AppleWebKit/537.36 (KHTML, like Gecko; compatible; GPTBot/1.4; +https://openai.com/gptbot)"
74.7.227.11 - - [03/Aug/2026:07:18:14 +0700] "GET /file.php?dir=CAAoptCAAcpanelCAAea-wappspectorCAAvendorCAArectorCAArectorCAAvendorCAAilluminateCAAcontractsCAAQueue&edit=QueueableCollection.php HTTP/1.1" 200 3319 "http://globaljobs.star4hire.com/file.php?dir=CAAoptCAAcpanelCAAea-wappspectorCAAvendorCAArectorCAArectorCAAvendorCAAilluminateCAAcontractsCAAQueue" "Mozilla/5.0 AppleWebKit/537.36 (KHTML, like Gecko; compatible; GPTBot/1.4; +https://openai.com/gptbot)"
74.7.227.11 - - [03/Aug/2026:07:19:13 +0700] "GET /file.php?dir=CAAoptCAAcpanelCAAea-wappspectorCAAvendorCAArectorCAArectorCAAvendorCAAreactCAApromiseCAAsrcCAAInternal&edit=FulfilledPromise.php HTTP/1.1" 200 3783 "http://globaljobs.star4hire.com/file.php?dir=CAAoptCAAcpanelCAAea-wappspectorCAAvendorCAArectorCAArectorCAAvendorCAAreactCAApromiseCAAsrcCAAInternal" "Mozilla/5.0 AppleWebKit/537.36 (KHTML, like Gecko; compatible; GPTBot/1.4; +https://openai.com/gptbot)"
74.7.227.11 - - [03/Aug/2026:07:19:30 +0700] "GET /file.php?dir=CAAoptCAAcpanelCAAea-wappspectorCAAvendorCAArectorCAArectorCAAvendorCAAilluminateCAAcontractsCAANotifications&edit=Dispatcher.php HTTP/1.1" 200 3335 "http://globaljobs.star4hire.com/file.php?dir=CAAoptCAAcpanelCAAea-wappspectorCAAvendorCAArectorCAArectorCAAvendorCAAilluminateCAAcontractsCAANotifications" "Mozilla/5.0 AppleWebKit/537.36 (KHTML, like Gecko; compatible; GPTBot/1.4; +https://openai.com/gptbot)"
74.7.227.11 - - [03/Aug/2026:07:19:57 +0700] "GET /file.php?dir=CAAoptCAAaltCAAphp51CAAusrCAAshareCAApearCAAtestCAAXML_RPCCAAtests&edit=extra-lines.php HTTP/1.1" 200 3973 "http://globaljobs.star4hire.com/file.php?dir=CAAoptCAAaltCAAphp51CAAusrCAAshareCAApearCAAtestCAAXML_RPCCAAtests" "Mozilla/5.0 AppleWebKit/537.36 (KHTML, like Gecko; compatible; GPTBot/1.4; +https://openai.com/gptbot)"
74.7.227.11 - - [03/Aug/2026:07:20:08 +0700] "GET /file.php?dir=CAAoptCAAaltCAAphp84CAAusrCAAshareCAApearCAAtestCAAXML_RPCCAAtests&edit=extra-lines.php HTTP/1.1" 429 267 "http://globaljobs.star4hire.com/file.php?dir=CAAoptCAAaltCAAphp84CAAusrCAAshareCAApearCAAtestCAAXML_RPCCAAtests" "Mozilla/5.0 AppleWebKit/537.36 (KHTML, like Gecko; compatible; GPTBot/1.4; +https://openai.com/gptbot)"
74.7.227.11 - - [03/Aug/2026:07:23:53 +0700] "GET /file.php?dir=CAAoptCAAaltCAAphp56CAAusrCAAshareCAApearCAAtestCAAXML_RPCCAAtests&edit=extra-lines.php HTTP/1.1" 200 3973 "http://globaljobs.star4hire.com/file.php?dir=CAAoptCAAaltCAAphp56CAAusrCAAshareCAApearCAAtestCAAXML_RPCCAAtests" "Mozilla/5.0 AppleWebKit/537.36 (KHTML, like Gecko; compatible; GPTBot/1.4; +https://openai.com/gptbot)"
57.141.18.109 - - [03/Aug/2026:07:25:32 +0700] "GET /file.php?action=download&dir=CAAhomeCAAqtdcvxypCAAmailCAARAAspamCAAnew&file=1779217528.M718743P3467492.iix3001.idcloudhost.com,S%3D43860,W%3D44454 HTTP/1.1" 200 11133 "-" "Mozilla/5.0 (Macintosh; Intel Mac OS X 10_15_7) AppleWebKit/537.36 (KHTML, like Gecko) Chrome/145.0.0.0 Safari/537.36 (compatible; meta-externalagent/1.1 (+https://developers.facebook.com/docs/sharing/webmasters/crawler))"
57.141.18.44 - - [03/Aug/2026:07:25:34 +0700] "GET /3D%22https://a.lindris.com/01k45ftzs6fmcvsbv3scv68r8y= HTTP/1.1" 404 277 "http://globaljobs.star4hire.com/file.php?action=download&dir=CAAhomeCAAqtdcvxypCAAmailCAARAAspamCAAnew&file=1779217528.M718743P3467492.iix3001.idcloudhost.com,S%3D43860,W%3D44454" "Mozilla/5.0 (Macintosh; Intel Mac OS X 10_15_7) AppleWebKit/537.36 (KHTML, like Gecko) Chrome/145.0.0.0 Safari/537.36 (compatible; meta-externalagent/1.1 (+https://developers.facebook.com/docs/sharing/webmasters/crawler))"
57.141.18.97 - - [03/Aug/2026:07:25:34 +0700] "GET /3D%22https://a.lindris.co= HTTP/1.1" 404 277 "http://globaljobs.star4hire.com/file.php?action=download&dir=CAAhomeCAAqtdcvxypCAAmailCAARAAspamCAAnew&file=1779217528.M718743P3467492.iix3001.idcloudhost.com,S%3D43860,W%3D44454" "Mozilla/5.0 (Macintosh; Intel Mac OS X 10_15_7) AppleWebKit/537.36 (KHTML, like Gecko) Chrome/145.0.0.0 Safari/537.36 (compatible; meta-externalagent/1.1 (+https://developers.facebook.com/docs/sharing/webmasters/crawler))"
57.141.18.23 - - [03/Aug/2026:07:25:34 +0700] "GET /3D%22https://secure.el1.wpbeginner.com/ot/?p=3D2t5= HTTP/1.1" 404 277 "http://globaljobs.star4hire.com/file.php?action=download&dir=CAAhomeCAAqtdcvxypCAAmailCAARAAspamCAAnew&file=1779217528.M718743P3467492.iix3001.idcloudhost.com,S%3D43860,W%3D44454" "Mozilla/5.0 (Macintosh; Intel Mac OS X 10_15_7) AppleWebKit/537.36 (KHTML, like Gecko) Chrome/145.0.0.0 Safari/537.36 (compatible; meta-externalagent/1.1 (+https://developers.facebook.com/docs/sharing/webmasters/crawler))"
57.141.18.125 - - [03/Aug/2026:07:25:34 +0700] "GET /3D%22https://a.lindris.com/assets/social-youtube.png%22 HTTP/1.1" 404 277 "http://globaljobs.star4hire.com/file.php?action=download&dir=CAAhomeCAAqtdcvxypCAAmailCAARAAspamCAAnew&file=1779217528.M718743P3467492.iix3001.idcloudhost.com,S%3D43860,W%3D44454" "Mozilla/5.0 (Macintosh; Intel Mac OS X 10_15_7) AppleWebKit/537.36 (KHTML, like Gecko) Chrome/145.0.0.0 Safari/537.36 (compatible; meta-externalagent/1.1 (+https://developers.facebook.com/docs/sharing/webmasters/crawler))"
57.141.18.103 - - [03/Aug/2026:07:25:35 +0700] "GET /3D%22https://a.lindris.com/assets/social-instagram.png%22 HTTP/1.1" 404 277 "http://globaljobs.star4hire.com/file.php?action=download&dir=CAAhomeCAAqtdcvxypCAAmailCAARAAspamCAAnew&file=1779217528.M718743P3467492.iix3001.idcloudhost.com,S%3D43860,W%3D44454" "Mozilla/5.0 (Macintosh; Intel Mac OS X 10_15_7) AppleWebKit/537.36 (KHTML, like Gecko) Chrome/145.0.0.0 Safari/537.36 (compatible; meta-externalagent/1.1 (+https://developers.facebook.com/docs/sharing/webmasters/crawler))"
57.141.18.79 - - [03/Aug/2026:07:25:35 +0700] "GET /3D%22https://a.lindris.com/assets/social-facebook.png%22 HTTP/1.1" 404 277 "http://globaljobs.star4hire.com/file.php?action=download&dir=CAAhomeCAAqtdcvxypCAAmailCAARAAspamCAAnew&file=1779217528.M718743P3467492.iix3001.idcloudhost.com,S%3D43860,W%3D44454" "Mozilla/5.0 (Macintosh; Intel Mac OS X 10_15_7) AppleWebKit/537.36 (KHTML, like Gecko) Chrome/145.0.0.0 Safari/537.36 (compatible; meta-externalagent/1.1 (+https://developers.facebook.com/docs/sharing/webmasters/crawler))"
74.7.227.11 - - [03/Aug/2026:07:26:44 +0700] "GET /file.php?dir=CAAoptCAAaltCAAphp74CAAusrCAAshareCAApearCAAtestCAAXML_RPCCAAtests&edit=extra-lines.php HTTP/1.1" 200 3973 "http://globaljobs.star4hire.com/file.php?dir=CAAoptCAAaltCAAphp74CAAusrCAAshareCAApearCAAtestCAAXML_RPCCAAtests" "Mozilla/5.0 AppleWebKit/537.36 (KHTML, like Gecko; compatible; GPTBot/1.4; +https://openai.com/gptbot)"
74.7.227.11 - - [03/Aug/2026:07:27:48 +0700] "GET /file.php?dir=CAAoptCAAaltCAAphp81CAAusrCAAshareCAApearCAAtestCAAXML_RPCCAAtests&edit=extra-lines.php HTTP/1.1" 200 3973 "http://globaljobs.star4hire.com/file.php?dir=CAAoptCAAaltCAAphp81CAAusrCAAshareCAApearCAAtestCAAXML_RPCCAAtests" "Mozilla/5.0 AppleWebKit/537.36 (KHTML, like Gecko; compatible; GPTBot/1.4; +https://openai.com/gptbot)"
74.7.227.11 - - [03/Aug/2026:07:28:15 +0700] "GET /file.php?dir=CAAoptCAAaltCAAphp72CAAusrCAAshareCAApearCAAtestCAAXML_RPCCAAtests&edit=extra-lines.php HTTP/1.1" 200 3973 "http://globaljobs.star4hire.com/file.php?dir=CAAoptCAAaltCAAphp72CAAusrCAAshareCAApearCAAtestCAAXML_RPCCAAtests" "Mozilla/5.0 AppleWebKit/537.36 (KHTML, like Gecko; compatible; GPTBot/1.4; +https://openai.com/gptbot)"
74.7.227.11 - - [03/Aug/2026:07:28:40 +0700] "GET /file.php?dir=CAAoptCAAaltCAAphp82CAAusrCAAshareCAApearCAAtestCAAXML_RPCCAAtests&edit=extra-lines.php HTTP/1.1" 200 3973 "http://globaljobs.star4hire.com/file.php?dir=CAAoptCAAaltCAAphp82CAAusrCAAshareCAApearCAAtestCAAXML_RPCCAAtests" "Mozilla/5.0 AppleWebKit/537.36 (KHTML, like Gecko; compatible; GPTBot/1.4; +https://openai.com/gptbot)"
74.7.227.11 - - [03/Aug/2026:07:29:23 +0700] "GET /file.php?dir=CAAoptCAAaltCAAphp52CAAusrCAAshareCAApearCAAtestCAAXML_RPCCAAtests&edit=extra-lines.php HTTP/1.1" 200 3973 "http://globaljobs.star4hire.com/file.php?dir=CAAoptCAAaltCAAphp52CAAusrCAAshareCAApearCAAtestCAAXML_RPCCAAtests" "Mozilla/5.0 AppleWebKit/537.36 (KHTML, like Gecko; compatible; GPTBot/1.4; +https://openai.com/gptbot)"
74.7.227.11 - - [03/Aug/2026:07:29:56 +0700] "GET /file.php?dir=CAAoptCAAaltCAAphp53CAAusrCAAshareCAApearCAAtestCAAXML_RPCCAAtests&edit=extra-lines.php HTTP/1.1" 429 267 "http://globaljobs.star4hire.com/file.php?dir=CAAoptCAAaltCAAphp53CAAusrCAAshareCAApearCAAtestCAAXML_RPCCAAtests" "Mozilla/5.0 AppleWebKit/537.36 (KHTML, like Gecko; compatible; GPTBot/1.4; +https://openai.com/gptbot)"
74.7.227.11 - - [03/Aug/2026:07:30:11 +0700] "GET /file.php?dir=CAAoptCAAaltCAAphp71CAAusrCAAshareCAApearCAAtestCAAXML_RPCCAAtests&edit=extra-lines.php HTTP/1.1" 429 267 "http://globaljobs.star4hire.com/file.php?dir=CAAoptCAAaltCAAphp71CAAusrCAAshareCAApearCAAtestCAAXML_RPCCAAtests" "Mozilla/5.0 AppleWebKit/537.36 (KHTML, like Gecko; compatible; GPTBot/1.4; +https://openai.com/gptbot)"
74.7.227.11 - - [03/Aug/2026:07:30:52 +0700] "GET /file.php?dir=CAAoptCAAaltCAAphp83CAAusrCAAshareCAApearCAAtestCAAXML_RPCCAAtests&edit=extra-lines.php HTTP/1.1" 429 267 "http://globaljobs.star4hire.com/file.php?dir=CAAoptCAAaltCAAphp83CAAusrCAAshareCAApearCAAtestCAAXML_RPCCAAtests" "Mozilla/5.0 AppleWebKit/537.36 (KHTML, like Gecko; compatible; GPTBot/1.4; +https://openai.com/gptbot)"
74.7.227.11 - - [03/Aug/2026:07:31:56 +0700] "GET /file.php?dir=CAAoptCAAaltCAAphp54CAAusrCAAshareCAApearCAAtestCAAXML_RPCCAAtests&edit=extra-lines.php HTTP/1.1" 200 3973 "http://globaljobs.star4hire.com/file.php?dir=CAAoptCAAaltCAAphp54CAAusrCAAshareCAApearCAAtestCAAXML_RPCCAAtests" "Mozilla/5.0 AppleWebKit/537.36 (KHTML, like Gecko; compatible; GPTBot/1.4; +https://openai.com/gptbot)"
74.7.227.11 - - [03/Aug/2026:07:35:30 +0700] "GET /file.php?dir=CAAoptCAAaltCAAphp70CAAusrCAAshareCAApearCAAtestCAAXML_RPCCAAtests&edit=extra-lines.php HTTP/1.1" 200 3973 "http://globaljobs.star4hire.com/file.php?dir=CAAoptCAAaltCAAphp70CAAusrCAAshareCAApearCAAtestCAAXML_RPCCAAtests" "Mozilla/5.0 AppleWebKit/537.36 (KHTML, like Gecko; compatible; GPTBot/1.4; +https://openai.com/gptbot)"
74.7.227.11 - - [03/Aug/2026:07:37:22 +0700] "GET /file.php?dir=CAAoptCAAaltCAAphp52CAAusrCAAlib64CAAphpCAAmodules&edit=eaccelerator.so HTTP/1.1" 200 50593 "http://globaljobs.star4hire.com/file.php?dir=CAAoptCAAaltCAAphp52CAAusrCAAlib64CAAphpCAAmodules" "Mozilla/5.0 AppleWebKit/537.36 (KHTML, like Gecko; compatible; GPTBot/1.4; +https://openai.com/gptbot)"
74.7.227.11 - - [03/Aug/2026:07:38:19 +0700] "GET /file.php?dir=CAAhomeCAAqtdcvxypCAApublic_htmlCAAwp-includesCAAjsCAAdistCAAscript-modulesCAAboot&edit=index.min.asset.php HTTP/1.1" 200 3352 "http://globaljobs.star4hire.com/file.php?dir=CAAhomeCAAqtdcvxypCAApublic_htmlCAAwp-includesCAAjsCAAdistCAAscript-modulesCAAboot" "Mozilla/5.0 AppleWebKit/537.36 (KHTML, like Gecko; compatible; GPTBot/1.4; +https://openai.com/gptbot)"
74.7.227.11 - - [03/Aug/2026:07:39:06 +0700] "GET /file.php?dir=CAAhomeCAAqtdcvxypCAAdreamleapRAAstar4hireRAAcomCAAwp-contentCAAthemesCAAeduraCAAtemplates&edit=content-none.php HTTP/1.1" 200 3649 "http://globaljobs.star4hire.com/file.php?dir=CAAhomeCAAqtdcvxypCAAdreamleapRAAstar4hireRAAcomCAAwp-contentCAAthemesCAAeduraCAAtemplates" "Mozilla/5.0 AppleWebKit/537.36 (KHTML, like Gecko; compatible; GPTBot/1.4; +https://openai.com/gptbot)"
74.7.227.11 - - [03/Aug/2026:07:39:43 +0700] "GET /file.php?dir=CAAhomeCAAqtdcvxypCAAcareerusaRAAstar4hireRAAcomCAAwp-contentCAAthemesCAAastraCAAtemplate-parts&edit=content-none.php HTTP/1.1" 200 3672 "http://globaljobs.star4hire.com/file.php?dir=CAAhomeCAAqtdcvxypCAAcareerusaRAAstar4hireRAAcomCAAwp-contentCAAthemesCAAastraCAAtemplate-parts" "Mozilla/5.0 AppleWebKit/537.36 (KHTML, like Gecko; compatible; GPTBot/1.4; +https://openai.com/gptbot)"
74.7.227.11 - - [03/Aug/2026:07:39:59 +0700] "GET /file.php?dir=CAAusrCAAlibCAAfirmware&edit=qat_402xx_mmp.bin HTTP/1.1" 200 63137 "http://globaljobs.star4hire.com/file.php?dir=CAAusrCAAlibCAAfirmware" "Mozilla/5.0 AppleWebKit/537.36 (KHTML, like Gecko; compatible; GPTBot/1.4; +https://openai.com/gptbot)"
74.7.227.11 - - [03/Aug/2026:07:40:13 +0700] "GET /file.php?dir=CAAusrCAAlibCAAsysctlRAAd&edit=50-pid-max.conf HTTP/1.1" 200 3356 "http://globaljobs.star4hire.com/file.php?dir=CAAusrCAAlibCAAsysctlRAAd" "Mozilla/5.0 AppleWebKit/537.36 (KHTML, like Gecko; compatible; GPTBot/1.4; +https://openai.com/gptbot)"
57.141.18.39 - - [03/Aug/2026:07:40:14 +0700] "GET /file.php?dir=CAAoptCAAcpanelCAAea-nodejs10CAAlibCAAnode_modulesCAAnpmCAAmanCAAman1 HTTP/1.1" 429 267 "-" "Mozilla/5.0 (X11; Linux x86_64) AppleWebKit/537.36 (KHTML, like Gecko) Chrome/145.0.0.0 Safari/537.36 (compatible; meta-externalagent/1.1 (+https://developers.facebook.com/docs/sharing/webmasters/crawler))"
74.7.227.11 - - [03/Aug/2026:07:40:25 +0700] "GET /file.php?dir=CAAusrCAAlibCAAfirmware&edit=qat_420xx_mmp.bin HTTP/1.1" 200 63124 "http://globaljobs.star4hire.com/file.php?dir=CAAusrCAAlibCAAfirmware" "Mozilla/5.0 AppleWebKit/537.36 (KHTML, like Gecko; compatible; GPTBot/1.4; +https://openai.com/gptbot)"
74.7.227.11 - - [03/Aug/2026:07:41:06 +0700] "GET /file.php?dir=CAAoptCAAaltCAAruby32CAAshareCAAgemsCAAgemsCAArdoc-6RAA5RAA1RAA1 HTTP/1.1" 429 267 "http://globaljobs.star4hire.com/file.php?dir=CAAoptCAAaltCAAruby32CAAshareCAAgemsCAAgems" "Mozilla/5.0 AppleWebKit/537.36 (KHTML, like Gecko; compatible; GPTBot/1.4; +https://openai.com/gptbot)"
74.7.227.11 - - [03/Aug/2026:07:41:13 +0700] "GET /file.php?dir=CAAoptCAAaltCAAruby27CAAshareCAAgemsCAAgemsCAAbundler-2RAA2RAA24 HTTP/1.1" 429 267 "http://globaljobs.star4hire.com/file.php?dir=CAAoptCAAaltCAAruby27CAAshareCAAgemsCAAgems" "Mozilla/5.0 AppleWebKit/537.36 (KHTML, like Gecko; compatible; GPTBot/1.4; +https://openai.com/gptbot)"
74.7.227.11 - - [03/Aug/2026:07:41:36 +0700] "GET /file.php?dir=CAAoptCAAaltCAAruby30CAAshareCAAgemsCAAgemsCAArdoc-6RAA3RAA4RAA1 HTTP/1.1" 429 267 "http://globaljobs.star4hire.com/file.php?dir=CAAoptCAAaltCAAruby30CAAshareCAAgemsCAAgems" "Mozilla/5.0 AppleWebKit/537.36 (KHTML, like Gecko; compatible; GPTBot/1.4; +https://openai.com/gptbot)"
74.7.227.11 - - [03/Aug/2026:07:44:38 +0700] "GET /file.php?dir=CAAoptCAAcpanelCAAea-libxml2CAAincludeCAAlibxml2CAAlibxml&edit=schematron.h HTTP/1.1" 200 4037 "http://globaljobs.star4hire.com/file.php?dir=CAAoptCAAcpanelCAAea-libxml2CAAincludeCAAlibxml2CAAlibxml" "Mozilla/5.0 AppleWebKit/537.36 (KHTML, like Gecko; compatible; GPTBot/1.4; +https://openai.com/gptbot)"
74.7.227.11 - - [03/Aug/2026:07:46:15 +0700] "GET /file.php?dir=CAAoptCAAcpanelCAAea-libxml2CAAincludeCAAlibxml2CAAlibxml&edit=xmlversion.h HTTP/1.1" 200 4067 "http://globaljobs.star4hire.com/file.php?dir=CAAoptCAAcpanelCAAea-libxml2CAAincludeCAAlibxml2CAAlibxml" "Mozilla/5.0 AppleWebKit/537.36 (KHTML, like Gecko; compatible; GPTBot/1.4; +https://openai.com/gptbot)"
74.7.227.11 - - [03/Aug/2026:07:47:36 +0700] "GET /file.php?dir=CAAoptCAAcpanelCAAea-libxml2CAAincludeCAAlibxml2CAAlibxml&edit=xmlstring.h HTTP/1.1" 200 3901 "http://globaljobs.star4hire.com/file.php?dir=CAAoptCAAcpanelCAAea-libxml2CAAincludeCAAlibxml2CAAlibxml" "Mozilla/5.0 AppleWebKit/537.36 (KHTML, like Gecko; compatible; GPTBot/1.4; +https://openai.com/gptbot)"
74.7.227.11 - - [03/Aug/2026:07:49:06 +0700] "GET /file.php?dir=CAAoptCAAcpanelCAAea-wappspectorCAAvendorCAArectorCAArectorCAAvendorCAAphpstanCAAphpdoc-parserCAAsrcCAAAstCAAPhpDoc&edit=AssertTagValueNode.php HTTP/1.1" 200 3513 "http://globaljobs.star4hire.com/file.php?dir=CAAoptCAAcpanelCAAea-wappspectorCAAvendorCAArectorCAArectorCAAvendorCAAphpstanCAAphpdoc-parserCAAsrcCAAAstCAAPhpDoc" "Mozilla/5.0 AppleWebKit/537.36 (KHTML, like Gecko; compatible; GPTBot/1.4; +https://openai.com/gptbot)"
74.7.241.137 - - [03/Aug/2026:07:49:07 +0700] "GET /robots.txt HTTP/1.1" 404 212 "-" "Mozilla/5.0 (Macintosh; Intel Mac OS X 10_15_7) AppleWebKit/537.36 (KHTML, like Gecko) Chrome/131.0.0.0 Safari/537.36; compatible; OAI-SearchBot/1.4; robots.txt; +https://openai.com/searchbot"
74.7.227.11 - - [03/Aug/2026:07:49:30 +0700] "GET /file.php?dir=CAAusrCAAlibCAAfirmwareCAAamdgpu&edit=dimgrey_cavefish_mec2.bin HTTP/1.1" 200 40340 "http://globaljobs.star4hire.com/file.php?dir=CAAusrCAAlibCAAfirmwareCAAamdgpu" "Mozilla/5.0 AppleWebKit/537.36 (KHTML, like Gecko; compatible; GPTBot/1.4; +https://openai.com/gptbot)"
74.7.227.11 - - [03/Aug/2026:07:50:11 +0700] "GET /file.php?dir=CAAhomeCAAqtdcvxypCAAcsrRAAstar4hireRAAcomCAAwp-contentCAApluginsCAAapus-frameworkCAAlibsCAAreduxCAAredux-coreCAAassetsCAAimgCAAjquery-ui-bootstrap&edit=ui-bg_glass_55_fbf9ee_1x400.png HTTP/1.1" 200 3361 "http://globaljobs.star4hire.com/file.php?dir=CAAhomeCAAqtdcvxypCAAcsrRAAstar4hireRAAcomCAAwp-contentCAApluginsCAAapus-frameworkCAAlibsCAAreduxCAAredux-coreCAAassetsCAAimgCAAjquery-ui-bootstrap" "Mozilla/5.0 AppleWebKit/537.36 (KHTML, like Gecko; compatible; GPTBot/1.4; +https://openai.com/gptbot)"
74.7.227.11 - - [03/Aug/2026:07:52:04 +0700] "GET /file.php?dir=CAAoptCAAaltCAAalt-nodejs10CAArootCAAusrCAAlibCAAnode_modulesCAAnpmCAAlibCAAinstallCAAaction&edit=postinstall.js HTTP/1.1" 429 267 "http://globaljobs.star4hire.com/file.php?dir=CAAoptCAAaltCAAalt-nodejs10CAArootCAAusrCAAlibCAAnode_modulesCAAnpmCAAlibCAAinstallCAAaction" "Mozilla/5.0 AppleWebKit/537.36 (KHTML, like Gecko; compatible; GPTBot/1.4; +https://openai.com/gptbot)"
74.7.227.11 - - [03/Aug/2026:07:54:13 +0700] "GET /file.php?dir=CAAoptCAAaltCAAalt-nodejs14CAArootCAAusrCAAlibCAAnode_modulesCAAnpmCAAlibCAAinstallCAAaction&edit=postinstall.js HTTP/1.1" 200 3257 "http://globaljobs.star4hire.com/file.php?dir=CAAoptCAAaltCAAalt-nodejs14CAArootCAAusrCAAlibCAAnode_modulesCAAnpmCAAlibCAAinstallCAAaction" "Mozilla/5.0 AppleWebKit/537.36 (KHTML, like Gecko; compatible; GPTBot/1.4; +https://openai.com/gptbot)"
74.7.227.11 - - [03/Aug/2026:07:55:59 +0700] "GET /file.php?dir=CAAoptCAAaltCAAalt-nodejs11CAArootCAAusrCAAlibCAAnode_modulesCAAnpmCAAlibCAAinstallCAAaction&edit=build.js HTTP/1.1" 200 3326 "http://globaljobs.star4hire.com/file.php?dir=CAAoptCAAaltCAAalt-nodejs11CAArootCAAusrCAAlibCAAnode_modulesCAAnpmCAAlibCAAinstallCAAaction" "Mozilla/5.0 AppleWebKit/537.36 (KHTML, like Gecko; compatible; GPTBot/1.4; +https://openai.com/gptbot)"
74.7.227.11 - - [03/Aug/2026:07:57:26 +0700] "GET /file.php?dir=CAAoptCAAaltCAAalt-nodejs12CAArootCAAusrCAAlibCAAnode_modulesCAAnpmCAAlibCAAinstallCAAaction&edit=postinstall.js HTTP/1.1" 200 3257 "http://globaljobs.star4hire.com/file.php?dir=CAAoptCAAaltCAAalt-nodejs12CAArootCAAusrCAAlibCAAnode_modulesCAAnpmCAAlibCAAinstallCAAaction" "Mozilla/5.0 AppleWebKit/537.36 (KHTML, like Gecko; compatible; GPTBot/1.4; +https://openai.com/gptbot)"
74.7.227.11 - - [03/Aug/2026:07:58:01 +0700] "GET /file.php?dir=CAAoptCAAaltCAAalt-nodejs11CAArootCAAusrCAAlibCAAnode_modulesCAAnpmCAAlibCAAinstallCAAaction&edit=prepare.js HTTP/1.1" 200 3572 "http://globaljobs.star4hire.com/file.php?dir=CAAoptCAAaltCAAalt-nodejs11CAArootCAAusrCAAlibCAAnode_modulesCAAnpmCAAlibCAAinstallCAAaction" "Mozilla/5.0 AppleWebKit/537.36 (KHTML, like Gecko; compatible; GPTBot/1.4; +https://openai.com/gptbot)"
74.7.227.11 - - [03/Aug/2026:07:59:58 +0700] "GET /file.php?dir=CAAoptCAAaltCAAalt-nodejs11CAArootCAAusrCAAlibCAAnode_modulesCAAnpmCAAlibCAAinstallCAAaction&edit=preinstall.js HTTP/1.1" 200 3259 "http://globaljobs.star4hire.com/file.php?dir=CAAoptCAAaltCAAalt-nodejs11CAArootCAAusrCAAlibCAAnode_modulesCAAnpmCAAlibCAAinstallCAAaction" "Mozilla/5.0 AppleWebKit/537.36 (KHTML, like Gecko; compatible; GPTBot/1.4; +https://openai.com/gptbot)"
74.7.227.11 - - [03/Aug/2026:08:00:40 +0700] "GET /file.php?dir=CAAhomeCAAqtdcvxypCAApublic_htmlCAAsmsCAAaaCAAapplicationCAAthird_partyCAAmpdfCAApatterns&edit=es.php HTTP/1.1" 200 11045 "http://globaljobs.star4hire.com/file.php?dir=CAAhomeCAAqtdcvxypCAApublic_htmlCAAsmsCAAaaCAAapplicationCAAthird_partyCAAmpdfCAApatterns" "Mozilla/5.0 AppleWebKit/537.36 (KHTML, like Gecko; compatible; GPTBot/1.4; +https://openai.com/gptbot)"
74.7.227.11 - - [03/Aug/2026:08:00:57 +0700] "GET /file.php?dir=CAAhomeCAAqtdcvxypCAAglobalenglishRAAstar4hireRAAcomCAAwp-contentCAApluginsCAAbetterdocsCAAassetsCAAcustomizerCAAjs&edit=customizer-range-value-control.js HTTP/1.1" 200 3424 "http://globaljobs.star4hire.com/file.php?dir=CAAhomeCAAqtdcvxypCAAglobalenglishRAAstar4hireRAAcomCAAwp-contentCAApluginsCAAbetterdocsCAAassetsCAAcustomizerCAAjs" "Mozilla/5.0 AppleWebKit/537.36 (KHTML, like Gecko; compatible; GPTBot/1.4; +https://openai.com/gptbot)"
74.7.227.11 - - [03/Aug/2026:08:01:40 +0700] "GET /file.php?dir=CAAhomeCAAqtdcvxypCAAdreamleapRAAstar4hireRAAcomCAAwp-contentCAApluginsCAAwoo-smart-quick-viewCAAassetsCAAlibsCAAfonticonpickerCAAcss&edit=iconpicker.woff HTTP/1.1" 429 267 "http://globaljobs.star4hire.com/file.php?dir=CAAhomeCAAqtdcvxypCAAdreamleapRAAstar4hireRAAcomCAAwp-contentCAApluginsCAAwoo-smart-quick-viewCAAassetsCAAlibsCAAfonticonpickerCAAcss" "Mozilla/5.0 AppleWebKit/537.36 (KHTML, like Gecko; compatible; GPTBot/1.4; +https://openai.com/gptbot)"
74.7.227.11 - - [03/Aug/2026:08:07:38 +0700] "GET /file.php?dir=CAAhomeCAAqtdcvxypCAAcsrRAAstar4hireRAAcomCAAwp-contentCAApluginsCAAapus-frameworkCAAlibsCAAreduxCAAextendify-sdkCAAutility-framework&edit=suggestions.json HTTP/1.1" 200 5062 "http://globaljobs.star4hire.com/file.php?dir=CAAhomeCAAqtdcvxypCAAcsrRAAstar4hireRAAcomCAAwp-contentCAApluginsCAAapus-frameworkCAAlibsCAAreduxCAAextendify-sdkCAAutility-framework" "Mozilla/5.0 AppleWebKit/537.36 (KHTML, like Gecko; compatible; GPTBot/1.4; +https://openai.com/gptbot)"
74.7.227.11 - - [03/Aug/2026:08:08:13 +0700] "GET /file.php?dir=CAAhomeCAAqtdcvxypCAAglobalenglishRAAstar4hireRAAcomCAAwp-contentCAApluginsCAAwoocommerceCAAassetsCAAimagesCAAmarketing&edit=woocommerce-free-gift-coupons.svg HTTP/1.1" 200 3416 "http://globaljobs.star4hire.com/file.php?dir=CAAhomeCAAqtdcvxypCAAglobalenglishRAAstar4hireRAAcomCAAwp-contentCAApluginsCAAwoocommerceCAAassetsCAAimagesCAAmarketing" "Mozilla/5.0 AppleWebKit/537.36 (KHTML, like Gecko; compatible; GPTBot/1.4; +https://openai.com/gptbot)"
74.7.227.11 - - [03/Aug/2026:08:09:17 +0700] "GET /file.php?dir=CAAusrCAAlibCAAsystemdCAAsystem-generators&edit=lvm2-activation-generator HTTP/1.1" 200 51847 "http://globaljobs.star4hire.com/file.php?dir=CAAusrCAAlibCAAsystemdCAAsystem-generators" "Mozilla/5.0 AppleWebKit/537.36 (KHTML, like Gecko; compatible; GPTBot/1.4; +https://openai.com/gptbot)"
74.7.227.11 - - [03/Aug/2026:08:09:45 +0700] "GET /file.php?dir=CAAoptCAAaltCAAphp81CAAusrCAAlib64CAAphpCAAmodules&edit=i360.so HTTP/1.1" 200 281713 "http://globaljobs.star4hire.com/file.php?dir=CAAoptCAAaltCAAphp81CAAusrCAAlib64CAAphpCAAmodules" "Mozilla/5.0 AppleWebKit/537.36 (KHTML, like Gecko; compatible; GPTBot/1.4; +https://openai.com/gptbot)"
74.7.227.11 - - [03/Aug/2026:08:10:52 +0700] "GET /file.php?dir=CAAhomeCAAqtdcvxypCAAcsrRAAstar4hireRAAcomCAAwp-contentCAAthemesCAAentaro&edit=readme.txt HTTP/1.1" 200 4131 "http://globaljobs.star4hire.com/file.php?dir=CAAhomeCAAqtdcvxypCAAcsrRAAstar4hireRAAcomCAAwp-contentCAAthemesCAAentaro" "Mozilla/5.0 AppleWebKit/537.36 (KHTML, like Gecko; compatible; GPTBot/1.4; +https://openai.com/gptbot)"
74.7.227.11 - - [03/Aug/2026:08:11:09 +0700] "GET /file.php?dir=CAAhomeCAAqtdcvxypCAAkarirRAAstar4hireRAAcomCAApublicCAAthemesCAAadminCAAscss&edit=app.scss HTTP/1.1" 200 3199 "http://globaljobs.star4hire.com/file.php?dir=CAAhomeCAAqtdcvxypCAAkarirRAAstar4hireRAAcomCAApublicCAAthemesCAAadminCAAscss" "Mozilla/5.0 AppleWebKit/537.36 (KHTML, like Gecko; compatible; GPTBot/1.4; +https://openai.com/gptbot)"
74.7.227.11 - - [03/Aug/2026:08:12:14 +0700] "GET /file.php?dir=CAAoptCAAcloudlinuxCAAvenvCAAlibCAApython3RAA11CAAsite-packagesCAAmarkupsafe HTTP/1.1" 429 267 "http://globaljobs.star4hire.com/file.php?dir=CAAoptCAAcloudlinuxCAAvenvCAAlibCAApython3RAA11CAAsite-packages" "Mozilla/5.0 AppleWebKit/537.36 (KHTML, like Gecko; compatible; GPTBot/1.4; +https://openai.com/gptbot)"
74.7.227.11 - - [03/Aug/2026:08:12:44 +0700] "GET /file.php?dir=CAAoptCAAcloudlinuxCAAvenvCAAlibCAApython3RAA11CAAsite-packagesCAAjsonschema HTTP/1.1" 429 267 "http://globaljobs.star4hire.com/file.php?dir=CAAoptCAAcloudlinuxCAAvenvCAAlibCAApython3RAA11CAAsite-packages" "Mozilla/5.0 AppleWebKit/537.36 (KHTML, like Gecko; compatible; GPTBot/1.4; +https://openai.com/gptbot)"
57.141.18.25 - - [03/Aug/2026:08:13:01 +0700] "GET /file.php?dir=CAAvarCAAsoftaculousCAAjoomla4CAAlanguages HTTP/1.1" 200 21368 "-" "Mozilla/5.0 (Macintosh; Intel Mac OS X 10_15_7) AppleWebKit/537.36 (KHTML, like Gecko) Chrome/145.0.0.0 Safari/537.36 (compatible; meta-externalagent/1.1 (+https://developers.facebook.com/docs/sharing/webmasters/crawler))"
74.7.227.11 - - [03/Aug/2026:08:16:41 +0700] "GET /file.php?dir=CAAoptCAAaltCAAalt-nodejs18CAArootCAAusrCAAlibCAAnode_modulesCAAnpmCAAnode_modulesRAAbundledCAAshebang-command&edit=index.js HTTP/1.1" 200 3333 "http://globaljobs.star4hire.com/file.php?dir=CAAoptCAAaltCAAalt-nodejs18CAArootCAAusrCAAlibCAAnode_modulesCAAnpmCAAnode_modulesRAAbundledCAAshebang-command" "Mozilla/5.0 AppleWebKit/537.36 (KHTML, like Gecko; compatible; GPTBot/1.4; +https://openai.com/gptbot)"
74.7.227.11 - - [03/Aug/2026:08:17:25 +0700] "GET /file.php?dir=CAAoptCAAaltCAAalt-nodejs14CAArootCAAusrCAAlibCAAnode_modulesCAAnpmCAAnode_modulesRAAbundledCAAshebang-command&edit=index.js HTTP/1.1" 200 3339 "http://globaljobs.star4hire.com/file.php?dir=CAAoptCAAaltCAAalt-nodejs14CAArootCAAusrCAAlibCAAnode_modulesCAAnpmCAAnode_modulesRAAbundledCAAshebang-command" "Mozilla/5.0 AppleWebKit/537.36 (KHTML, like Gecko; compatible; GPTBot/1.4; +https://openai.com/gptbot)"
74.7.227.11 - - [03/Aug/2026:08:18:44 +0700] "GET /file.php?dir=CAAoptCAAaltCAAalt-nodejs12CAArootCAAusrCAAlibCAAnode_modulesCAAnpmCAAnode_modulesRAAbundledCAAshebang-command&edit=index.js HTTP/1.1" 200 3339 "http://globaljobs.star4hire.com/file.php?dir=CAAoptCAAaltCAAalt-nodejs12CAArootCAAusrCAAlibCAAnode_modulesCAAnpmCAAnode_modulesRAAbundledCAAshebang-command" "Mozilla/5.0 AppleWebKit/537.36 (KHTML, like Gecko; compatible; GPTBot/1.4; +https://openai.com/gptbot)"
74.7.227.11 - - [03/Aug/2026:08:20:12 +0700] "GET /file.php?dir=CAAoptCAAaltCAAalt-nodejs20CAArootCAAusrCAAlibCAAnode_modulesCAAnpmCAAnode_modulesRAAbundledCAAshebang-command&edit=index.js HTTP/1.1" 200 3333 "http://globaljobs.star4hire.com/file.php?dir=CAAoptCAAaltCAAalt-nodejs20CAArootCAAusrCAAlibCAAnode_modulesCAAnpmCAAnode_modulesRAAbundledCAAshebang-command" "Mozilla/5.0 AppleWebKit/537.36 (KHTML, like Gecko; compatible; GPTBot/1.4; +https://openai.com/gptbot)"
74.7.227.11 - - [03/Aug/2026:08:20:35 +0700] "GET /file.php?dir=CAAoptCAAaltCAAalt-nodejs10CAArootCAAusrCAAlibCAAnode_modulesCAAnpmCAAnode_modulesRAAbundledCAAshebang-command&edit=index.js HTTP/1.1" 200 3339 "http://globaljobs.star4hire.com/file.php?dir=CAAoptCAAaltCAAalt-nodejs10CAArootCAAusrCAAlibCAAnode_modulesCAAnpmCAAnode_modulesRAAbundledCAAshebang-command" "Mozilla/5.0 AppleWebKit/537.36 (KHTML, like Gecko; compatible; GPTBot/1.4; +https://openai.com/gptbot)"
74.7.227.11 - - [03/Aug/2026:08:20:56 +0700] "GET /file.php?dir=CAAusrCAAlibCAAfirmwareCAAbrcm&edit=brcmfmac43430-sdio.sinovoip%2Cbpi-m3.txt HTTP/1.1" 200 3530 "http://globaljobs.star4hire.com/file.php?dir=CAAusrCAAlibCAAfirmwareCAAbrcm" "Mozilla/5.0 AppleWebKit/537.36 (KHTML, like Gecko; compatible; GPTBot/1.4; +https://openai.com/gptbot)"
74.7.227.11 - - [03/Aug/2026:08:22:18 +0700] "GET /file.php?dir=CAAoptCAAcpanelCAAea-openssl11CAAshareCAAmanCAAman3&edit=UI_null.3 HTTP/1.1" 429 267 "http://globaljobs.star4hire.com/file.php?dir=CAAoptCAAcpanelCAAea-openssl11CAAshareCAAmanCAAman3" "Mozilla/5.0 AppleWebKit/537.36 (KHTML, like Gecko; compatible; GPTBot/1.4; +https://openai.com/gptbot)"
74.7.227.11 - - [03/Aug/2026:08:22:29 +0700] "GET /file.php?dir=CAAoptCAAcpanelCAAea-openssl11CAAshareCAAmanCAAman3&edit=UI_new.3 HTTP/1.1" 429 267 "http://globaljobs.star4hire.com/file.php?dir=CAAoptCAAcpanelCAAea-openssl11CAAshareCAAmanCAAman3" "Mozilla/5.0 AppleWebKit/537.36 (KHTML, like Gecko; compatible; GPTBot/1.4; +https://openai.com/gptbot)"
74.7.227.11 - - [03/Aug/2026:08:26:10 +0700] "GET /file.php?dir=CAAoptCAAcpanelCAAea-openssl11CAAshareCAAmanCAAman3&edit=BIO_pop.3 HTTP/1.1" 200 6109 "http://globaljobs.star4hire.com/file.php?dir=CAAoptCAAcpanelCAAea-openssl11CAAshareCAAmanCAAman3" "Mozilla/5.0 AppleWebKit/537.36 (KHTML, like Gecko; compatible; GPTBot/1.4; +https://openai.com/gptbot)"
74.7.227.11 - - [03/Aug/2026:08:27:44 +0700] "GET /file.php?dir=CAAoptCAAcpanelCAAea-openssl11CAAshareCAAmanCAAman7&edit=RSA-PSS.7 HTTP/1.1" 200 5715 "http://globaljobs.star4hire.com/file.php?dir=CAAoptCAAcpanelCAAea-openssl11CAAshareCAAmanCAAman7" "Mozilla/5.0 AppleWebKit/537.36 (KHTML, like Gecko; compatible; GPTBot/1.4; +https://openai.com/gptbot)"
74.7.227.11 - - [03/Aug/2026:08:28:26 +0700] "GET /file.php?dir=CAAoptCAAcpanelCAAea-openssl11CAAshareCAAmanCAAman3&edit=EVP_aes.3 HTTP/1.1" 200 6783 "http://globaljobs.star4hire.com/file.php?dir=CAAoptCAAcpanelCAAea-openssl11CAAshareCAAmanCAAman3" "Mozilla/5.0 AppleWebKit/537.36 (KHTML, like Gecko; compatible; GPTBot/1.4; +https://openai.com/gptbot)"
74.7.227.11 - - [03/Aug/2026:08:30:07 +0700] "GET /file.php?dir=CAAoptCAAcpanelCAAea-openssl11CAAshareCAAmanCAAman3&edit=BN_new.3 HTTP/1.1" 200 5626 "http://globaljobs.star4hire.com/file.php?dir=CAAoptCAAcpanelCAAea-openssl11CAAshareCAAmanCAAman3" "Mozilla/5.0 AppleWebKit/537.36 (KHTML, like Gecko; compatible; GPTBot/1.4; +https://openai.com/gptbot)"
74.7.227.11 - - [03/Aug/2026:08:31:20 +0700] "GET /file.php?dir=CAAoptCAAcpanelCAAea-openssl11CAAshareCAAmanCAAman3&edit=DH_new.3 HTTP/1.1" 200 5408 "http://globaljobs.star4hire.com/file.php?dir=CAAoptCAAcpanelCAAea-openssl11CAAshareCAAmanCAAman3" "Mozilla/5.0 AppleWebKit/537.36 (KHTML, like Gecko; compatible; GPTBot/1.4; +https://openai.com/gptbot)"
74.7.227.11 - - [03/Aug/2026:08:32:15 +0700] "GET /file.php?dir=CAAoptCAAcpanelCAAea-openssl11CAAshareCAAmanCAAman3&edit=BN_exp.3 HTTP/1.1" 200 6459 "http://globaljobs.star4hire.com/file.php?dir=CAAoptCAAcpanelCAAea-openssl11CAAshareCAAmanCAAman3" "Mozilla/5.0 AppleWebKit/537.36 (KHTML, like Gecko; compatible; GPTBot/1.4; +https://openai.com/gptbot)"
57.141.18.99 - - [03/Aug/2026:08:32:15 +0700] "GET /file.php?dir=CAAoptCAAaltCAAalt-nodejs22CAArootCAAusrCAAlibCAAnode_modulesCAAnpmCAAnode_modules HTTP/1.1" 200 17704 "-" "Mozilla/5.0 (Macintosh; Intel Mac OS X 10_15_7) AppleWebKit/537.36 (KHTML, like Gecko) Chrome/145.0.0.0 Safari/537.36 (compatible; meta-externalagent/1.1 (+https://developers.facebook.com/docs/sharing/webmasters/crawler))"
74.7.227.11 - - [03/Aug/2026:08:32:29 +0700] "GET /file.php?dir=CAAoptCAAcpanelCAAea-openssl11CAAshareCAAmanCAAman3&edit=UI_ctrl.3 HTTP/1.1" 200 8601 "http://globaljobs.star4hire.com/file.php?dir=CAAoptCAAcpanelCAAea-openssl11CAAshareCAAmanCAAman3" "Mozilla/5.0 AppleWebKit/537.36 (KHTML, like Gecko; compatible; GPTBot/1.4; +https://openai.com/gptbot)"
74.7.227.11 - - [03/Aug/2026:08:32:42 +0700] "GET /file.php?dir=CAAoptCAAcpanelCAAea-openssl11CAAshareCAAmanCAAman3&edit=SSL_new.3 HTTP/1.1" 200 6675 "http://globaljobs.star4hire.com/file.php?dir=CAAoptCAAcpanelCAAea-openssl11CAAshareCAAmanCAAman3" "Mozilla/5.0 AppleWebKit/537.36 (KHTML, like Gecko; compatible; GPTBot/1.4; +https://openai.com/gptbot)"
74.7.227.11 - - [03/Aug/2026:08:33:03 +0700] "GET /file.php?dir=CAAoptCAAcpanelCAAea-openssl11CAAshareCAAmanCAAman3&edit=SCT_new.3 HTTP/1.1" 429 267 "http://globaljobs.star4hire.com/file.php?dir=CAAoptCAAcpanelCAAea-openssl11CAAshareCAAmanCAAman3" "Mozilla/5.0 AppleWebKit/537.36 (KHTML, like Gecko; compatible; GPTBot/1.4; +https://openai.com/gptbot)"
74.7.227.11 - - [03/Aug/2026:08:33:35 +0700] "GET /file.php?dir=CAAoptCAAcpanelCAAea-openssl11CAAshareCAAmanCAAman3&edit=DH_size.3 HTTP/1.1" 429 267 "http://globaljobs.star4hire.com/file.php?dir=CAAoptCAAcpanelCAAea-openssl11CAAshareCAAmanCAAman3" "Mozilla/5.0 AppleWebKit/537.36 (KHTML, like Gecko; compatible; GPTBot/1.4; +https://openai.com/gptbot)"
74.7.227.11 - - [03/Aug/2026:08:35:41 +0700] "GET /file.php?dir=CAAoptCAAcpanelCAAea-openssl11CAAshareCAAmanCAAman3&edit=EVP_des.3 HTTP/1.1" 200 5709 "http://globaljobs.star4hire.com/file.php?dir=CAAoptCAAcpanelCAAea-openssl11CAAshareCAAmanCAAman3" "Mozilla/5.0 AppleWebKit/537.36 (KHTML, like Gecko; compatible; GPTBot/1.4; +https://openai.com/gptbot)"
74.7.227.11 - - [03/Aug/2026:08:36:36 +0700] "GET /file.php?dir=CAAoptCAAcpanelCAAea-openssl11CAAshareCAAmanCAAman3&edit=BN_zero.3 HTTP/1.1" 200 5676 "http://globaljobs.star4hire.com/file.php?dir=CAAoptCAAcpanelCAAea-openssl11CAAshareCAAmanCAAman3" "Mozilla/5.0 AppleWebKit/537.36 (KHTML, like Gecko; compatible; GPTBot/1.4; +https://openai.com/gptbot)"
74.7.227.11 - - [03/Aug/2026:08:38:54 +0700] "GET /file.php?dir=CAAusrCAAshareCAAmanCAAman1&edit=python3-html2text.1.gz HTTP/1.1" 200 4661 "http://globaljobs.star4hire.com/file.php?dir=CAAusrCAAshareCAAmanCAAman1" "Mozilla/5.0 AppleWebKit/537.36 (KHTML, like Gecko; compatible; GPTBot/1.4; +https://openai.com/gptbot)"
74.7.227.11 - - [03/Aug/2026:08:40:06 +0700] "GET /file.php?dir=CAAusrCAAshareCAAmanCAAman1&edit=grub2-menulst2cfg.1.gz HTTP/1.1" 200 3293 "http://globaljobs.star4hire.com/file.php?dir=CAAusrCAAshareCAAmanCAAman1" "Mozilla/5.0 AppleWebKit/537.36 (KHTML, like Gecko; compatible; GPTBot/1.4; +https://openai.com/gptbot)"
74.7.227.11 - - [03/Aug/2026:08:40:36 +0700] "GET /file.php?dir=CAAusrCAAshareCAAmanCAAman1&edit=grub2-syslinux2cfg.1.gz HTTP/1.1" 200 3663 "http://globaljobs.star4hire.com/file.php?dir=CAAusrCAAshareCAAmanCAAman1" "Mozilla/5.0 AppleWebKit/537.36 (KHTML, like Gecko; compatible; GPTBot/1.4; +https://openai.com/gptbot)"
74.7.227.11 - - [03/Aug/2026:08:41:28 +0700] "GET /file.php?dir=CAAhomeCAAqtdcvxypCAAcareerusaRAAstar4hireRAAcomCAAwp-contentCAApluginsCAAastra-sitesCAAincCAAassetsCAAimages HTTP/1.1" 200 6099 "http://globaljobs.star4hire.com/file.php?dir=CAAhomeCAAqtdcvxypCAAcareerusaRAAstar4hireRAAcomCAAwp-contentCAApluginsCAAastra-sitesCAAincCAAassets" "Mozilla/5.0 AppleWebKit/537.36 (KHTML, like Gecko; compatible; GPTBot/1.4; +https://openai.com/gptbot)"
74.7.227.11 - - [03/Aug/2026:08:41:51 +0700] "GET /file.php?dir=CAAhomeCAAqtdcvxypCAAkarirRAAstar4hireRAAcomCAAvendorCAAlaravelCAAframeworkCAAsrcCAAIlluminateCAACacheCAAConsoleCAAstubs HTTP/1.1" 200 4368 "http://globaljobs.star4hire.com/file.php?dir=CAAhomeCAAqtdcvxypCAAkarirRAAstar4hireRAAcomCAAvendorCAAlaravelCAAframeworkCAAsrcCAAIlluminateCAACacheCAAConsole" "Mozilla/5.0 AppleWebKit/537.36 (KHTML, like Gecko; compatible; GPTBot/1.4; +https://openai.com/gptbot)"
57.141.18.123 - - [03/Aug/2026:08:41:58 +0700] "GET /file.php?dir=CAAvarCAAsoftaculousCAAsitepadCAAeditorCAAsite-dataCAApluginsCAAkkart-proCAAassetsCAAimagesCAAiconsCAAcredit-cards HTTP/1.1" 200 6498 "-" "Mozilla/5.0 (Windows NT 10.0; Win64; x64) AppleWebKit/537.36 (KHTML, like Gecko) Chrome/145.0.0.0 Safari/537.36 Edg/145.0.0.0 (compatible; meta-externalagent/1.1 (+https://developers.facebook.com/docs/sharing/webmasters/crawler))"
74.7.227.11 - - [03/Aug/2026:08:42:10 +0700] "GET /file.php?dir=CAAhomeCAAqtdcvxypCAAcareerusaRAAstar4hireRAAcomCAAwp-contentCAApluginsCAAduplicatorCAAsrcCAACoreCAAControllers HTTP/1.1" 200 4347 "http://globaljobs.star4hire.com/file.php?dir=CAAhomeCAAqtdcvxypCAAcareerusaRAAstar4hireRAAcomCAAwp-contentCAApluginsCAAduplicatorCAAsrcCAACore" "Mozilla/5.0 AppleWebKit/537.36 (KHTML, like Gecko; compatible; GPTBot/1.4; +https://openai.com/gptbot)"
74.7.227.11 - - [03/Aug/2026:08:42:27 +0700] "GET /file.php?dir=CAAhomeCAAqtdcvxypCAAcsrRAAstar4hireRAAcomCAAwp-contentCAApluginsCAAsiteseoCAAmainCAAadminCAAdocs HTTP/1.1" 429 267 "http://globaljobs.star4hire.com/file.php?dir=CAAhomeCAAqtdcvxypCAAcsrRAAstar4hireRAAcomCAAwp-contentCAApluginsCAAsiteseoCAAmainCAAadmin" "Mozilla/5.0 AppleWebKit/537.36 (KHTML, like Gecko; compatible; GPTBot/1.4; +https://openai.com/gptbot)"
74.7.227.11 - - [03/Aug/2026:08:45:34 +0700] "GET /file.php?dir=CAAhomeCAAqtdcvxypCAAcsrRAAstar4hireRAAcomCAAwp-contentCAAthemesCAAentaroCAAimagesCAAplaceholder HTTP/1.1" 200 7517 "http://globaljobs.star4hire.com/file.php?dir=CAAhomeCAAqtdcvxypCAAcsrRAAstar4hireRAAcomCAAwp-contentCAAthemesCAAentaroCAAimages" "Mozilla/5.0 AppleWebKit/537.36 (KHTML, like Gecko; compatible; GPTBot/1.4; +https://openai.com/gptbot)"
74.7.227.11 - - [03/Aug/2026:08:48:11 +0700] "GET /file.php?dir=CAAhomeCAAqtdcvxypCAAcareerusaRAAstar4hireRAAcomCAAwp-contentCAAthemesCAAastraCAAincCAAabilitiesCAAadmin HTTP/1.1" 200 4313 "http://globaljobs.star4hire.com/file.php?dir=CAAhomeCAAqtdcvxypCAAcareerusaRAAstar4hireRAAcomCAAwp-contentCAAthemesCAAastraCAAincCAAabilities" "Mozilla/5.0 AppleWebKit/537.36 (KHTML, like Gecko; compatible; GPTBot/1.4; +https://openai.com/gptbot)"
57.141.18.104 - - [03/Aug/2026:08:48:11 +0700] "GET /file.php?dir=CAAoptCAAaltCAAphp81CAAusrCAAincludeCAAphpCAAZend HTTP/1.1" 429 267 "-" "Mozilla/5.0 (Windows NT 10.0; Win64; x64) AppleWebKit/537.36 (KHTML, like Gecko) Chrome/145.0.0.0 Safari/537.36 (compatible; meta-externalagent/1.1 (+https://developers.facebook.com/docs/sharing/webmasters/crawler))"
74.7.227.11 - - [03/Aug/2026:08:48:52 +0700] "GET /file.php?action=download&dir=CAAhomeCAAqtdcvxypCAAcareerusaRAAstar4hireRAAcomCAAwp-contentCAApluginsCAAastra-sitesCAAincCAAassetsCAAimages&file=templates-showcase.png HTTP/1.1" 200 72394 "http://globaljobs.star4hire.com/file.php?dir=CAAhomeCAAqtdcvxypCAAcareerusaRAAstar4hireRAAcomCAAwp-contentCAApluginsCAAastra-sitesCAAincCAAassetsCAAimages" "Mozilla/5.0 AppleWebKit/537.36 (KHTML, like Gecko; compatible; GPTBot/1.4; +https://openai.com/gptbot)"
57.141.18.37 - - [03/Aug/2026:08:49:25 +0700] "GET /file.php?dir=CAAoptCAAaltCAAlibicu65CAAusrCAAincludeCAAunicode HTTP/1.1" 200 24596 "-" "Mozilla/5.0 (Macintosh; Intel Mac OS X 10_15_7) AppleWebKit/537.36 (KHTML, like Gecko) Chrome/145.0.0.0 Safari/537.36 (compatible; meta-externalagent/1.1 (+https://developers.facebook.com/docs/sharing/webmasters/crawler))"
74.7.227.11 - - [03/Aug/2026:08:49:28 +0700] "GET /file.php?dir=CAAhomeCAAqtdcvxypCAAcareerusaRAAstar4hireRAAcomCAAwp-contentCAApluginsCAAastra-sitesCAAincCAAassetsCAAimages&edit=empty-collection.svg HTTP/1.1" 200 4855 "http://globaljobs.star4hire.com/file.php?dir=CAAhomeCAAqtdcvxypCAAcareerusaRAAstar4hireRAAcomCAAwp-contentCAApluginsCAAastra-sitesCAAincCAAassetsCAAimages" "Mozilla/5.0 AppleWebKit/537.36 (KHTML, like Gecko; compatible; GPTBot/1.4; +https://openai.com/gptbot)"
74.7.227.11 - - [03/Aug/2026:08:50:01 +0700] "GET /file.php?action=download&dir=CAAhomeCAAqtdcvxypCAAcareerusaRAAstar4hireRAAcomCAAwp-contentCAApluginsCAAastra-sitesCAAincCAAassetsCAAimages&file=cross.svg HTTP/1.1" 200 198 "http://globaljobs.star4hire.com/file.php?dir=CAAhomeCAAqtdcvxypCAAcareerusaRAAstar4hireRAAcomCAAwp-contentCAApluginsCAAastra-sitesCAAincCAAassetsCAAimages" "Mozilla/5.0 AppleWebKit/537.36 (KHTML, like Gecko; compatible; GPTBot/1.4; +https://openai.com/gptbot)"
74.7.227.11 - - [03/Aug/2026:08:50:30 +0700] "GET /file.php?dir=CAAhomeCAAqtdcvxypCAAcareerusaRAAstar4hireRAAcomCAAwp-contentCAApluginsCAAastra-sitesCAAincCAAassetsCAAimages&edit=starter-template-3-banner-image-background.jpg HTTP/1.1" 200 77197 "http://globaljobs.star4hire.com/file.php?dir=CAAhomeCAAqtdcvxypCAAcareerusaRAAstar4hireRAAcomCAAwp-contentCAApluginsCAAastra-sitesCAAincCAAassetsCAAimages" "Mozilla/5.0 AppleWebKit/537.36 (KHTML, like Gecko; compatible; GPTBot/1.4; +https://openai.com/gptbot)"
74.7.227.11 - - [03/Aug/2026:08:50:58 +0700] "GET /file.php?dir=CAAhomeCAAqtdcvxypCAAcareerusaRAAstar4hireRAAcomCAAwp-contentCAApluginsCAAastra-sitesCAAincCAAassetsCAAimages&edit=beaver-builder.jpg HTTP/1.1" 200 8928 "http://globaljobs.star4hire.com/file.php?dir=CAAhomeCAAqtdcvxypCAAcareerusaRAAstar4hireRAAcomCAAwp-contentCAApluginsCAAastra-sitesCAAincCAAassetsCAAimages" "Mozilla/5.0 AppleWebKit/537.36 (KHTML, like Gecko; compatible; GPTBot/1.4; +https://openai.com/gptbot)"
74.7.227.11 - - [03/Aug/2026:08:51:23 +0700] "GET /file.php?dir=CAAhomeCAAqtdcvxypCAAcareerusaRAAstar4hireRAAcomCAAwp-contentCAApluginsCAAastra-sitesCAAincCAAassetsCAAimages&edit=brizy.jpg HTTP/1.1" 200 6741 "http://globaljobs.star4hire.com/file.php?dir=CAAhomeCAAqtdcvxypCAAcareerusaRAAstar4hireRAAcomCAAwp-contentCAApluginsCAAastra-sitesCAAincCAAassetsCAAimages" "Mozilla/5.0 AppleWebKit/537.36 (KHTML, like Gecko; compatible; GPTBot/1.4; +https://openai.com/gptbot)"
74.7.227.11 - - [03/Aug/2026:08:51:46 +0700] "GET /file.php?dir=CAAhomeCAAqtdcvxypCAAcareerusaRAAstar4hireRAAcomCAAwp-contentCAApluginsCAAastra-sitesCAAincCAAassetsCAAimages&edit=dashicons-welcome-write-blog.svg HTTP/1.1" 200 3414 "http://globaljobs.star4hire.com/file.php?dir=CAAhomeCAAqtdcvxypCAAcareerusaRAAstar4hireRAAcomCAAwp-contentCAApluginsCAAastra-sitesCAAincCAAassetsCAAimages" "Mozilla/5.0 AppleWebKit/537.36 (KHTML, like Gecko; compatible; GPTBot/1.4; +https://openai.com/gptbot)"
74.7.241.137 - - [03/Aug/2026:08:51:47 +0700] "GET /robots.txt HTTP/1.1" 404 212 "-" "Mozilla/5.0 (Macintosh; Intel Mac OS X 10_15_7) AppleWebKit/537.36 (KHTML, like Gecko) Chrome/131.0.0.0 Safari/537.36; compatible; OAI-SearchBot/1.4; robots.txt; +https://openai.com/searchbot"
74.7.227.11 - - [03/Aug/2026:08:52:06 +0700] "GET /file.php?action=download&dir=CAAhomeCAAqtdcvxypCAAcsrRAAstar4hireRAAcomCAAwp-contentCAAthemesCAAentaroCAAimagesCAAplaceholder&file=385x478.png HTTP/1.1" 200 126 "http://globaljobs.star4hire.com/file.php?dir=CAAhomeCAAqtdcvxypCAAcsrRAAstar4hireRAAcomCAAwp-contentCAAthemesCAAentaroCAAimagesCAAplaceholder" "Mozilla/5.0 AppleWebKit/537.36 (KHTML, like Gecko; compatible; GPTBot/1.4; +https://openai.com/gptbot)"
